172.241.247.195 - - [17/Sep/2022:23:14:04 -0700] "GET /blog/?p=17 HTTP/1.1" 200 5523 "http://site.gwheellift.com/" "PHP/{5|6|7}.{3|2}.{1|2|3|4|5|6|7|8|9|0}{1|2|3|4|5|6|7|8|9|0}" "site.gwheellift.com"
172.241.247.195 - - [17/Sep/2022:23:14:06 -0700] "POST /blog/xmlrpc.php HTTP/1.1" 200 42 "http://site.gwheellift.com/" "PHP/5.3.22" "site.gwheellift.com"
172.241.247.195 - - [17/Sep/2022:23:14:06 -0700] "GET /blog/?p=17 HTTP/1.1" 200 5523 "-" "PHP/5.3.22" "site.gwheellift.com"
180.243.12.131 - - [17/Sep/2022:23:26:15 -0700] "GET /blog/?p=17 HTTP/1.1" 200 5523 "-" "Mozilla/5.0 (Windows NT 10.0; Win64; x64) AppleWebKit/537.36 (KHTML, like Gecko) Chrome/103.0.0.0 Safari/537.36 Vivaldi/5.3.2679.68" "site.gwheellift.com"
172.241.235.182 - - [17/Sep/2022:23:27:14 -0700] "GET /blog/?p=17 HTTP/1.1" 200 5523 "-" "Mozilla/5.0 (Windows NT 10.0; Win64; x64) AppleWebKit/537.36 (KHTML, like Gecko) Chrome/103.0.0.0 Safari/537.36 OPR/89.0.4447.51" "site.gwheellift.com"
45.59.66.130 - - [17/Sep/2022:23:28:21 -0700] "GET /blog/?p=17 HTTP/1.1" 200 5523 "-" "Mozilla/5.0 (Windows NT 6.1; Trident/7.0; rv:11.0) like Gecko" "site.gwheellift.com"
45.59.66.130 - - [17/Sep/2022:23:28:22 -0700] "POST /blog/wp-trackback.php?p=17 HTTP/1.1" 200 98 "http://site.gwheellift.com/blog/?p=17" "Mozilla/5.0 (Windows NT 6.1; Trident/7.0; rv:11.0) like Gecko" "site.gwheellift.com"
45.59.66.130 - - [17/Sep/2022:23:28:22 -0700] "GET /blog/?p=17 HTTP/1.1" 200 5523 "-" "Mozilla/5.0 (Windows NT 6.1; Trident/7.0; rv:11.0) like Gecko" "site.gwheellift.com"
45.59.66.130 - - [17/Sep/2022:23:44:03 -0700] "GET /blog/?p=12 HTTP/1.1" 200 12097 "-" "Mozilla/5.0 (Windows NT 6.1; Trident/7.0; rv:11.0) like Gecko" "site.gwheellift.com"
45.59.66.130 - - [17/Sep/2022:23:44:06 -0700] "POST /blog/wp-trackback.php?p=12 HTTP/1.1" 200 98 "http://site.gwheellift.com/blog/?p=12" "Mozilla/5.0 (Windows NT 6.1; Trident/7.0; rv:11.0) like Gecko" "site.gwheellift.com"
45.59.66.130 - - [17/Sep/2022:23:44:06 -0700] "GET /blog/?p=12 HTTP/1.1" 200 12097 "-" "Mozilla/5.0 (Windows NT 6.1; Trident/7.0; rv:11.0) like Gecko" "site.gwheellift.com"
45.59.66.130 - - [17/Sep/2022:23:46:33 -0700] "GET /blog/?p=12 HTTP/1.1" 200 12097 "-" "Mozilla/5.0 (Windows NT 6.1; Trident/7.0; rv:11.0) like Gecko" "site.gwheellift.com"
45.59.66.130 - - [17/Sep/2022:23:46:34 -0700] "POST /blog/wp-trackback.php?p=12 HTTP/1.1" 200 98 "http://site.gwheellift.com/blog/?p=12" "Mozilla/5.0 (Windows NT 6.1; Trident/7.0; rv:11.0) like Gecko" "site.gwheellift.com"
193.142.146.138 - - [17/Sep/2022:23:50:31 -0700] "GET /wp-admin/css/ HTTP/1.1" 404 88 "binance.com" "Mozilla/5.0 (Windows NT 10.0; Win64; x64) AppleWebKit/537.36 (KHTML, like Gecko) Chrome/90.0.4430.85 Safari/537.36" "site.gwheellift.com"
193.142.146.138 - - [17/Sep/2022:23:50:35 -0700] "GET /sites/default/files/ HTTP/1.1" 404 88 "binance.com" "Mozilla/5.0 (Windows NT 10.0; Win64; x64) AppleWebKit/537.36 (KHTML, like Gecko) Chrome/90.0.4430.85 Safari/537.36" "site.gwheellift.com"
193.142.146.138 - - [17/Sep/2022:23:50:36 -0700] "GET /admin/controller/extension/extension/ HTTP/1.1" 404 88 "binance.com" "Mozilla/5.0 (Windows NT 10.0; Win64; x64) AppleWebKit/537.36 (KHTML, like Gecko) Chrome/90.0.4430.85 Safari/537.36" "site.gwheellift.com"
193.142.146.138 - - [17/Sep/2022:23:50:38 -0700] "GET /uploads/ HTTP/1.1" 404 88 "binance.com" "Mozilla/5.0 (Windows NT 10.0; Win64; x64) AppleWebKit/537.36 (KHTML, like Gecko) Chrome/90.0.4430.85 Safari/537.36" "site.gwheellift.com"
193.142.146.138 - - [17/Sep/2022:23:50:40 -0700] "GET /images/ HTTP/1.1" 404 88 "binance.com" "Mozilla/5.0 (Windows NT 10.0; Win64; x64) AppleWebKit/537.36 (KHTML, like Gecko) Chrome/90.0.4430.85 Safari/537.36" "site.gwheellift.com"
193.142.146.138 - - [17/Sep/2022:23:50:42 -0700] "GET /files/ HTTP/1.1" 404 88 "binance.com" "Mozilla/5.0 (Windows NT 10.0; Win64; x64) AppleWebKit/537.36 (KHTML, like Gecko) Chrome/90.0.4430.85 Safari/537.36" "site.gwheellift.com"
103.112.206.162 - - [18/Sep/2022:00:03:17 -0700] "GET /blog/wp-login.php?action=lostpassword HTTP/1.1" 200 1806 "http://site.gwheellift.com/" "Mozilla/5.0 (X11; Ubuntu; Linux x86_64; rv:102.0) Gecko/20100101 Firefox/102.0" "site.gwheellift.com"
103.112.206.162 - - [18/Sep/2022:00:03:21 -0700] "GET /blog/wp-login.php HTTP/1.1" 200 1890 "http://site.gwheellift.com/" "Mozilla/5.0 (Windows NT 6.3; Win64; x64) AppleWebKit/537.36 (KHTML, like Gecko) Chrome/103.0.0.0 Safari/537.36" "site.gwheellift.com"
103.112.206.162 - - [18/Sep/2022:00:03:23 -0700] "GET /blog/wp-login.php HTTP/1.1" 200 1890 "http://site.gwheellift.com/blog/wp-login.php" "Mozilla/5.0 (Windows NT 6.3; Win64; x64) AppleWebKit/537.36 (KHTML, like Gecko) Chrome/103.0.0.0 Safari/537.36" "site.gwheellift.com"
103.112.206.162 - - [18/Sep/2022:00:03:24 -0700] "POST /blog/wp-login.php HTTP/1.1" 200 2025 "http://site.gwheellift.com/blog/wp-login.php" "Mozilla/5.0 (Windows NT 6.3; Win64; x64) AppleWebKit/537.36 (KHTML, like Gecko) Chrome/103.0.0.0 Safari/537.36" "site.gwheellift.com"
45.59.66.130 - - [18/Sep/2022:00:14:51 -0700] "GET /blog/wp-trackback.php?p=12 HTTP/1.1" 200 98 "-" "Mozilla/5.0 (Windows NT 6.1; Trident/7.0; rv:11.0) like Gecko" "site.gwheellift.com"
45.59.66.130 - - [18/Sep/2022:00:14:52 -0700] "POST /blog/wp-trackback.php/trackback/ HTTP/1.1" 200 98 "http://site.gwheellift.com/blog/wp-trackback.php?p=12" "Mozilla/5.0 (Windows NT 6.1; Trident/7.0; rv:11.0) like Gecko" "site.gwheellift.com"
45.59.66.130 - - [18/Sep/2022:00:17:57 -0700] "GET /blog/?p=17 HTTP/1.1" 200 5523 "-" "Mozilla/5.0 (Windows NT 6.1; Trident/7.0; rv:11.0) like Gecko" "site.gwheellift.com"
45.59.66.130 - - [18/Sep/2022:00:17:58 -0700] "POST /blog/wp-trackback.php?p=17 HTTP/1.1" 200 98 "http://site.gwheellift.com/blog/?p=17" "Mozilla/5.0 (Windows NT 6.1; Trident/7.0; rv:11.0) like Gecko" "site.gwheellift.com"
45.59.66.130 - - [18/Sep/2022:00:53:41 -0700] "GET /blog/?p=12 HTTP/1.1" 200 12097 "-" "Mozilla/5.0 (Windows NT 6.1; Trident/7.0; rv:11.0) like Gecko" "site.gwheellift.com"
45.59.66.130 - - [18/Sep/2022:00:53:42 -0700] "POST /blog/wp-trackback.php?p=12 HTTP/1.1" 200 98 "http://site.gwheellift.com/blog/?p=12" "Mozilla/5.0 (Windows NT 6.1; Trident/7.0; rv:11.0) like Gecko" "site.gwheellift.com"
185.191.171.3 - - [18/Sep/2022:01:09:33 -0700] "GET /robots.txt HTTP/1.1" 404 88 "-" "Mozilla/5.0 (compatible; SemrushBot/7~bl; +http://www.semrush.com/bot.html)" "site.gwheellift.com"
185.191.171.25 - - [18/Sep/2022:01:09:34 -0700] "GET /blog/wp-login.php/wp-login.php?action=lostpassword HTTP/1.1" 200 1806 "-" "Mozilla/5.0 (compatible; SemrushBot/7~bl; +http://www.semrush.com/bot.html)" "site.gwheellift.com"
45.59.66.130 - - [18/Sep/2022:01:11:49 -0700] "GET /blog/?p=12 HTTP/1.1" 200 12097 "-" "Mozilla/5.0 (Windows NT 6.1; Trident/7.0; rv:11.0) like Gecko" "site.gwheellift.com"
45.59.66.130 - - [18/Sep/2022:01:11:50 -0700] "POST /blog/wp-trackback.php?p=12 HTTP/1.1" 200 98 "http://site.gwheellift.com/blog/?p=12" "Mozilla/5.0 (Windows NT 6.1; Trident/7.0; rv:11.0) like Gecko" "site.gwheellift.com"
114.119.146.226 - - [18/Sep/2022:01:17:21 -0700] "GET /robots.txt HTTP/1.1" 404 88 "-" "Mozilla/5.0 (compatible;PetalBot;+https://webmaster.petalsearch.com/site/petalbot)" "site.gwheellift.com"
23.82.105.192 - - [18/Sep/2022:01:34:11 -0700] "GET /blog/?p=17 HTTP/1.1" 200 5523 "-" "Mozilla/5.0 (Windows NT 10.0; Win64; x64) AppleWebKit/537.36 (KHTML, like Gecko) Chrome/103.0.0.0 Safari/537.36 Vivaldi/5.3.2679.68" "site.gwheellift.com"
45.59.66.130 - - [18/Sep/2022:01:49:51 -0700] "GET /blog/?p=17 HTTP/1.1" 200 5523 "-" "Mozilla/5.0 (Windows NT 6.1; Trident/7.0; rv:11.0) like Gecko" "site.gwheellift.com"
45.59.66.130 - - [18/Sep/2022:01:49:54 -0700] "POST /blog/wp-trackback.php?p=17 HTTP/1.1" 200 98 "http://site.gwheellift.com/blog/?p=17" "Mozilla/5.0 (Windows NT 6.1; Trident/7.0; rv:11.0) like Gecko" "site.gwheellift.com"
104.193.37.134 - - [18/Sep/2022:02:06:35 -0700] "GET /baseDstu3/metadata HTTP/1.1" 404 88 "-" "HAPI-FHIR/3.5.0-SNAPSHOT (FHIR Client; FHIR 3.0.1/DSTU3; apache)" "site.gwheellift.com"
45.59.66.130 - - [18/Sep/2022:02:18:56 -0700] "GET /blog/?p=12 HTTP/1.1" 200 12097 "-" "Mozilla/5.0 (Windows NT 6.1; Trident/7.0; rv:11.0) like Gecko" "site.gwheellift.com"
45.59.66.130 - - [18/Sep/2022:02:18:57 -0700] "POST /blog/wp-trackback.php?p=12 HTTP/1.1" 200 98 "http://site.gwheellift.com/blog/?p=12" "Mozilla/5.0 (Windows NT 6.1; Trident/7.0; rv:11.0) like Gecko" "site.gwheellift.com"
45.59.66.130 - - [18/Sep/2022:02:22:33 -0700] "GET /blog/?p=17 HTTP/1.1" 200 5523 "-" "Mozilla/5.0 (Windows NT 6.1; Trident/7.0; rv:11.0) like Gecko" "site.gwheellift.com"
45.59.66.130 - - [18/Sep/2022:02:22:34 -0700] "POST /blog/wp-trackback.php?p=17 HTTP/1.1" 200 98 "http://site.gwheellift.com/blog/?p=17" "Mozilla/5.0 (Windows NT 6.1; Trident/7.0; rv:11.0) like Gecko" "site.gwheellift.com"
45.59.66.130 - - [18/Sep/2022:02:59:53 -0700] "GET /blog/?p=17 HTTP/1.1" 200 5523 "-" "Mozilla/5.0 (Windows NT 6.1; Trident/7.0; rv:11.0) like Gecko" "site.gwheellift.com"
45.59.66.130 - - [18/Sep/2022:02:59:54 -0700] "POST /blog/wp-trackback.php?p=17 HTTP/1.1" 200 98 "http://site.gwheellift.com/blog/?p=17" "Mozilla/5.0 (Windows NT 6.1; Trident/7.0; rv:11.0) like Gecko" "site.gwheellift.com"
45.59.66.130 - - [18/Sep/2022:03:22:27 -0700] "GET /blog/?p=17 HTTP/1.1" 200 5523 "-" "Mozilla/5.0 (Windows NT 6.1; Trident/7.0; rv:11.0) like Gecko" "site.gwheellift.com"
45.59.66.130 - - [18/Sep/2022:03:22:29 -0700] "POST /blog/wp-trackback.php?p=17 HTTP/1.1" 200 98 "http://site.gwheellift.com/blog/?p=17" "Mozilla/5.0 (Windows NT 6.1; Trident/7.0; rv:11.0) like Gecko" "site.gwheellift.com"
172.241.246.169 - - [18/Sep/2022:03:23:27 -0700] "GET /blog/?p=17 HTTP/1.1" 200 5523 "-" "Mozilla/5.0 (Windows NT 10.0; Win64; x64) AppleWebKit/537.36 (KHTML, like Gecko) Chrome/103.0.0.0 Safari/537.36 Vivaldi/5.3.2679.68" "site.gwheellift.com"
45.59.66.130 - - [18/Sep/2022:03:36:12 -0700] "GET /blog/?p=12 HTTP/1.1" 200 12097 "-" "Mozilla/5.0 (Windows NT 6.1; Trident/7.0; rv:11.0) like Gecko" "site.gwheellift.com"
45.59.66.130 - - [18/Sep/2022:03:36:15 -0700] "POST /blog/wp-trackback.php?p=12 HTTP/1.1" 200 98 "http://site.gwheellift.com/blog/?p=12" "Mozilla/5.0 (Windows NT 6.1; Trident/7.0; rv:11.0) like Gecko" "site.gwheellift.com"
114.119.131.139 - - [18/Sep/2022:04:00:25 -0700] "GET /robots.txt HTTP/1.1" 404 88 "-" "Mozilla/5.0 (compatible;PetalBot;+https://webmaster.petalsearch.com/site/petalbot)" "site.gwheellift.com"
62.210.215.100 - - [18/Sep/2022:04:32:23 -0700] "GET /blog/?feed=rss2 HTTP/1.1" 200 26878 "-" "Mozilla/5.0 (X11; Linux i686) AppleWebKit/537.36 (KHTML, like Gecko) Chrome/30.0.1599.66 Safari/537.36" "site.gwheellift.com"
45.59.66.130 - - [18/Sep/2022:04:43:39 -0700] "GET /blog/wp-trackback.php?p=12 HTTP/1.1" 200 98 "-" "Mozilla/5.0 (Windows NT 6.1; Trident/7.0; rv:11.0) like Gecko" "site.gwheellift.com"
45.59.66.130 - - [18/Sep/2022:04:43:40 -0700] "POST /blog/wp-trackback.php/trackback/ HTTP/1.1" 200 98 "http://site.gwheellift.com/blog/wp-trackback.php?p=12" "Mozilla/5.0 (Windows NT 6.1; Trident/7.0; rv:11.0) like Gecko" "site.gwheellift.com"
45.59.66.130 - - [18/Sep/2022:04:43:41 -0700] "GET /blog/wp-trackback.php?p=12 HTTP/1.1" 200 98 "-" "Mozilla/5.0 (Windows NT 6.1; Trident/7.0; rv:11.0) like Gecko" "site.gwheellift.com"
45.59.66.130 - - [18/Sep/2022:04:44:40 -0700] "GET /blog/?p=17 HTTP/1.1" 200 5523 "-" "Mozilla/5.0 (Windows NT 6.1; Trident/7.0; rv:11.0) like Gecko" "site.gwheellift.com"
45.59.66.130 - - [18/Sep/2022:04:44:41 -0700] "POST /blog/wp-trackback.php?p=17 HTTP/1.1" 200 98 "http://site.gwheellift.com/blog/?p=17" "Mozilla/5.0 (Windows NT 6.1; Trident/7.0; rv:11.0) like Gecko" "site.gwheellift.com"
45.59.66.130 - - [18/Sep/2022:04:50:05 -0700] "GET /blog/wp-trackback.php?p=12 HTTP/1.1" 200 98 "-" "Mozilla/5.0 (Windows NT 6.1; Trident/7.0; rv:11.0) like Gecko" "site.gwheellift.com"
45.59.66.130 - - [18/Sep/2022:04:50:06 -0700] "POST /blog/wp-trackback.php/trackback/ HTTP/1.1" 200 98 "http://site.gwheellift.com/blog/wp-trackback.php?p=12" "Mozilla/5.0 (Windows NT 6.1; Trident/7.0; rv:11.0) like Gecko" "site.gwheellift.com"
102.39.29.14 - - [18/Sep/2022:05:00:25 -0700] "GET /blog/wp-login.php?action=lostpassword HTTP/1.1" 200 1806 "http://site.gwheellift.com/" "Mozilla/5.0 (X11; Linux x86_64) AppleWebKit/537.36 (KHTML, like Gecko) Chrome/103.0.0.0 Safari/537.36 Vivaldi/5.3.2679.68" "site.gwheellift.com"
51.68.207.81 - - [18/Sep/2022:05:00:59 -0700] "GET /blog/wp-login.php HTTP/1.1" 200 1890 "http://site.gwheellift.com/" "Mozilla/5.0 (Windows NT 6.3; Win64; x64) AppleWebKit/537.36 (KHTML, like Gecko) Chrome/103.0.0.0 Safari/537.36" "site.gwheellift.com"
51.68.207.81 - - [18/Sep/2022:05:01:00 -0700] "GET /blog/wp-login.php?action=lostpassword HTTP/1.1" 200 1806 "http://site.gwheellift.com/blog/wp-login.php" "Mozilla/5.0 (Windows NT 6.3; Win64; x64) AppleWebKit/537.36 (KHTML, like Gecko) Chrome/103.0.0.0 Safari/537.36" "site.gwheellift.com"
51.68.207.81 - - [18/Sep/2022:05:01:11 -0700] "POST /blog/wp-login.php?action=lostpassword HTTP/1.1" 200 1945 "http://site.gwheellift.com/blog/wp-login.php?action=lostpassword" "Mozilla/5.0 (Windows NT 6.3; Win64; x64) AppleWebKit/537.36 (KHTML, like Gecko) Chrome/103.0.0.0 Safari/537.36" "site.gwheellift.com"
172.241.245.219 - - [18/Sep/2022:05:05:50 -0700] "GET /blog/?p=17 HTTP/1.1" 200 5523 "-" "Mozilla/5.0 (Windows NT 10.0; Win64; x64) AppleWebKit/537.36 (KHTML, like Gecko) Chrome/103.0.0.0 Safari/537.36 Vivaldi/5.3.2679.68" "site.gwheellift.com"
45.59.66.130 - - [18/Sep/2022:05:08:47 -0700] "GET /blog/wp-trackback.php?p=12 HTTP/1.1" 200 98 "-" "Mozilla/5.0 (Windows NT 6.1; Trident/7.0; rv:11.0) like Gecko" "site.gwheellift.com"
45.59.66.130 - - [18/Sep/2022:05:08:48 -0700] "POST /blog/wp-trackback.php/trackback/ HTTP/1.1" 200 98 "http://site.gwheellift.com/blog/wp-trackback.php?p=12" "Mozilla/5.0 (Windows NT 6.1; Trident/7.0; rv:11.0) like Gecko" "site.gwheellift.com"
45.59.66.130 - - [18/Sep/2022:05:16:40 -0700] "GET /blog/wp-trackback.php?p=12 HTTP/1.1" 200 98 "-" "Mozilla/5.0 (Windows NT 6.1; Trident/7.0; rv:11.0) like Gecko" "site.gwheellift.com"
45.59.66.130 - - [18/Sep/2022:05:16:41 -0700] "POST /blog/wp-trackback.php/trackback/ HTTP/1.1" 200 98 "http://site.gwheellift.com/blog/wp-trackback.php?p=12" "Mozilla/5.0 (Windows NT 6.1; Trident/7.0; rv:11.0) like Gecko" "site.gwheellift.com"
45.59.66.130 - - [18/Sep/2022:05:22:13 -0700] "GET /blog/wp-trackback.php?p=12 HTTP/1.1" 200 98 "-" "Mozilla/5.0 (Windows NT 6.1; Trident/7.0; rv:11.0) like Gecko" "site.gwheellift.com"
45.59.66.130 - - [18/Sep/2022:05:22:14 -0700] "POST /blog/wp-trackback.php/trackback/ HTTP/1.1" 200 98 "http://site.gwheellift.com/blog/wp-trackback.php?p=12" "Mozilla/5.0 (Windows NT 6.1; Trident/7.0; rv:11.0) like Gecko" "site.gwheellift.com"
45.59.66.130 - - [18/Sep/2022:05:34:30 -0700] "GET /blog/?p=12 HTTP/1.1" 200 12097 "-" "Mozilla/5.0 (Windows NT 6.1; Trident/7.0; rv:11.0) like Gecko" "site.gwheellift.com"
45.59.66.130 - - [18/Sep/2022:05:34:31 -0700] "POST /blog/wp-trackback.php?p=12 HTTP/1.1" 200 98 "http://site.gwheellift.com/blog/?p=12" "Mozilla/5.0 (Windows NT 6.1; Trident/7.0; rv:11.0) like Gecko" "site.gwheellift.com"
49.7.21.113 - - [18/Sep/2022:06:50:20 -0700] "GET / HTTP/1.1" 200 370 "-" "Sogou web spider/4.0(+http://www.sogou.com/docs/help/webmasters.htm#07)" "site.gwheellift.com"
51.68.207.81 - - [18/Sep/2022:07:00:54 -0700] "GET /blog/wp-login.php?action=lostpassword HTTP/1.1" 200 1806 "http://site.gwheellift.com/" "Mozilla/5.0 (X11; Linux x86_64) AppleWebKit/537.36 (KHTML, like Gecko) Chrome/103.0.0.0 Safari/537.36 Vivaldi/5.3.2679.68" "site.gwheellift.com"
51.68.207.81 - - [18/Sep/2022:07:00:57 -0700] "GET /blog/wp-login.php HTTP/1.1" 200 1890 "http://site.gwheellift.com/" "Mozilla/5.0 (Windows NT 6.3; Win64; x64) AppleWebKit/537.36 (KHTML, like Gecko) Chrome/103.0.0.0 Safari/537.36" "site.gwheellift.com"
51.68.207.81 - - [18/Sep/2022:07:00:59 -0700] "GET /blog/wp-login.php HTTP/1.1" 200 1890 "http://site.gwheellift.com/blog/wp-login.php" "Mozilla/5.0 (Windows NT 6.3; Win64; x64) AppleWebKit/537.36 (KHTML, like Gecko) Chrome/103.0.0.0 Safari/537.36" "site.gwheellift.com"
51.68.207.81 - - [18/Sep/2022:07:01:00 -0700] "POST /blog/wp-login.php HTTP/1.1" 200 2025 "http://site.gwheellift.com/blog/wp-login.php" "Mozilla/5.0 (Windows NT 6.3; Win64; x64) AppleWebKit/537.36 (KHTML, like Gecko) Chrome/103.0.0.0 Safari/537.36" "site.gwheellift.com"
45.59.66.130 - - [18/Sep/2022:07:09:24 -0700] "GET /blog/?p=12 HTTP/1.1" 200 12097 "-" "Mozilla/5.0 (Windows NT 6.1; Trident/7.0; rv:11.0) like Gecko" "site.gwheellift.com"
45.59.66.130 - - [18/Sep/2022:07:09:26 -0700] "POST /blog/wp-trackback.php?p=12 HTTP/1.1" 200 98 "http://site.gwheellift.com/blog/?p=12" "Mozilla/5.0 (Windows NT 6.1; Trident/7.0; rv:11.0) like Gecko" "site.gwheellift.com"
114.119.154.237 - - [18/Sep/2022:07:10:16 -0700] "GET /test/?C=D%3BO%3DA HTTP/1.1" 200 310 "http://site.gwheellift.com/test?C=M%3BO%3DA" "Mozilla/5.0 (Linux; Android 7.0;) AppleWebKit/537.36 (KHTML, like Gecko) Mobile Safari/537.36 (compatible; PetalBot;+https://webmaster.petalsearch.com/site/petalbot)" "site.gwheellift.com"
114.119.154.229 - - [18/Sep/2022:07:12:20 -0700] "GET /blog/?s=hgdjhgj%20heel%20lifts%20%20/%20playboy%20AuthenticRDX%20Neoprene%20race%20Knee%20Support%20MMA%20Pad%20Guard%20Protector%20Gel%20Sport%20Work%20Cap%20UFC%20Blue%20(SINGLE%20ITEM)%20playboy%20/Lark%20criminally%20reappear%20nay%20him%20footsore%20heroism%20past%20the%20embryonal%20%20'.playboy%20.'%20%20/%20insoles%20playboy%20AuthenticRDX%20Neoprene%20race%20Knee%20Support%20MMA%20Pad%20Guard%20Protector%20Gel%20Sport%20Work%20Cap%20UFC%20Blue%20(SINGLE%20ITEM)%20%20oxossy%20heel%20lifts%20uthemy%20heel%20lifts%20yshast%20heel%20lifts%20imodoo%20heel%20lifts%20joawox%20heel%20lifts%20ygaxic%20heel%20lifts%20xikeed%20heel%20lifts%20jichoa%20heel%20lifts%20grolaw%20heel%20lifts%20zuglij%20heel%20lifts%20hetikr%20heel%20lifts%20yvywhi%20heel%20lifts%20cikruw%20heel%20lifts%20tiltee%20heel%20lifts%20exokri%20heel%20lifts%20oocmee%20heel%20lifts%20ykoxoa%20heel%20lifts%20shessa%20heel%20lifts%20ryzypa%20heel%20lifts%20pteloa%20heel%20lifts%20geftee%20heel%20lifts%20owoagu%20heel%20lifts%20abooph%20heel%20lifts%20grathy%20heel%20lifts%20goavoa%20heel%20lifts%20oansyn%20heel%20lifts%20feefur%20porn%20playboy%20%20kuptoa%20heel%20lifts%20koalud%20heel%20lifts%20peecoo%20heel%20lifts%20stozaz%20heel%20lifts%20eetops%20heel%20lifts%20whetho%20heel%20lifts%20ajoads%20heel%20lifts%20kegnee%20heel%20lifts%20oaglyk%20heel%20lifts%20eedsol%20heel%20lifts%20topsoo%20heel%20lifts%20daleph%20porn%20playboy%20/phooje HTTP/1.1" 200 7086 "-" "Mozilla/5.0 (Linux; Android 7.0;) AppleWebKit/537.36 (KHTML, like Gecko) Mobile Safari/537.36 (compatible; PetalBot;+https://webmaster.petalsearch.com/site/petalbot)" "site.gwheellift.com"
45.59.66.130 - - [18/Sep/2022:07:25:06 -0700] "GET /blog/?p=17 HTTP/1.1" 200 5523 "-" "Mozilla/5.0 (Windows NT 6.1; Trident/7.0; rv:11.0) like Gecko" "site.gwheellift.com"
45.59.66.130 - - [18/Sep/2022:07:25:08 -0700] "POST /blog/wp-trackback.php?p=17 HTTP/1.1" 200 98 "http://site.gwheellift.com/blog/?p=17" "Mozilla/5.0 (Windows NT 6.1; Trident/7.0; rv:11.0) like Gecko" "site.gwheellift.com"
34.229.16.170 - - [18/Sep/2022:07:41:57 -0700] "GET /blog/?feed=rss HTTP/1.1" 304 - "https://www.google.com/" "Mozilla/5.0 (Macintosh; Intel Mac OS X 10_14_6) AppleWebKit/537.36 (KHTML, like Gecko) Chrome/80.0.3987.122 Safari/537.36" "site.gwheellift.com"
45.59.66.130 - - [18/Sep/2022:07:52:24 -0700] "GET /blog/wp-trackback.php?p=12 HTTP/1.1" 200 98 "-" "Mozilla/5.0 (Windows NT 6.1; Trident/7.0; rv:11.0) like Gecko" "site.gwheellift.com"
45.59.66.130 - - [18/Sep/2022:07:52:25 -0700] "POST /blog/wp-trackback.php/trackback/ HTTP/1.1" 200 98 "http://site.gwheellift.com/blog/wp-trackback.php?p=12" "Mozilla/5.0 (Windows NT 6.1; Trident/7.0; rv:11.0) like Gecko" "site.gwheellift.com"
45.59.66.130 - - [18/Sep/2022:08:21:07 -0700] "GET /blog/?p=12 HTTP/1.1" 200 12097 "-" "Mozilla/5.0 (Windows NT 6.1; Trident/7.0; rv:11.0) like Gecko" "site.gwheellift.com"
45.59.66.130 - - [18/Sep/2022:08:21:09 -0700] "POST /blog/wp-trackback.php?p=12 HTTP/1.1" 200 98 "http://site.gwheellift.com/blog/?p=12" "Mozilla/5.0 (Windows NT 6.1; Trident/7.0; rv:11.0) like Gecko" "site.gwheellift.com"
45.59.66.130 - - [18/Sep/2022:08:21:09 -0700] "GET /blog/?p=12 HTTP/1.1" 200 12097 "-" "Mozilla/5.0 (Windows NT 6.1; Trident/7.0; rv:11.0) like Gecko" "site.gwheellift.com"
188.254.0.59 - - [18/Sep/2022:08:22:58 -0700] "GET /blog/wp-login.php?action=lostpassword HTTP/1.1" 200 1806 "http://site.gwheellift.com/" "Mozilla/5.0 (Windows NT 10.0; Win64; x64) AppleWebKit/537.36 (KHTML, like Gecko) Chrome/103.0.0.0 YaBrowser/22.7.0 Yowser/2.5 Safari/537.36" "site.gwheellift.com"
188.254.0.59 - - [18/Sep/2022:08:23:00 -0700] "GET /blog/wp-login.php HTTP/1.1" 200 1890 "http://site.gwheellift.com/" "Mozilla/5.0 (Windows NT 6.3; Win64; x64) AppleWebKit/537.36 (KHTML, like Gecko) Chrome/103.0.0.0 Safari/537.36" "site.gwheellift.com"
188.254.0.59 - - [18/Sep/2022:08:23:03 -0700] "GET /blog/wp-login.php?action=lostpassword HTTP/1.1" 200 1806 "http://site.gwheellift.com/blog/wp-login.php" "Mozilla/5.0 (Windows NT 6.3; Win64; x64) AppleWebKit/537.36 (KHTML, like Gecko) Chrome/103.0.0.0 Safari/537.36" "site.gwheellift.com"
188.254.0.59 - - [18/Sep/2022:08:23:14 -0700] "POST /blog/wp-login.php?action=lostpassword HTTP/1.1" 200 1950 "http://site.gwheellift.com/blog/wp-login.php?action=lostpassword" "Mozilla/5.0 (Windows NT 6.3; Win64; x64) AppleWebKit/537.36 (KHTML, like Gecko) Chrome/103.0.0.0 Safari/537.36" "site.gwheellift.com"
45.59.66.130 - - [18/Sep/2022:08:26:31 -0700] "GET /blog/?p=12 HTTP/1.1" 200 12097 "-" "Mozilla/5.0 (Windows NT 6.1; Trident/7.0; rv:11.0) like Gecko" "site.gwheellift.com"
45.59.66.130 - - [18/Sep/2022:08:26:33 -0700] "POST /blog/wp-trackback.php?p=12 HTTP/1.1" 200 98 "http://site.gwheellift.com/blog/?p=12" "Mozilla/5.0 (Windows NT 6.1; Trident/7.0; rv:11.0) like Gecko" "site.gwheellift.com"
45.59.66.130 - - [18/Sep/2022:08:37:23 -0700] "GET /blog/?p=12 HTTP/1.1" 200 12097 "-" "Mozilla/5.0 (Windows NT 6.1; Trident/7.0; rv:11.0) like Gecko" "site.gwheellift.com"
45.59.66.130 - - [18/Sep/2022:08:37:24 -0700] "POST /blog/wp-trackback.php?p=12 HTTP/1.1" 200 98 "http://site.gwheellift.com/blog/?p=12" "Mozilla/5.0 (Windows NT 6.1; Trident/7.0; rv:11.0) like Gecko" "site.gwheellift.com"
5.255.253.123 - - [18/Sep/2022:09:02:58 -0700] "GET /robots.txt HTTP/1.1" 404 73 "-" "Mozilla/5.0 (compatible; YandexBot/3.0; +http://yandex.com/bots)" "site.gwheellift.com"
5.255.253.163 - - [18/Sep/2022:09:03:01 -0700] "GET /favicon.ico HTTP/1.1" 404 88 "-" "Mozilla/5.0 (compatible; YandexFavicons/1.0; +http://yandex.com/bots)" "site.gwheellift.com"
45.59.66.130 - - [18/Sep/2022:09:28:11 -0700] "GET /blog/?p=17 HTTP/1.1" 200 5523 "-" "Mozilla/5.0 (Windows NT 6.1; Trident/7.0; rv:11.0) like Gecko" "site.gwheellift.com"
45.59.66.130 - - [18/Sep/2022:09:28:12 -0700] "POST /blog/wp-trackback.php?p=17 HTTP/1.1" 200 98 "http://site.gwheellift.com/blog/?p=17" "Mozilla/5.0 (Windows NT 6.1; Trident/7.0; rv:11.0) like Gecko" "site.gwheellift.com"
45.59.66.130 - - [18/Sep/2022:09:31:33 -0700] "GET /blog/?p=12 HTTP/1.1" 200 12097 "-" "Mozilla/5.0 (Windows NT 6.1; Trident/7.0; rv:11.0) like Gecko" "site.gwheellift.com"
45.59.66.130 - - [18/Sep/2022:09:31:34 -0700] "POST /blog/wp-trackback.php?p=12 HTTP/1.1" 200 98 "http://site.gwheellift.com/blog/?p=12" "Mozilla/5.0 (Windows NT 6.1; Trident/7.0; rv:11.0) like Gecko" "site.gwheellift.com"
45.59.66.130 - - [18/Sep/2022:10:19:26 -0700] "GET /blog/?p=17 HTTP/1.1" 200 5523 "-" "Mozilla/5.0 (Windows NT 6.1; Trident/7.0; rv:11.0) like Gecko" "site.gwheellift.com"
45.59.66.130 - - [18/Sep/2022:10:19:27 -0700] "POST /blog/wp-trackback.php?p=17 HTTP/1.1" 200 98 "http://site.gwheellift.com/blog/?p=17" "Mozilla/5.0 (Windows NT 6.1; Trident/7.0; rv:11.0) like Gecko" "site.gwheellift.com"
45.59.66.130 - - [18/Sep/2022:10:31:41 -0700] "GET /blog/?p=17 HTTP/1.1" 200 5523 "-" "Mozilla/5.0 (Windows NT 6.1; Trident/7.0; rv:11.0) like Gecko" "site.gwheellift.com"
45.59.66.130 - - [18/Sep/2022:10:31:42 -0700] "POST /blog/wp-trackback.php?p=17 HTTP/1.1" 200 98 "http://site.gwheellift.com/blog/?p=17" "Mozilla/5.0 (Windows NT 6.1; Trident/7.0; rv:11.0) like Gecko" "site.gwheellift.com"
18.209.36.67 - - [18/Sep/2022:10:43:26 -0700] "GET /blog/?feed=atom HTTP/1.1" 304 - "https://www.google.com/" "Mozilla/5.0 (Windows NT 10.0; Win64; x64; rv:74.0) Gecko/20100101 Firefox/74.0" "site.gwheellift.com"
45.59.66.130 - - [18/Sep/2022:10:53:08 -0700] "GET /blog/wp-trackback.php?p=12 HTTP/1.1" 200 98 "-" "Mozilla/5.0 (Windows NT 6.1; Trident/7.0; rv:11.0) like Gecko" "site.gwheellift.com"
45.59.66.130 - - [18/Sep/2022:10:53:09 -0700] "POST /blog/wp-trackback.php/trackback/ HTTP/1.1" 200 98 "http://site.gwheellift.com/blog/wp-trackback.php?p=12" "Mozilla/5.0 (Windows NT 6.1; Trident/7.0; rv:11.0) like Gecko" "site.gwheellift.com"
45.59.66.130 - - [18/Sep/2022:11:02:17 -0700] "GET /blog/?p=17 HTTP/1.1" 200 5523 "-" "Mozilla/5.0 (Windows NT 6.1; Trident/7.0; rv:11.0) like Gecko" "site.gwheellift.com"
45.59.66.130 - - [18/Sep/2022:11:02:18 -0700] "POST /blog/wp-trackback.php?p=17 HTTP/1.1" 200 98 "http://site.gwheellift.com/blog/?p=17" "Mozilla/5.0 (Windows NT 6.1; Trident/7.0; rv:11.0) like Gecko" "site.gwheellift.com"
45.59.66.130 - - [18/Sep/2022:11:35:16 -0700] "GET /blog/?p=12 HTTP/1.1" 200 12097 "-" "Mozilla/5.0 (Windows NT 6.1; Trident/7.0; rv:11.0) like Gecko" "site.gwheellift.com"
45.59.66.130 - - [18/Sep/2022:11:35:17 -0700] "POST /blog/wp-trackback.php?p=12 HTTP/1.1" 200 98 "http://site.gwheellift.com/blog/?p=12" "Mozilla/5.0 (Windows NT 6.1; Trident/7.0; rv:11.0) like Gecko" "site.gwheellift.com"
66.249.79.59 - - [18/Sep/2022:11:47:19 -0700] "GET /robots.txt HTTP/1.1" 404 88 "-" "Mozilla/5.0 (compatible; Googlebot/2.1; +http://www.google.com/bot.html)" "site.gwheellift.com"
66.249.79.36 - - [18/Sep/2022:11:53:40 -0700] "GET /ads.txt HTTP/1.1" 404 88 "-" "Mozilla/5.0 (compatible; Googlebot/2.1; +http://www.google.com/bot.html)" "site.gwheellift.com"
45.59.66.130 - - [18/Sep/2022:12:35:16 -0700] "GET /blog/wp-trackback.php?p=12 HTTP/1.1" 200 98 "-" "Mozilla/5.0 (Windows NT 6.1; Trident/7.0; rv:11.0) like Gecko" "site.gwheellift.com"
45.59.66.130 - - [18/Sep/2022:12:35:17 -0700] "POST /blog/wp-trackback.php/trackback/ HTTP/1.1" 200 98 "http://site.gwheellift.com/blog/wp-trackback.php?p=12" "Mozilla/5.0 (Windows NT 6.1; Trident/7.0; rv:11.0) like Gecko" "site.gwheellift.com"
45.59.66.130 - - [18/Sep/2022:12:43:54 -0700] "GET /blog/wp-trackback.php?p=12 HTTP/1.1" 200 98 "-" "Mozilla/5.0 (Windows NT 6.1; Trident/7.0; rv:11.0) like Gecko" "site.gwheellift.com"
45.59.66.130 - - [18/Sep/2022:12:43:56 -0700] "POST /blog/wp-trackback.php/trackback/ HTTP/1.1" 200 98 "http://site.gwheellift.com/blog/wp-trackback.php?p=12" "Mozilla/5.0 (Windows NT 6.1; Trident/7.0; rv:11.0) like Gecko" "site.gwheellift.com"
45.59.66.130 - - [18/Sep/2022:12:47:58 -0700] "GET /blog/wp-trackback.php?p=12 HTTP/1.1" 200 98 "-" "Mozilla/5.0 (Windows NT 6.1; Trident/7.0; rv:11.0) like Gecko" "site.gwheellift.com"
45.59.66.130 - - [18/Sep/2022:12:47:59 -0700] "POST /blog/wp-trackback.php/trackback/ HTTP/1.1" 200 98 "http://site.gwheellift.com/blog/wp-trackback.php?p=12" "Mozilla/5.0 (Windows NT 6.1; Trident/7.0; rv:11.0) like Gecko" "site.gwheellift.com"
45.59.66.130 - - [18/Sep/2022:13:06:40 -0700] "GET /blog/wp-trackback.php?p=12 HTTP/1.1" 200 98 "-" "Mozilla/5.0 (Windows NT 6.1; Trident/7.0; rv:11.0) like Gecko" "site.gwheellift.com"
45.59.66.130 - - [18/Sep/2022:13:06:42 -0700] "POST /blog/wp-trackback.php/trackback/ HTTP/1.1" 200 98 "http://site.gwheellift.com/blog/wp-trackback.php?p=12" "Mozilla/5.0 (Windows NT 6.1; Trident/7.0; rv:11.0) like Gecko" "site.gwheellift.com"
45.59.66.130 - - [18/Sep/2022:13:19:55 -0700] "GET /blog/?p=12 HTTP/1.1" 200 12097 "-" "Mozilla/5.0 (Windows NT 6.1; Trident/7.0; rv:11.0) like Gecko" "site.gwheellift.com"
45.59.66.130 - - [18/Sep/2022:13:19:56 -0700] "POST /blog/wp-trackback.php?p=12 HTTP/1.1" 200 98 "http://site.gwheellift.com/blog/?p=12" "Mozilla/5.0 (Windows NT 6.1; Trident/7.0; rv:11.0) like Gecko" "site.gwheellift.com"
45.59.66.130 - - [18/Sep/2022:13:32:16 -0700] "GET /blog/wp-trackback.php?p=12 HTTP/1.1" 200 98 "-" "Mozilla/5.0 (Windows NT 6.1; Trident/7.0; rv:11.0) like Gecko" "site.gwheellift.com"
45.59.66.130 - - [18/Sep/2022:13:32:17 -0700] "POST /blog/wp-trackback.php/trackback/ HTTP/1.1" 200 98 "http://site.gwheellift.com/blog/wp-trackback.php?p=12" "Mozilla/5.0 (Windows NT 6.1; Trident/7.0; rv:11.0) like Gecko" "site.gwheellift.com"
45.59.66.130 - - [18/Sep/2022:13:32:17 -0700] "GET /blog/wp-trackback.php?p=12 HTTP/1.1" 200 98 "-" "Mozilla/5.0 (Windows NT 6.1; Trident/7.0; rv:11.0) like Gecko" "site.gwheellift.com"
162.248.160.43 - - [18/Sep/2022:14:16:30 -0700] "GET /wp-includes/js/quicktags.js HTTP/1.1" 404 73 "-" "Mozilla/5.0 (Windows; U; Windows NT 6.1; en-US; rv:1.9.1.6) Gecko/20091201 Firefox/3.5.6" "site.gwheellift.com"
162.248.160.43 - - [18/Sep/2022:14:16:31 -0700] "GET /wp-includes/js/quicktags.js HTTP/1.1" 404 73 "-" "Mozilla/5.0 (Windows; U; Windows NT 6.1; en-US; rv:1.9.1.6) Gecko/20091201 Firefox/3.5.6" "site.gwheellift.com"
45.59.66.130 - - [18/Sep/2022:14:49:11 -0700] "GET /blog/?p=17 HTTP/1.1" 200 5523 "-" "Mozilla/5.0 (Windows NT 6.1; Trident/7.0; rv:11.0) like Gecko" "site.gwheellift.com"
45.59.66.130 - - [18/Sep/2022:14:49:12 -0700] "POST /blog/wp-trackback.php?p=17 HTTP/1.1" 200 98 "http://site.gwheellift.com/blog/?p=17" "Mozilla/5.0 (Windows NT 6.1; Trident/7.0; rv:11.0) like Gecko" "site.gwheellift.com"
45.59.66.130 - - [18/Sep/2022:14:51:52 -0700] "GET /blog/?p=12 HTTP/1.1" 200 12097 "-" "Mozilla/5.0 (Windows NT 6.1; Trident/7.0; rv:11.0) like Gecko" "site.gwheellift.com"
45.59.66.130 - - [18/Sep/2022:14:51:54 -0700] "POST /blog/wp-trackback.php?p=12 HTTP/1.1" 200 98 "http://site.gwheellift.com/blog/?p=12" "Mozilla/5.0 (Windows NT 6.1; Trident/7.0; rv:11.0) like Gecko" "site.gwheellift.com"
45.59.66.130 - - [18/Sep/2022:15:43:53 -0700] "GET /blog/wp-trackback.php?p=12 HTTP/1.1" 200 98 "-" "Mozilla/5.0 (Windows NT 6.1; Trident/7.0; rv:11.0) like Gecko" "site.gwheellift.com"
45.59.66.130 - - [18/Sep/2022:15:43:54 -0700] "POST /blog/wp-trackback.php/trackback/ HTTP/1.1" 200 98 "http://site.gwheellift.com/blog/wp-trackback.php?p=12" "Mozilla/5.0 (Windows NT 6.1; Trident/7.0; rv:11.0) like Gecko" "site.gwheellift.com"
45.59.66.130 - - [18/Sep/2022:16:18:56 -0700] "GET /blog/?p=12 HTTP/1.1" 200 12097 "-" "Mozilla/5.0 (Windows NT 6.1; Trident/7.0; rv:11.0) like Gecko" "site.gwheellift.com"
45.59.66.130 - - [18/Sep/2022:16:18:57 -0700] "POST /blog/wp-trackback.php?p=12 HTTP/1.1" 200 98 "http://site.gwheellift.com/blog/?p=12" "Mozilla/5.0 (Windows NT 6.1; Trident/7.0; rv:11.0) like Gecko" "site.gwheellift.com"
45.59.66.130 - - [18/Sep/2022:16:19:23 -0700] "GET /blog/?p=12 HTTP/1.1" 200 12097 "-" "Mozilla/5.0 (Windows NT 6.1; Trident/7.0; rv:11.0) like Gecko" "site.gwheellift.com"
45.59.66.130 - - [18/Sep/2022:16:19:23 -0700] "POST /blog/wp-trackback.php?p=12 HTTP/1.1" 200 98 "http://site.gwheellift.com/blog/?p=12" "Mozilla/5.0 (Windows NT 6.1; Trident/7.0; rv:11.0) like Gecko" "site.gwheellift.com"
114.119.154.237 - - [18/Sep/2022:16:38:31 -0700] "GET /blog/?s=hgdjhgjlarry%2Bpage%2Bis%2Ban%2Bevil%2Bdigusting%2Bcunt%2Bgoogle%2Bseo%2B/%20pharmacy%20rel%E2%80%9Dauthor%E2%80%9D%20frequently%20asked%20(advanced)%20questions%20pharmacy%20/All%20deceitfully%20counterpoints%20dang%20the%20feeblish%20blink%20underneath%20those%20unfructuous%20%20'.pharmacy%20.'%20,%20/%20insoles%20pharmacy%20rel%E2%80%9Dauthor%E2%80%9D%20frequently%20asked%20(advanced)%20questions%20%20loakuv%20ugg%20boots%20yfemsu%20ugg%20boots%20pticme%20ugg%20boots%20whassy%20ugg%20boots%20niftig%20ugg%20boots%20ymoath%20ugg%20boots%20fohypu%20ugg%20boots%20idegle%20ugg%20boots%20woleho%20ugg%20boots%20zastoz%20ugg%20boots%20ovikym%20ugg%20boots%20hydsoa%20ugg%20boots%20ohoasu%20ugg%20boots%20eensoa%20ugg%20boots%20fugrus%20ugg%20boots%20oshota%20ugg%20boots%20foozoa%20ugg%20boots%20goajix%20ugg%20boots%20oavung%20ugg%20boots%20yleepa%20ugg%20boots%20iwitsy%20ugg%20boots%20wheedr%20ugg%20boots%20eedrow%20ugg%20boots%20ygruka%20ugg%20boots%20ximsyh%20ugg%20boots%20ookoms%20ugg%20boots%20grolri%20porn%20pharmacy%20%20sitcha%20ugg%20boots%20hartuw%20ugg%20boots%20iwhish%20ugg%20boots%20oabalr%20ugg%20boots%20jyvooc%20ugg%20boots%20neemoa%20ugg%20boots%20rykrip%20ugg%20boots%20ptoosh%20ugg%20boots%20kewhee%20ugg%20boots%20hitsot%20ugg%20boots%20ykimpe%20ugg%20boots%20ywhowu%20porn%20pharmacy%20/ptagra HTTP/1.1" 200 6831 "-" "Mozilla/5.0 (Linux; Android 7.0;) AppleWebKit/537.36 (KHTML, like Gecko) Mobile Safari/537.36 (compatible; PetalBot;+https://webmaster.petalsearch.com/site/petalbot)" "site.gwheellift.com"
45.59.66.130 - - [18/Sep/2022:16:54:31 -0700] "GET /blog/?p=12 HTTP/1.1" 200 12097 "-" "Mozilla/5.0 (Windows NT 6.1; Trident/7.0; rv:11.0) like Gecko" "site.gwheellift.com"
45.59.66.130 - - [18/Sep/2022:16:54:32 -0700] "POST /blog/wp-trackback.php?p=12 HTTP/1.1" 200 98 "http://site.gwheellift.com/blog/?p=12" "Mozilla/5.0 (Windows NT 6.1; Trident/7.0; rv:11.0) like Gecko" "site.gwheellift.com"
45.59.66.130 - - [18/Sep/2022:16:58:33 -0700] "GET /blog/?p=17 HTTP/1.1" 200 5523 "-" "Mozilla/5.0 (Windows NT 6.1; Trident/7.0; rv:11.0) like Gecko" "site.gwheellift.com"
45.59.66.130 - - [18/Sep/2022:16:58:34 -0700] "POST /blog/wp-trackback.php?p=17 HTTP/1.1" 200 98 "http://site.gwheellift.com/blog/?p=17" "Mozilla/5.0 (Windows NT 6.1; Trident/7.0; rv:11.0) like Gecko" "site.gwheellift.com"
45.59.66.130 - - [18/Sep/2022:16:58:35 -0700] "GET /blog/?p=17 HTTP/1.1" 200 5523 "-" "Mozilla/5.0 (Windows NT 6.1; Trident/7.0; rv:11.0) like Gecko" "site.gwheellift.com"
45.59.66.130 - - [18/Sep/2022:17:14:43 -0700] "GET /blog/?p=12 HTTP/1.1" 200 12097 "-" "Mozilla/5.0 (Windows NT 6.1; Trident/7.0; rv:11.0) like Gecko" "site.gwheellift.com"
45.59.66.130 - - [18/Sep/2022:17:14:47 -0700] "POST /blog/wp-trackback.php?p=12 HTTP/1.1" 200 98 "http://site.gwheellift.com/blog/?p=12" "Mozilla/5.0 (Windows NT 6.1; Trident/7.0; rv:11.0) like Gecko" "site.gwheellift.com"
45.59.66.130 - - [18/Sep/2022:17:14:48 -0700] "GET /blog/?p=12 HTTP/1.1" 200 12097 "-" "Mozilla/5.0 (Windows NT 6.1; Trident/7.0; rv:11.0) like Gecko" "site.gwheellift.com"
45.59.66.130 - - [18/Sep/2022:17:17:19 -0700] "GET /blog/?p=17 HTTP/1.1" 200 5523 "-" "Mozilla/5.0 (Windows NT 6.1; Trident/7.0; rv:11.0) like Gecko" "site.gwheellift.com"
45.59.66.130 - - [18/Sep/2022:17:17:20 -0700] "POST /blog/wp-trackback.php?p=17 HTTP/1.1" 200 98 "http://site.gwheellift.com/blog/?p=17" "Mozilla/5.0 (Windows NT 6.1; Trident/7.0; rv:11.0) like Gecko" "site.gwheellift.com"
45.59.66.130 - - [18/Sep/2022:18:08:51 -0700] "GET /blog/?p=17 HTTP/1.1" 200 5523 "-" "Mozilla/5.0 (Windows NT 6.1; Trident/7.0; rv:11.0) like Gecko" "site.gwheellift.com"
45.59.66.130 - - [18/Sep/2022:18:08:52 -0700] "POST /blog/wp-trackback.php?p=17 HTTP/1.1" 200 98 "http://site.gwheellift.com/blog/?p=17" "Mozilla/5.0 (Windows NT 6.1; Trident/7.0; rv:11.0) like Gecko" "site.gwheellift.com"
45.59.66.130 - - [18/Sep/2022:18:29:25 -0700] "GET /blog/wp-trackback.php?p=12 HTTP/1.1" 200 98 "-" "Mozilla/5.0 (Windows NT 6.1; Trident/7.0; rv:11.0) like Gecko" "site.gwheellift.com"
45.59.66.130 - - [18/Sep/2022:18:29:27 -0700] "POST /blog/wp-trackback.php/trackback/ HTTP/1.1" 200 98 "http://site.gwheellift.com/blog/wp-trackback.php?p=12" "Mozilla/5.0 (Windows NT 6.1; Trident/7.0; rv:11.0) like Gecko" "site.gwheellift.com"
45.59.66.130 - - [18/Sep/2022:18:50:49 -0700] "GET /blog/?p=17 HTTP/1.1" 200 5523 "-" "Mozilla/5.0 (Windows NT 6.1; Trident/7.0; rv:11.0) like Gecko" "site.gwheellift.com"
45.59.66.130 - - [18/Sep/2022:18:50:51 -0700] "POST /blog/wp-trackback.php?p=17 HTTP/1.1" 200 98 "http://site.gwheellift.com/blog/?p=17" "Mozilla/5.0 (Windows NT 6.1; Trident/7.0; rv:11.0) like Gecko" "site.gwheellift.com"
154.12.241.100 - - [18/Sep/2022:19:04:22 -0700] "GET /blog/?p=17 HTTP/1.1" 200 5523 "http://site.gwheellift.com/" "Mozilla/5.0 (Macintosh; Intel Mac OS X 12_5) AppleWebKit/537.36 (KHTML, like Gecko) Chrome/103.0.0.0 Safari/537.36 OPR/89.0.4447.51" "site.gwheellift.com"
154.12.241.100 - - [18/Sep/2022:19:04:28 -0700] "GET /wp-login.php?action=register HTTP/1.1" 404 88 "http://site.gwheellift.com/" "Mozilla/5.0 (Windows NT 6.3; Win64; x64) AppleWebKit/537.36 (KHTML, like Gecko) Chrome/103.0.0.0 Safari/537.36" "site.gwheellift.com"
154.12.241.100 - - [18/Sep/2022:19:05:28 -0700] "GET /blog/?p=17 HTTP/1.1" 200 5523 "http://site.gwheellift.com/" "PHP/{5|6|7}.{3|2}.{1|2|3|4|5|6|7|8|9|0}{1|2|3|4|5|6|7|8|9|0}" "site.gwheellift.com"
154.12.241.100 - - [18/Sep/2022:19:05:29 -0700] "POST /blog/xmlrpc.php HTTP/1.1" 200 42 "http://site.gwheellift.com/" "PHP/7.2.12" "site.gwheellift.com"
154.12.241.100 - - [18/Sep/2022:19:05:30 -0700] "GET /blog/?p=17 HTTP/1.1" 200 5523 "-" "PHP/7.2.12" "site.gwheellift.com"
154.12.241.100 - - [18/Sep/2022:19:07:05 -0700] "GET /blog/?p=17 HTTP/1.1" 200 5523 "-" "Mozilla/5.0 (Windows NT 10.0; Win64; x64) AppleWebKit/537.36 (KHTML, like Gecko) Chrome/103.0.0.0 Safari/537.36 Vivaldi/5.3.2679.68" "site.gwheellift.com"
45.59.66.130 - - [18/Sep/2022:19:20:11 -0700] "GET /blog/?p=12 HTTP/1.1" 200 12097 "-" "Mozilla/5.0 (Windows NT 6.1; Trident/7.0; rv:11.0) like Gecko" "site.gwheellift.com"
45.59.66.130 - - [18/Sep/2022:19:20:12 -0700] "POST /blog/wp-trackback.php?p=12 HTTP/1.1" 200 98 "http://site.gwheellift.com/blog/?p=12" "Mozilla/5.0 (Windows NT 6.1; Trident/7.0; rv:11.0) like Gecko" "site.gwheellift.com"
114.119.128.55 - - [18/Sep/2022:19:50:09 -0700] "GET /robots.txt HTTP/1.1" 404 88 "-" "Mozilla/5.0 (compatible;PetalBot;+https://webmaster.petalsearch.com/site/petalbot)" "site.gwheellift.com"
45.59.66.130 - - [18/Sep/2022:19:52:34 -0700] "GET /blog/wp-trackback.php?p=12 HTTP/1.1" 200 98 "-" "Mozilla/5.0 (Windows NT 6.1; Trident/7.0; rv:11.0) like Gecko" "site.gwheellift.com"
45.59.66.130 - - [18/Sep/2022:19:52:35 -0700] "POST /blog/wp-trackback.php/trackback/ HTTP/1.1" 200 98 "http://site.gwheellift.com/blog/wp-trackback.php?p=12" "Mozilla/5.0 (Windows NT 6.1; Trident/7.0; rv:11.0) like Gecko" "site.gwheellift.com"
45.59.66.130 - - [18/Sep/2022:19:53:51 -0700] "GET /blog/?p=17 HTTP/1.1" 200 5523 "-" "Mozilla/5.0 (Windows NT 6.1; Trident/7.0; rv:11.0) like Gecko" "site.gwheellift.com"
45.59.66.130 - - [18/Sep/2022:19:53:52 -0700] "POST /blog/wp-trackback.php?p=17 HTTP/1.1" 200 98 "http://site.gwheellift.com/blog/?p=17" "Mozilla/5.0 (Windows NT 6.1; Trident/7.0; rv:11.0) like Gecko" "site.gwheellift.com"
45.59.66.130 - - [18/Sep/2022:20:17:46 -0700] "GET /blog/wp-trackback.php?p=12 HTTP/1.1" 200 98 "-" "Mozilla/5.0 (Windows NT 6.1; Trident/7.0; rv:11.0) like Gecko" "site.gwheellift.com"
45.59.66.130 - - [18/Sep/2022:20:17:48 -0700] "POST /blog/wp-trackback.php/trackback/ HTTP/1.1" 200 98 "http://site.gwheellift.com/blog/wp-trackback.php?p=12" "Mozilla/5.0 (Windows NT 6.1; Trident/7.0; rv:11.0) like Gecko" "site.gwheellift.com"
157.90.177.231 - - [18/Sep/2022:20:21:39 -0700] "GET /robots.txt HTTP/1.1" 404 88 "-" "Mozilla/5.0 (compatible; BLEXBot/1.0; +http://webmeup-crawler.com/)" "site.gwheellift.com"
157.90.177.231 - - [18/Sep/2022:20:22:16 -0700] "GET /sitemap.txt HTTP/1.1" 404 88 "-" "Mozilla/5.0 (compatible; BLEXBot/1.0; +http://webmeup-crawler.com/)" "site.gwheellift.com"
45.59.66.130 - - [18/Sep/2022:20:30:33 -0700] "GET /blog/wp-trackback.php?p=12 HTTP/1.1" 200 98 "-" "Mozilla/5.0 (Windows NT 6.1; Trident/7.0; rv:11.0) like Gecko" "site.gwheellift.com"
45.59.66.130 - - [18/Sep/2022:20:30:34 -0700] "POST /blog/wp-trackback.php/trackback/ HTTP/1.1" 200 98 "http://site.gwheellift.com/blog/wp-trackback.php?p=12" "Mozilla/5.0 (Windows NT 6.1; Trident/7.0; rv:11.0) like Gecko" "site.gwheellift.com"
154.12.241.100 - - [18/Sep/2022:20:47:11 -0700] "GET /blog/?p=17 HTTP/1.1" 200 5523 "-" "Mozilla/5.0 (Windows NT 10.0; Win64; x64) AppleWebKit/537.36 (KHTML, like Gecko) Chrome/103.0.0.0 Safari/537.36 Vivaldi/5.3.2679.68" "site.gwheellift.com"
45.59.66.130 - - [18/Sep/2022:20:49:57 -0700] "GET /blog/wp-trackback.php?p=12 HTTP/1.1" 200 98 "-" "Mozilla/5.0 (Windows NT 6.1; Trident/7.0; rv:11.0) like Gecko" "site.gwheellift.com"
45.59.66.130 - - [18/Sep/2022:20:49:58 -0700] "POST /blog/wp-trackback.php/trackback/ HTTP/1.1" 200 98 "http://site.gwheellift.com/blog/wp-trackback.php?p=12" "Mozilla/5.0 (Windows NT 6.1; Trident/7.0; rv:11.0) like Gecko" "site.gwheellift.com"
54.90.152.191 - - [18/Sep/2022:20:53:14 -0700] "GET /blog/?feed=rss HTTP/1.1" 304 - "https://www.google.com/" "Mozilla/5.0 (Windows NT 10.0; Win64; x64) AppleWebKit/537.36 (KHTML, like Gecko) Chrome/76.0.3809.100 Safari/537.36" "site.gwheellift.com"
157.55.39.126 - - [18/Sep/2022:21:30:45 -0700] "GET /tmp/2newbum.txt HTTP/1.1" 403 170 "-" "Mozilla/5.0 AppleWebKit/537.36 (KHTML, like Gecko; compatible; bingbot/2.0; +http://www.bing.com/bingbot.htm) Chrome/103.0.5060.134 Safari/537.36" "site.gwheellift.com"
45.59.66.130 - - [18/Sep/2022:21:57:22 -0700] "GET /blog/?p=17 HTTP/1.1" 200 5523 "-" "Mozilla/5.0 (Windows NT 6.1; Trident/7.0; rv:11.0) like Gecko" "site.gwheellift.com"
45.59.66.130 - - [18/Sep/2022:21:57:24 -0700] "POST /blog/wp-trackback.php?p=17 HTTP/1.1" 200 98 "http://site.gwheellift.com/blog/?p=17" "Mozilla/5.0 (Windows NT 6.1; Trident/7.0; rv:11.0) like Gecko" "site.gwheellift.com"
45.59.66.130 - - [18/Sep/2022:22:12:40 -0700] "GET /blog/wp-trackback.php?p=12 HTTP/1.1" 200 98 "-" "Mozilla/5.0 (Windows NT 6.1; Trident/7.0; rv:11.0) like Gecko" "site.gwheellift.com"
45.59.66.130 - - [18/Sep/2022:22:12:41 -0700] "POST /blog/wp-trackback.php/trackback/ HTTP/1.1" 200 98 "http://site.gwheellift.com/blog/wp-trackback.php?p=12" "Mozilla/5.0 (Windows NT 6.1; Trident/7.0; rv:11.0) like Gecko" "site.gwheellift.com"
45.59.66.130 - - [18/Sep/2022:22:12:41 -0700] "GET /blog/wp-trackback.php?p=12 HTTP/1.1" 200 98 "-" "Mozilla/5.0 (Windows NT 6.1; Trident/7.0; rv:11.0) like Gecko" "site.gwheellift.com"
45.59.66.130 - - [18/Sep/2022:22:15:06 -0700] "GET /blog/?p=12 HTTP/1.1" 200 12097 "-" "Mozilla/5.0 (Windows NT 6.1; Trident/7.0; rv:11.0) like Gecko" "site.gwheellift.com"
45.59.66.130 - - [18/Sep/2022:22:15:08 -0700] "POST /blog/wp-trackback.php?p=12 HTTP/1.1" 200 98 "http://site.gwheellift.com/blog/?p=12" "Mozilla/5.0 (Windows NT 6.1; Trident/7.0; rv:11.0) like Gecko" "site.gwheellift.com"
49.7.21.113 - - [18/Sep/2022:22:17:07 -0700] "GET / HTTP/1.1" 200 370 "-" "Sogou web spider/4.0(+http://www.sogou.com/docs/help/webmasters.htm#07)" "site.gwheellift.com"
154.12.241.100 - - [18/Sep/2022:22:29:27 -0700] "GET /blog/?p=17 HTTP/1.1" 200 5523 "-" "Mozilla/5.0 (Windows NT 10.0; Win64; x64) AppleWebKit/537.36 (KHTML, like Gecko) Chrome/103.0.0.0 Safari/537.36 Vivaldi/5.3.2679.68" "site.gwheellift.com"
114.119.154.215 - - [18/Sep/2022:22:37:13 -0700] "GET /blog/?feed=rss2&p=17 HTTP/1.1" 200 504 "http://site.gwheellift.com/blog?p=17" "Mozilla/5.0 (Linux; Android 7.0;) AppleWebKit/537.36 (KHTML, like Gecko) Mobile Safari/537.36 (compatible; PetalBot;+https://webmaster.petalsearch.com/site/petalbot)" "site.gwheellift.com"
45.59.66.130 - - [18/Sep/2022:23:12:01 -0700] "GET /blog/wp-trackback.php?p=12 HTTP/1.1" 200 98 "-" "Mozilla/5.0 (Windows NT 6.1; Trident/7.0; rv:11.0) like Gecko" "site.gwheellift.com"
45.59.66.130 - - [18/Sep/2022:23:12:02 -0700] "POST /blog/wp-trackback.php/trackback/ HTTP/1.1" 200 98 "http://site.gwheellift.com/blog/wp-trackback.php?p=12" "Mozilla/5.0 (Windows NT 6.1; Trident/7.0; rv:11.0) like Gecko" "site.gwheellift.com"
114.119.128.58 - - [18/Sep/2022:23:23:56 -0700] "GET /robots.txt HTTP/1.1" 404 88 "-" "Mozilla/5.0 (compatible;PetalBot;+https://webmaster.petalsearch.com/site/petalbot)" "site.gwheellift.com"
45.59.66.130 - - [18/Sep/2022:23:37:31 -0700] "GET /blog/?p=12 HTTP/1.1" 200 12097 "-" "Mozilla/5.0 (Windows NT 6.1; Trident/7.0; rv:11.0) like Gecko" "site.gwheellift.com"
45.59.66.130 - - [18/Sep/2022:23:37:33 -0700] "POST /blog/wp-trackback.php?p=12 HTTP/1.1" 200 98 "http://site.gwheellift.com/blog/?p=12" "Mozilla/5.0 (Windows NT 6.1; Trident/7.0; rv:11.0) like Gecko" "site.gwheellift.com"
66.249.79.53 - - [18/Sep/2022:23:41:14 -0700] "GET /robots.txt HTTP/1.1" 404 88 "-" "Mozilla/5.0 (compatible; Googlebot/2.1; +http://www.google.com/bot.html)" "site.gwheellift.com"
45.59.66.130 - - [18/Sep/2022:23:45:24 -0700] "GET /blog/?p=12 HTTP/1.1" 200 12097 "-" "Mozilla/5.0 (Windows NT 6.1; Trident/7.0; rv:11.0) like Gecko" "site.gwheellift.com"
45.59.66.130 - - [18/Sep/2022:23:45:25 -0700] "POST /blog/wp-trackback.php?p=12 HTTP/1.1" 200 98 "http://site.gwheellift.com/blog/?p=12" "Mozilla/5.0 (Windows NT 6.1; Trident/7.0; rv:11.0) like Gecko" "site.gwheellift.com"
66.249.79.53 - - [18/Sep/2022:23:45:41 -0700] "GET /ads.txt HTTP/1.1" 404 88 "-" "Mozilla/5.0 (compatible; Googlebot/2.1; +http://www.google.com/bot.html)" "site.gwheellift.com"
45.59.66.130 - - [18/Sep/2022:23:53:17 -0700] "GET /blog/?p=12 HTTP/1.1" 200 12097 "-" "Mozilla/5.0 (Windows NT 6.1; Trident/7.0; rv:11.0) like Gecko" "site.gwheellift.com"
45.59.66.130 - - [18/Sep/2022:23:53:18 -0700] "POST /blog/wp-trackback.php?p=12 HTTP/1.1" 200 98 "http://site.gwheellift.com/blog/?p=12" "Mozilla/5.0 (Windows NT 6.1; Trident/7.0; rv:11.0) like Gecko" "site.gwheellift.com"
154.12.241.100 - - [19/Sep/2022:00:09:31 -0700] "GET /blog/?p=17 HTTP/1.1" 200 5523 "-" "Mozilla/5.0 (Windows NT 10.0; Win64; x64) AppleWebKit/537.36 (KHTML, like Gecko) Chrome/103.0.0.0 YaBrowser/22.7.0 Yowser/2.5 Safari/537.36" "site.gwheellift.com"
45.59.66.130 - - [19/Sep/2022:00:42:10 -0700] "GET /blog/?p=17 HTTP/1.1" 200 5523 "-" "Mozilla/5.0 (Windows NT 6.1; Trident/7.0; rv:11.0) like Gecko" "site.gwheellift.com"
45.59.66.130 - - [19/Sep/2022:00:42:12 -0700] "POST /blog/wp-trackback.php?p=17 HTTP/1.1" 200 98 "http://site.gwheellift.com/blog/?p=17" "Mozilla/5.0 (Windows NT 6.1; Trident/7.0; rv:11.0) like Gecko" "site.gwheellift.com"
54.161.31.65 - - [19/Sep/2022:00:57:38 -0700] "GET /blog/?feed=atom HTTP/1.1" 304 - "https://www.google.com/" "Mozilla/5.0 (Windows NT 10.0; Win64; x64; rv:72.0) Gecko/20100101 Firefox/72.0" "site.gwheellift.com"
45.59.66.130 - - [19/Sep/2022:01:27:17 -0700] "GET /blog/?p=17 HTTP/1.1" 200 5523 "-" "Mozilla/5.0 (Windows NT 6.1; Trident/7.0; rv:11.0) like Gecko" "site.gwheellift.com"
45.59.66.130 - - [19/Sep/2022:01:27:19 -0700] "POST /blog/wp-trackback.php?p=17 HTTP/1.1" 200 98 "http://site.gwheellift.com/blog/?p=17" "Mozilla/5.0 (Windows NT 6.1; Trident/7.0; rv:11.0) like Gecko" "site.gwheellift.com"
45.59.66.130 - - [19/Sep/2022:01:27:19 -0700] "GET /blog/?p=17 HTTP/1.1" 200 5523 "-" "Mozilla/5.0 (Windows NT 6.1; Trident/7.0; rv:11.0) like Gecko" "site.gwheellift.com"
45.59.66.130 - - [19/Sep/2022:01:29:10 -0700] "GET /blog/?p=17 HTTP/1.1" 200 5523 "-" "Mozilla/5.0 (Windows NT 6.1; Trident/7.0; rv:11.0) like Gecko" "site.gwheellift.com"
45.59.66.130 - - [19/Sep/2022:01:29:11 -0700] "POST /blog/wp-trackback.php?p=17 HTTP/1.1" 200 98 "http://site.gwheellift.com/blog/?p=17" "Mozilla/5.0 (Windows NT 6.1; Trident/7.0; rv:11.0) like Gecko" "site.gwheellift.com"
45.59.66.130 - - [19/Sep/2022:01:33:08 -0700] "GET /blog/?p=17 HTTP/1.1" 200 5523 "-" "Mozilla/5.0 (Windows NT 6.1; Trident/7.0; rv:11.0) like Gecko" "site.gwheellift.com"
45.59.66.130 - - [19/Sep/2022:01:33:09 -0700] "POST /blog/wp-trackback.php?p=17 HTTP/1.1" 200 98 "http://site.gwheellift.com/blog/?p=17" "Mozilla/5.0 (Windows NT 6.1; Trident/7.0; rv:11.0) like Gecko" "site.gwheellift.com"
45.59.66.130 - - [19/Sep/2022:01:43:34 -0700] "GET /blog/?p=12 HTTP/1.1" 200 12097 "-" "Mozilla/5.0 (Windows NT 6.1; Trident/7.0; rv:11.0) like Gecko" "site.gwheellift.com"
45.59.66.130 - - [19/Sep/2022:01:43:36 -0700] "POST /blog/wp-trackback.php?p=12 HTTP/1.1" 200 98 "http://site.gwheellift.com/blog/?p=12" "Mozilla/5.0 (Windows NT 6.1; Trident/7.0; rv:11.0) like Gecko" "site.gwheellift.com"
45.59.66.130 - - [19/Sep/2022:01:43:37 -0700] "GET /blog/?p=12 HTTP/1.1" 200 12097 "-" "Mozilla/5.0 (Windows NT 6.1; Trident/7.0; rv:11.0) like Gecko" "site.gwheellift.com"
45.59.66.130 - - [19/Sep/2022:01:51:01 -0700] "GET /blog/wp-trackback.php?p=12 HTTP/1.1" 200 98 "-" "Mozilla/5.0 (Windows NT 6.1; Trident/7.0; rv:11.0) like Gecko" "site.gwheellift.com"
45.59.66.130 - - [19/Sep/2022:01:51:02 -0700] "POST /blog/wp-trackback.php/trackback/ HTTP/1.1" 200 98 "http://site.gwheellift.com/blog/wp-trackback.php?p=12" "Mozilla/5.0 (Windows NT 6.1; Trident/7.0; rv:11.0) like Gecko" "site.gwheellift.com"
45.59.66.130 - - [19/Sep/2022:02:16:05 -0700] "GET /blog/?p=17 HTTP/1.1" 200 5523 "-" "Mozilla/5.0 (Windows NT 6.1; Trident/7.0; rv:11.0) like Gecko" "site.gwheellift.com"
45.59.66.130 - - [19/Sep/2022:02:16:07 -0700] "POST /blog/wp-trackback.php?p=17 HTTP/1.1" 200 98 "http://site.gwheellift.com/blog/?p=17" "Mozilla/5.0 (Windows NT 6.1; Trident/7.0; rv:11.0) like Gecko" "site.gwheellift.com"
135.181.213.219 - - [19/Sep/2022:02:23:07 -0700] "GET /robots.txt HTTP/1.1" 404 73 "-" "Mozilla/5.0 (compatible; MJ12bot/v1.4.8; http://mj12bot.com/)" "site.gwheellift.com"
135.181.213.219 - - [19/Sep/2022:02:23:09 -0700] "GET /blog/?s=hgdjhgjlarry%20page%20says%20muslims%20are%20gay%20/%20clit%20%20%20%20%20%C2%A311.42%20open%20box HTTP/1.1" 200 4060 "-" "Mozilla/5.0 (compatible; MJ12bot/v1.4.8; http://mj12bot.com/)" "site.gwheellift.com"
135.181.213.219 - - [19/Sep/2022:02:23:12 -0700] "GET /tmp/%3C?%3E HTTP/1.1" 403 170 "-" "Mozilla/5.0 (compatible; MJ12bot/v1.4.8; http://mj12bot.com/)" "site.gwheellift.com"
135.181.213.219 - - [19/Sep/2022:02:23:14 -0700] "GET /tmp//%22%22.$item[1].%22/%22 HTTP/1.1" 403 170 "-" "Mozilla/5.0 (compatible; MJ12bot/v1.4.8; http://mj12bot.com/)" "site.gwheellift.com"
