45.59.66.130 - - [05/Sep/2022:02:55:41 -0700] "GET /blog/wp-trackback.php?p=12 HTTP/1.1" 200 98 "-" "Mozilla/5.0 (Windows NT 6.1; Trident/7.0; rv:11.0) like Gecko" "site.gwheellift.com"
45.59.66.130 - - [05/Sep/2022:02:55:42 -0700] "POST /blog/wp-trackback.php/trackback/ HTTP/1.1" 200 98 "http://site.gwheellift.com/blog/wp-trackback.php?p=12" "Mozilla/5.0 (Windows NT 6.1; Trident/7.0; rv:11.0) like Gecko" "site.gwheellift.com"
45.59.66.130 - - [05/Sep/2022:02:56:39 -0700] "GET /blog/?p=12 HTTP/1.1" 200 12097 "-" "Mozilla/5.0 (Windows NT 6.1; Trident/7.0; rv:11.0) like Gecko" "site.gwheellift.com"
45.59.66.130 - - [05/Sep/2022:02:56:40 -0700] "POST /blog/wp-trackback.php?p=12 HTTP/1.1" 200 98 "http://site.gwheellift.com/blog/?p=12" "Mozilla/5.0 (Windows NT 6.1; Trident/7.0; rv:11.0) like Gecko" "site.gwheellift.com"
45.59.66.130 - - [05/Sep/2022:02:59:16 -0700] "GET /blog/?p=17 HTTP/1.1" 200 5523 "-" "Mozilla/5.0 (Windows NT 6.1; Trident/7.0; rv:11.0) like Gecko" "site.gwheellift.com"
45.59.66.130 - - [05/Sep/2022:02:59:17 -0700] "POST /blog/wp-trackback.php?p=17 HTTP/1.1" 200 98 "http://site.gwheellift.com/blog/?p=17" "Mozilla/5.0 (Windows NT 6.1; Trident/7.0; rv:11.0) like Gecko" "site.gwheellift.com"
45.59.66.130 - - [05/Sep/2022:03:20:41 -0700] "GET /blog/?p=12 HTTP/1.1" 200 12097 "-" "Mozilla/5.0 (Windows NT 6.1; Trident/7.0; rv:11.0) like Gecko" "site.gwheellift.com"
45.59.66.130 - - [05/Sep/2022:03:20:42 -0700] "POST /blog/wp-trackback.php?p=12 HTTP/1.1" 200 98 "http://site.gwheellift.com/blog/?p=12" "Mozilla/5.0 (Windows NT 6.1; Trident/7.0; rv:11.0) like Gecko" "site.gwheellift.com"
196.199.122.240 - - [05/Sep/2022:03:24:50 -0700] "GET /blog/?p=12 HTTP/1.1" 200 12097 "-" "Mozilla/5.0 (Macintosh; Intel Mac OS X 10_13_4) AppleWebKit/537.36 (KHTML, like Gecko) Chrome/65.0.3325.146 Safari/537.36" "site.gwheellift.com"
47.254.241.58 - - [05/Sep/2022:04:18:08 -0700] "GET /blog/?p=17 HTTP/1.1" 200 5523 "-" "Mozilla/5.0 (X11; Ubuntu; Linux x86_64; rv:102.0) Gecko/20100101 Firefox/102.0" "site.gwheellift.com"
216.244.66.199 - - [05/Sep/2022:04:22:11 -0700] "GET /robots.txt HTTP/1.1" 404 73 "-" "Mozilla/5.0 (compatible; DotBot/1.2; +https://opensiteexplorer.org/dotbot; help@moz.com)" "site.gwheellift.com"
45.59.66.130 - - [05/Sep/2022:04:34:07 -0700] "GET /blog/wp-trackback.php?p=12 HTTP/1.1" 200 98 "-" "Mozilla/5.0 (Windows NT 6.1; Trident/7.0; rv:11.0) like Gecko" "site.gwheellift.com"
45.59.66.130 - - [05/Sep/2022:04:34:08 -0700] "POST /blog/wp-trackback.php/trackback/ HTTP/1.1" 200 98 "http://site.gwheellift.com/blog/wp-trackback.php?p=12" "Mozilla/5.0 (Windows NT 6.1; Trident/7.0; rv:11.0) like Gecko" "site.gwheellift.com"
51.222.253.6 - - [05/Sep/2022:04:42:21 -0700] "GET / HTTP/1.1" 200 370 "-" "Mozilla/5.0 (compatible; AhrefsBot/7.0; +http://ahrefs.com/robot/)" "site.gwheellift.com"
45.59.66.130 - - [05/Sep/2022:04:47:48 -0700] "GET /blog/?p=17 HTTP/1.1" 200 5523 "-" "Mozilla/5.0 (Windows NT 6.1; Trident/7.0; rv:11.0) like Gecko" "site.gwheellift.com"
45.59.66.130 - - [05/Sep/2022:04:47:49 -0700] "POST /blog/wp-trackback.php?p=17 HTTP/1.1" 200 98 "http://site.gwheellift.com/blog/?p=17" "Mozilla/5.0 (Windows NT 6.1; Trident/7.0; rv:11.0) like Gecko" "site.gwheellift.com"
196.19.240.128 - - [05/Sep/2022:05:06:05 -0700] "GET /blog/?p=12 HTTP/1.1" 200 12097 "-" "Mozilla/5.0 (Macintosh; Intel Mac OS X 10_13_4) AppleWebKit/537.36 (KHTML, like Gecko) Chrome/65.0.3325.146 Safari/537.36" "site.gwheellift.com"
45.59.66.130 - - [05/Sep/2022:05:22:11 -0700] "GET /blog/?p=12 HTTP/1.1" 200 12097 "-" "Mozilla/5.0 (Windows NT 6.1; Trident/7.0; rv:11.0) like Gecko" "site.gwheellift.com"
45.59.66.130 - - [05/Sep/2022:05:22:12 -0700] "POST /blog/wp-trackback.php?p=12 HTTP/1.1" 200 98 "http://site.gwheellift.com/blog/?p=12" "Mozilla/5.0 (Windows NT 6.1; Trident/7.0; rv:11.0) like Gecko" "site.gwheellift.com"
40.77.167.58 - - [05/Sep/2022:05:26:39 -0700] "GET /blog/wp-content/uploads/leg-deficiency-photo.jpg HTTP/1.1" 200 51318 "-" "Mozilla/5.0 (compatible; bingbot/2.0; +http://www.bing.com/bingbot.htm)" "site.gwheellift.com"
45.59.66.130 - - [05/Sep/2022:05:44:29 -0700] "GET /blog/?p=12 HTTP/1.1" 200 12097 "-" "Mozilla/5.0 (Windows NT 6.1; Trident/7.0; rv:11.0) like Gecko" "site.gwheellift.com"
45.59.66.130 - - [05/Sep/2022:05:44:31 -0700] "POST /blog/wp-trackback.php?p=12 HTTP/1.1" 200 98 "http://site.gwheellift.com/blog/?p=12" "Mozilla/5.0 (Windows NT 6.1; Trident/7.0; rv:11.0) like Gecko" "site.gwheellift.com"
62.210.215.100 - - [05/Sep/2022:05:58:42 -0700] "GET /blog/?feed=atom HTTP/1.1" 200 27006 "-" "Mozilla/5.0 (X11; Linux i686) AppleWebKit/537.36 (KHTML, like Gecko) Chrome/30.0.1599.66 Safari/537.36" "site.gwheellift.com"
45.59.66.130 - - [05/Sep/2022:06:07:07 -0700] "GET /blog/?p=17 HTTP/1.1" 200 5523 "-" "Mozilla/5.0 (Windows NT 6.1; Trident/7.0; rv:11.0) like Gecko" "site.gwheellift.com"
45.59.66.130 - - [05/Sep/2022:06:07:09 -0700] "POST /blog/wp-trackback.php?p=17 HTTP/1.1" 200 98 "http://site.gwheellift.com/blog/?p=17" "Mozilla/5.0 (Windows NT 6.1; Trident/7.0; rv:11.0) like Gecko" "site.gwheellift.com"
45.59.66.130 - - [05/Sep/2022:06:08:59 -0700] "GET /blog/wp-trackback.php?p=12 HTTP/1.1" 200 98 "-" "Mozilla/5.0 (Windows NT 6.1; Trident/7.0; rv:11.0) like Gecko" "site.gwheellift.com"
45.59.66.130 - - [05/Sep/2022:06:09:00 -0700] "POST /blog/wp-trackback.php/trackback/ HTTP/1.1" 200 98 "http://site.gwheellift.com/blog/wp-trackback.php?p=12" "Mozilla/5.0 (Windows NT 6.1; Trident/7.0; rv:11.0) like Gecko" "site.gwheellift.com"
103.149.249.26 - - [05/Sep/2022:06:11:31 -0700] "GET /blog/?p=17 HTTP/1.1" 200 5523 "-" "Mozilla/5.0 (X11; Ubuntu; Linux x86_64; rv:102.0) Gecko/20100101 Firefox/102.0" "site.gwheellift.com"
45.59.66.130 - - [05/Sep/2022:06:13:12 -0700] "GET /blog/?p=17 HTTP/1.1" 200 5523 "-" "Mozilla/5.0 (Windows NT 6.1; Trident/7.0; rv:11.0) like Gecko" "site.gwheellift.com"
45.59.66.130 - - [05/Sep/2022:06:13:13 -0700] "POST /blog/wp-trackback.php?p=17 HTTP/1.1" 200 98 "http://site.gwheellift.com/blog/?p=17" "Mozilla/5.0 (Windows NT 6.1; Trident/7.0; rv:11.0) like Gecko" "site.gwheellift.com"
65.108.78.33 - - [05/Sep/2022:06:42:40 -0700] "GET /robots.txt HTTP/1.1" 404 73 "-" "Mozilla/5.0 (compatible; MJ12bot/v1.4.8; http://mj12bot.com/)" "site.gwheellift.com"
65.108.78.33 - - [05/Sep/2022:06:42:42 -0700] "GET /blog/?s=hgdjhgjlarry%20page%20says%20muslims%20are%20gay%20/%20clit%20%20%20%20%20%C2%A311.42%20open%20box HTTP/1.1" 200 4060 "-" "Mozilla/5.0 (compatible; MJ12bot/v1.4.8; http://mj12bot.com/)" "site.gwheellift.com"
173.54.140.104 - - [05/Sep/2022:06:46:17 -0700] "GET /blog/wp-content/uploads/fivecork.jpg HTTP/1.1" 200 36154 "-" "Safari/17613.3.9.1.16 CFNetwork/1335.0.3 Darwin/21.6.0" "site.gwheellift.com"
123.125.109.142 - - [05/Sep/2022:06:56:36 -0700] "GET / HTTP/1.1" 200 370 "-" "Sogou web spider/4.0(+http://www.sogou.com/docs/help/webmasters.htm#07)" "site.gwheellift.com"
45.59.66.130 - - [05/Sep/2022:06:59:54 -0700] "GET /blog/wp-trackback.php?p=12 HTTP/1.1" 200 98 "-" "Mozilla/5.0 (Windows NT 6.1; Trident/7.0; rv:11.0) like Gecko" "site.gwheellift.com"
45.59.66.130 - - [05/Sep/2022:06:59:55 -0700] "POST /blog/wp-trackback.php/trackback/ HTTP/1.1" 200 98 "http://site.gwheellift.com/blog/wp-trackback.php?p=12" "Mozilla/5.0 (Windows NT 6.1; Trident/7.0; rv:11.0) like Gecko" "site.gwheellift.com"
45.59.66.130 - - [05/Sep/2022:07:10:24 -0700] "GET /blog/?p=12 HTTP/1.1" 200 12097 "-" "Mozilla/5.0 (Windows NT 6.1; Trident/7.0; rv:11.0) like Gecko" "site.gwheellift.com"
45.59.66.130 - - [05/Sep/2022:07:10:25 -0700] "POST /blog/wp-trackback.php?p=12 HTTP/1.1" 200 98 "http://site.gwheellift.com/blog/?p=12" "Mozilla/5.0 (Windows NT 6.1; Trident/7.0; rv:11.0) like Gecko" "site.gwheellift.com"
45.59.66.130 - - [05/Sep/2022:07:10:26 -0700] "GET /blog/?p=12 HTTP/1.1" 200 12097 "-" "Mozilla/5.0 (Windows NT 6.1; Trident/7.0; rv:11.0) like Gecko" "site.gwheellift.com"
45.59.66.130 - - [05/Sep/2022:07:21:05 -0700] "GET /blog/?p=17 HTTP/1.1" 200 5523 "-" "Mozilla/5.0 (Windows NT 6.1; Trident/7.0; rv:11.0) like Gecko" "site.gwheellift.com"
45.59.66.130 - - [05/Sep/2022:07:21:06 -0700] "POST /blog/wp-trackback.php?p=17 HTTP/1.1" 200 98 "http://site.gwheellift.com/blog/?p=17" "Mozilla/5.0 (Windows NT 6.1; Trident/7.0; rv:11.0) like Gecko" "site.gwheellift.com"
163.172.28.169 - - [05/Sep/2022:07:22:46 -0700] "GET /blog/?p=17 HTTP/1.1" 200 5523 "-" "Mozilla/5.0 (X11; Ubuntu; Linux x86_64; rv:102.0) Gecko/20100101 Firefox/102.0" "site.gwheellift.com"
45.59.66.130 - - [05/Sep/2022:07:27:13 -0700] "GET /blog/?p=12 HTTP/1.1" 200 12097 "-" "Mozilla/5.0 (Windows NT 6.1; Trident/7.0; rv:11.0) like Gecko" "site.gwheellift.com"
45.59.66.130 - - [05/Sep/2022:07:27:18 -0700] "POST /blog/wp-trackback.php?p=12 HTTP/1.1" 200 98 "http://site.gwheellift.com/blog/?p=12" "Mozilla/5.0 (Windows NT 6.1; Trident/7.0; rv:11.0) like Gecko" "site.gwheellift.com"
45.59.66.130 - - [05/Sep/2022:07:36:05 -0700] "GET /blog/?p=12 HTTP/1.1" 200 12097 "-" "Mozilla/5.0 (Windows NT 6.1; Trident/7.0; rv:11.0) like Gecko" "site.gwheellift.com"
45.59.66.130 - - [05/Sep/2022:07:36:07 -0700] "POST /blog/wp-trackback.php?p=12 HTTP/1.1" 200 98 "http://site.gwheellift.com/blog/?p=12" "Mozilla/5.0 (Windows NT 6.1; Trident/7.0; rv:11.0) like Gecko" "site.gwheellift.com"
45.59.66.130 - - [05/Sep/2022:07:43:29 -0700] "GET /blog/?p=17 HTTP/1.1" 200 5523 "-" "Mozilla/5.0 (Windows NT 6.1; Trident/7.0; rv:11.0) like Gecko" "site.gwheellift.com"
45.59.66.130 - - [05/Sep/2022:07:43:31 -0700] "POST /blog/wp-trackback.php?p=17 HTTP/1.1" 200 98 "http://site.gwheellift.com/blog/?p=17" "Mozilla/5.0 (Windows NT 6.1; Trident/7.0; rv:11.0) like Gecko" "site.gwheellift.com"
45.59.66.130 - - [05/Sep/2022:08:21:10 -0700] "GET /blog/?p=17 HTTP/1.1" 200 5523 "-" "Mozilla/5.0 (Windows NT 6.1; Trident/7.0; rv:11.0) like Gecko" "site.gwheellift.com"
45.59.66.130 - - [05/Sep/2022:08:21:11 -0700] "POST /blog/wp-trackback.php?p=17 HTTP/1.1" 200 98 "http://site.gwheellift.com/blog/?p=17" "Mozilla/5.0 (Windows NT 6.1; Trident/7.0; rv:11.0) like Gecko" "site.gwheellift.com"
45.59.66.130 - - [05/Sep/2022:08:21:12 -0700] "GET /blog/?p=17 HTTP/1.1" 200 5523 "-" "Mozilla/5.0 (Windows NT 6.1; Trident/7.0; rv:11.0) like Gecko" "site.gwheellift.com"
45.59.66.130 - - [05/Sep/2022:08:30:24 -0700] "GET /blog/wp-trackback.php?p=12 HTTP/1.1" 200 98 "-" "Mozilla/5.0 (Windows NT 6.1; Trident/7.0; rv:11.0) like Gecko" "site.gwheellift.com"
45.59.66.130 - - [05/Sep/2022:08:30:25 -0700] "POST /blog/wp-trackback.php/trackback/ HTTP/1.1" 200 98 "http://site.gwheellift.com/blog/wp-trackback.php?p=12" "Mozilla/5.0 (Windows NT 6.1; Trident/7.0; rv:11.0) like Gecko" "site.gwheellift.com"
45.59.66.130 - - [05/Sep/2022:08:30:26 -0700] "GET /blog/wp-trackback.php?p=12 HTTP/1.1" 200 98 "-" "Mozilla/5.0 (Windows NT 6.1; Trident/7.0; rv:11.0) like Gecko" "site.gwheellift.com"
45.59.66.130 - - [05/Sep/2022:09:23:34 -0700] "GET /blog/wp-trackback.php?p=12 HTTP/1.1" 200 98 "-" "Mozilla/5.0 (Windows NT 6.1; Trident/7.0; rv:11.0) like Gecko" "site.gwheellift.com"
45.59.66.130 - - [05/Sep/2022:09:23:35 -0700] "POST /blog/wp-trackback.php/trackback/ HTTP/1.1" 200 98 "http://site.gwheellift.com/blog/wp-trackback.php?p=12" "Mozilla/5.0 (Windows NT 6.1; Trident/7.0; rv:11.0) like Gecko" "site.gwheellift.com"
45.59.66.130 - - [05/Sep/2022:09:36:07 -0700] "GET /blog/?p=12 HTTP/1.1" 200 12097 "-" "Mozilla/5.0 (Windows NT 6.1; Trident/7.0; rv:11.0) like Gecko" "site.gwheellift.com"
45.59.66.130 - - [05/Sep/2022:09:36:08 -0700] "POST /blog/wp-trackback.php?p=12 HTTP/1.1" 200 98 "http://site.gwheellift.com/blog/?p=12" "Mozilla/5.0 (Windows NT 6.1; Trident/7.0; rv:11.0) like Gecko" "site.gwheellift.com"
45.59.66.130 - - [05/Sep/2022:09:51:02 -0700] "GET /blog/wp-trackback.php?p=12 HTTP/1.1" 200 98 "-" "Mozilla/5.0 (Windows NT 6.1; Trident/7.0; rv:11.0) like Gecko" "site.gwheellift.com"
45.59.66.130 - - [05/Sep/2022:09:51:04 -0700] "POST /blog/wp-trackback.php/trackback/ HTTP/1.1" 200 98 "http://site.gwheellift.com/blog/wp-trackback.php?p=12" "Mozilla/5.0 (Windows NT 6.1; Trident/7.0; rv:11.0) like Gecko" "site.gwheellift.com"
45.59.66.130 - - [05/Sep/2022:09:53:11 -0700] "GET /blog/wp-trackback.php?p=12 HTTP/1.1" 200 98 "-" "Mozilla/5.0 (Windows NT 6.1; Trident/7.0; rv:11.0) like Gecko" "site.gwheellift.com"
45.59.66.130 - - [05/Sep/2022:09:53:11 -0700] "POST /blog/wp-trackback.php/trackback/ HTTP/1.1" 200 98 "http://site.gwheellift.com/blog/wp-trackback.php?p=12" "Mozilla/5.0 (Windows NT 6.1; Trident/7.0; rv:11.0) like Gecko" "site.gwheellift.com"
45.59.66.130 - - [05/Sep/2022:09:56:44 -0700] "GET /blog/?p=12 HTTP/1.1" 200 12097 "-" "Mozilla/5.0 (Windows NT 6.1; Trident/7.0; rv:11.0) like Gecko" "site.gwheellift.com"
45.59.66.130 - - [05/Sep/2022:09:56:45 -0700] "POST /blog/wp-trackback.php?p=12 HTTP/1.1" 200 98 "http://site.gwheellift.com/blog/?p=12" "Mozilla/5.0 (Windows NT 6.1; Trident/7.0; rv:11.0) like Gecko" "site.gwheellift.com"
45.59.66.130 - - [05/Sep/2022:09:58:35 -0700] "GET /blog/?p=17 HTTP/1.1" 200 5523 "-" "Mozilla/5.0 (Windows NT 6.1; Trident/7.0; rv:11.0) like Gecko" "site.gwheellift.com"
45.59.66.130 - - [05/Sep/2022:09:58:36 -0700] "POST /blog/wp-trackback.php?p=17 HTTP/1.1" 200 98 "http://site.gwheellift.com/blog/?p=17" "Mozilla/5.0 (Windows NT 6.1; Trident/7.0; rv:11.0) like Gecko" "site.gwheellift.com"
51.79.137.185 - - [05/Sep/2022:10:49:44 -0700] "GET /blog/?p=17 HTTP/1.1" 200 5523 "http://site.gwheellift.com/" "Mozilla/5.0 (Windows NT 10.0) AppleWebKit/537.36 (KHTML, like Gecko) Chrome/103.0.0.0 Safari/537.36" "site.gwheellift.com"
51.79.137.185 - - [05/Sep/2022:10:49:48 -0700] "POST /blog/xmlrpc.php HTTP/1.1" 200 42 "http://site.gwheellift.com/" "PHP/6.2.55" "site.gwheellift.com"
51.79.137.185 - - [05/Sep/2022:10:49:49 -0700] "GET /blog/?p=17 HTTP/1.1" 200 5523 "-" "PHP/6.2.55" "site.gwheellift.com"
45.59.66.130 - - [05/Sep/2022:10:52:58 -0700] "GET /blog/wp-trackback.php?p=12 HTTP/1.1" 200 98 "-" "Mozilla/5.0 (Windows NT 6.1; Trident/7.0; rv:11.0) like Gecko" "site.gwheellift.com"
45.59.66.130 - - [05/Sep/2022:10:52:59 -0700] "POST /blog/wp-trackback.php/trackback/ HTTP/1.1" 200 98 "http://site.gwheellift.com/blog/wp-trackback.php?p=12" "Mozilla/5.0 (Windows NT 6.1; Trident/7.0; rv:11.0) like Gecko" "site.gwheellift.com"
51.79.137.185 - - [05/Sep/2022:10:55:56 -0700] "GET /blog/?p=17 HTTP/1.1" 200 5523 "-" "Mozilla/5.0 (X11; Ubuntu; Linux x86_64; rv:102.0) Gecko/20100101 Firefox/102.0" "site.gwheellift.com"
40.77.167.60 - - [05/Sep/2022:11:06:31 -0700] "GET /logs/access_121031.log HTTP/1.1" 403 170 "-" "Mozilla/5.0 (compatible; bingbot/2.0; +http://www.bing.com/bingbot.htm)" "site.gwheellift.com"
107.21.36.130 - - [05/Sep/2022:11:07:40 -0700] "GET /blog/?feed=rss HTTP/1.1" 304 - "https://www.google.com/" "Mozilla/5.0 (X11; Ubuntu; Linux x86_64; rv:73.0) Gecko/20100101 Firefox/73.0" "site.gwheellift.com"
66.249.79.54 - - [05/Sep/2022:11:12:28 -0700] "GET /robots.txt HTTP/1.1" 404 88 "-" "Mozilla/5.0 (compatible; Googlebot/2.1; +http://www.google.com/bot.html)" "site.gwheellift.com"
66.249.79.58 - - [05/Sep/2022:11:12:28 -0700] "GET /robots.txt HTTP/1.1" 404 88 "-" "Mozilla/5.0 (compatible; Googlebot/2.1; +http://www.google.com/bot.html)" "site.gwheellift.com"
66.249.79.54 - - [05/Sep/2022:11:12:31 -0700] "GET /ads.txt HTTP/1.1" 404 88 "-" "Mozilla/5.0 (compatible; Googlebot/2.1; +http://www.google.com/bot.html)" "site.gwheellift.com"
66.249.79.53 - - [05/Sep/2022:11:12:34 -0700] "GET /ads.txt HTTP/1.1" 404 88 "-" "Mozilla/5.0 (compatible; Googlebot/2.1; +http://www.google.com/bot.html)" "site.gwheellift.com"
54.91.0.187 - - [05/Sep/2022:11:27:59 -0700] "GET /blog/?feed=atom HTTP/1.1" 304 - "https://www.google.com/" "Mozilla/5.0 (X11; Linux x86_64) AppleWebKit/537.36 (KHTML, like Gecko) Chrome/80.0.3987.122 Safari/537.36" "site.gwheellift.com"
45.59.66.130 - - [05/Sep/2022:11:50:29 -0700] "GET /blog/?p=17 HTTP/1.1" 200 5523 "-" "Mozilla/5.0 (Windows NT 6.1; Trident/7.0; rv:11.0) like Gecko" "site.gwheellift.com"
45.59.66.130 - - [05/Sep/2022:11:50:30 -0700] "POST /blog/wp-trackback.php?p=17 HTTP/1.1" 200 98 "http://site.gwheellift.com/blog/?p=17" "Mozilla/5.0 (Windows NT 6.1; Trident/7.0; rv:11.0) like Gecko" "site.gwheellift.com"
45.59.66.130 - - [05/Sep/2022:12:17:03 -0700] "GET /blog/?p=12 HTTP/1.1" 200 12097 "-" "Mozilla/5.0 (Windows NT 6.1; Trident/7.0; rv:11.0) like Gecko" "site.gwheellift.com"
45.59.66.130 - - [05/Sep/2022:12:17:05 -0700] "POST /blog/wp-trackback.php?p=12 HTTP/1.1" 200 98 "http://site.gwheellift.com/blog/?p=12" "Mozilla/5.0 (Windows NT 6.1; Trident/7.0; rv:11.0) like Gecko" "site.gwheellift.com"
51.79.137.185 - - [05/Sep/2022:12:21:42 -0700] "GET /blog/?p=17 HTTP/1.1" 200 5523 "http://site.gwheellift.com/" "Mozilla/5.0 (Windows NT 10.0; Win64; x64) AppleWebKit/537.36 (KHTML, like Gecko) Chrome/103.0.0.0 YaBrowser/22.7.0 Yowser/2.5 Safari/537.36" "site.gwheellift.com"
51.79.137.185 - - [05/Sep/2022:12:21:45 -0700] "POST /blog/xmlrpc.php HTTP/1.1" 200 42 "http://site.gwheellift.com/" "PHP/6.2.25" "site.gwheellift.com"
51.79.137.185 - - [05/Sep/2022:12:21:47 -0700] "GET /blog/?p=17 HTTP/1.1" 200 5523 "-" "PHP/6.2.25" "site.gwheellift.com"
45.59.66.130 - - [05/Sep/2022:12:23:43 -0700] "GET /blog/?p=17 HTTP/1.1" 200 5523 "-" "Mozilla/5.0 (Windows NT 6.1; Trident/7.0; rv:11.0) like Gecko" "site.gwheellift.com"
45.59.66.130 - - [05/Sep/2022:12:23:43 -0700] "POST /blog/wp-trackback.php?p=17 HTTP/1.1" 200 98 "http://site.gwheellift.com/blog/?p=17" "Mozilla/5.0 (Windows NT 6.1; Trident/7.0; rv:11.0) like Gecko" "site.gwheellift.com"
51.79.137.185 - - [05/Sep/2022:12:27:31 -0700] "GET /blog/?p=17 HTTP/1.1" 200 5523 "-" "Mozilla/5.0 (X11; Ubuntu; Linux x86_64; rv:102.0) Gecko/20100101 Firefox/102.0" "site.gwheellift.com"
51.79.137.185 - - [05/Sep/2022:12:38:53 -0700] "GET /blog/?p=17 HTTP/1.1" 200 5523 "-" "Mozilla/5.0 (X11; Ubuntu; Linux x86_64; rv:102.0) Gecko/20100101 Firefox/102.0" "site.gwheellift.com"
45.59.66.130 - - [05/Sep/2022:12:41:19 -0700] "GET /blog/wp-trackback.php?p=12 HTTP/1.1" 200 98 "-" "Mozilla/5.0 (Windows NT 6.1; Trident/7.0; rv:11.0) like Gecko" "site.gwheellift.com"
45.59.66.130 - - [05/Sep/2022:12:41:20 -0700] "POST /blog/wp-trackback.php/trackback/ HTTP/1.1" 200 98 "http://site.gwheellift.com/blog/wp-trackback.php?p=12" "Mozilla/5.0 (Windows NT 6.1; Trident/7.0; rv:11.0) like Gecko" "site.gwheellift.com"
45.59.66.130 - - [05/Sep/2022:12:43:21 -0700] "GET /blog/?p=12 HTTP/1.1" 200 12097 "-" "Mozilla/5.0 (Windows NT 6.1; Trident/7.0; rv:11.0) like Gecko" "site.gwheellift.com"
45.59.66.130 - - [05/Sep/2022:12:43:22 -0700] "POST /blog/wp-trackback.php?p=12 HTTP/1.1" 200 98 "http://site.gwheellift.com/blog/?p=12" "Mozilla/5.0 (Windows NT 6.1; Trident/7.0; rv:11.0) like Gecko" "site.gwheellift.com"
45.59.66.130 - - [05/Sep/2022:13:06:42 -0700] "GET /blog/?p=17 HTTP/1.1" 200 5523 "-" "Mozilla/5.0 (Windows NT 6.1; Trident/7.0; rv:11.0) like Gecko" "site.gwheellift.com"
45.59.66.130 - - [05/Sep/2022:13:06:43 -0700] "POST /blog/wp-trackback.php?p=17 HTTP/1.1" 200 98 "http://site.gwheellift.com/blog/?p=17" "Mozilla/5.0 (Windows NT 6.1; Trident/7.0; rv:11.0) like Gecko" "site.gwheellift.com"
51.222.253.17 - - [05/Sep/2022:13:16:28 -0700] "GET /blog/?p=17 HTTP/1.1" 200 5523 "-" "Mozilla/5.0 (compatible; AhrefsBot/7.0; +http://ahrefs.com/robot/)" "site.gwheellift.com"
51.79.137.185 - - [05/Sep/2022:13:26:02 -0700] "GET /blog/?p=17 HTTP/1.1" 200 5523 "http://site.gwheellift.com/" "Mozilla/5.0 (X11; Fedora; Linux x86_64; rv:102.0) Gecko/20100101 Firefox/102.0" "site.gwheellift.com"
51.79.137.185 - - [05/Sep/2022:13:26:06 -0700] "POST /blog/xmlrpc.php HTTP/1.1" 200 42 "http://site.gwheellift.com/" "PHP/7.3.57" "site.gwheellift.com"
51.79.137.185 - - [05/Sep/2022:13:26:07 -0700] "GET /blog/?p=17 HTTP/1.1" 200 5523 "-" "PHP/7.3.57" "site.gwheellift.com"
51.79.137.185 - - [05/Sep/2022:13:31:02 -0700] "GET /blog/?p=17 HTTP/1.1" 200 5523 "-" "Mozilla/5.0 (X11; Ubuntu; Linux x86_64; rv:102.0) Gecko/20100101 Firefox/102.0" "site.gwheellift.com"
45.59.66.130 - - [05/Sep/2022:13:56:47 -0700] "GET /blog/?p=12 HTTP/1.1" 200 12097 "-" "Mozilla/5.0 (Windows NT 6.1; Trident/7.0; rv:11.0) like Gecko" "site.gwheellift.com"
45.59.66.130 - - [05/Sep/2022:13:56:52 -0700] "POST /blog/wp-trackback.php?p=12 HTTP/1.1" 200 98 "http://site.gwheellift.com/blog/?p=12" "Mozilla/5.0 (Windows NT 6.1; Trident/7.0; rv:11.0) like Gecko" "site.gwheellift.com"
45.59.66.130 - - [05/Sep/2022:13:58:47 -0700] "GET /blog/wp-trackback.php?p=12 HTTP/1.1" 200 98 "-" "Mozilla/5.0 (Windows NT 6.1; Trident/7.0; rv:11.0) like Gecko" "site.gwheellift.com"
45.59.66.130 - - [05/Sep/2022:13:58:47 -0700] "POST /blog/wp-trackback.php/trackback/ HTTP/1.1" 200 98 "http://site.gwheellift.com/blog/wp-trackback.php?p=12" "Mozilla/5.0 (Windows NT 6.1; Trident/7.0; rv:11.0) like Gecko" "site.gwheellift.com"
51.79.137.185 - - [05/Sep/2022:14:11:40 -0700] "GET /blog/?p=17 HTTP/1.1" 200 5523 "-" "Mozilla/5.0 (X11; Ubuntu; Linux x86_64; rv:102.0) Gecko/20100101 Firefox/102.0" "site.gwheellift.com"
45.59.66.130 - - [05/Sep/2022:14:12:11 -0700] "GET /blog/?p=17 HTTP/1.1" 200 5523 "-" "Mozilla/5.0 (Windows NT 6.1; Trident/7.0; rv:11.0) like Gecko" "site.gwheellift.com"
45.59.66.130 - - [05/Sep/2022:14:12:11 -0700] "POST /blog/wp-trackback.php?p=17 HTTP/1.1" 200 98 "http://site.gwheellift.com/blog/?p=17" "Mozilla/5.0 (Windows NT 6.1; Trident/7.0; rv:11.0) like Gecko" "site.gwheellift.com"
45.59.66.130 - - [05/Sep/2022:14:15:32 -0700] "GET /blog/?p=17 HTTP/1.1" 200 5523 "-" "Mozilla/5.0 (Windows NT 6.1; Trident/7.0; rv:11.0) like Gecko" "site.gwheellift.com"
45.59.66.130 - - [05/Sep/2022:14:15:33 -0700] "POST /blog/wp-trackback.php?p=17 HTTP/1.1" 200 98 "http://site.gwheellift.com/blog/?p=17" "Mozilla/5.0 (Windows NT 6.1; Trident/7.0; rv:11.0) like Gecko" "site.gwheellift.com"
51.79.137.185 - - [05/Sep/2022:14:19:42 -0700] "GET /blog/?p=17 HTTP/1.1" 200 5523 "-" "Mozilla/5.0 (X11; Ubuntu; Linux x86_64; rv:102.0) Gecko/20100101 Firefox/102.0" "site.gwheellift.com"
45.59.66.130 - - [05/Sep/2022:14:32:44 -0700] "GET /blog/?p=12 HTTP/1.1" 200 12097 "-" "Mozilla/5.0 (Windows NT 6.1; Trident/7.0; rv:11.0) like Gecko" "site.gwheellift.com"
45.59.66.130 - - [05/Sep/2022:14:32:45 -0700] "POST /blog/wp-trackback.php?p=12 HTTP/1.1" 200 98 "http://site.gwheellift.com/blog/?p=12" "Mozilla/5.0 (Windows NT 6.1; Trident/7.0; rv:11.0) like Gecko" "site.gwheellift.com"
45.59.66.130 - - [05/Sep/2022:15:12:28 -0700] "GET /blog/?p=12 HTTP/1.1" 200 12097 "-" "Mozilla/5.0 (Windows NT 6.1; Trident/7.0; rv:11.0) like Gecko" "site.gwheellift.com"
45.59.66.130 - - [05/Sep/2022:15:12:29 -0700] "POST /blog/wp-trackback.php?p=12 HTTP/1.1" 200 98 "http://site.gwheellift.com/blog/?p=12" "Mozilla/5.0 (Windows NT 6.1; Trident/7.0; rv:11.0) like Gecko" "site.gwheellift.com"
45.59.66.130 - - [05/Sep/2022:15:12:29 -0700] "GET /blog/?p=12 HTTP/1.1" 200 12097 "-" "Mozilla/5.0 (Windows NT 6.1; Trident/7.0; rv:11.0) like Gecko" "site.gwheellift.com"
51.79.137.185 - - [05/Sep/2022:15:12:35 -0700] "GET /blog/?p=17 HTTP/1.1" 200 5523 "-" "Mozilla/5.0 (X11; Ubuntu; Linux x86_64; rv:102.0) Gecko/20100101 Firefox/102.0" "site.gwheellift.com"
45.59.66.130 - - [05/Sep/2022:15:44:24 -0700] "GET /blog/?p=12 HTTP/1.1" 200 12097 "-" "Mozilla/5.0 (Windows NT 6.1; Trident/7.0; rv:11.0) like Gecko" "site.gwheellift.com"
45.59.66.130 - - [05/Sep/2022:15:44:25 -0700] "POST /blog/wp-trackback.php?p=12 HTTP/1.1" 200 98 "http://site.gwheellift.com/blog/?p=12" "Mozilla/5.0 (Windows NT 6.1; Trident/7.0; rv:11.0) like Gecko" "site.gwheellift.com"
51.79.137.185 - - [05/Sep/2022:15:55:06 -0700] "GET /blog/?p=17 HTTP/1.1" 200 5523 "-" "Mozilla/5.0 (X11; Ubuntu; Linux x86_64; rv:102.0) Gecko/20100101 Firefox/102.0" "site.gwheellift.com"
51.79.137.185 - - [05/Sep/2022:16:02:02 -0700] "GET /blog/?p=17 HTTP/1.1" 200 5523 "-" "Mozilla/5.0 (X11; Ubuntu; Linux x86_64; rv:102.0) Gecko/20100101 Firefox/102.0" "site.gwheellift.com"
45.59.66.130 - - [05/Sep/2022:16:08:51 -0700] "GET /blog/wp-trackback.php?p=12 HTTP/1.1" 200 98 "-" "Mozilla/5.0 (Windows NT 6.1; Trident/7.0; rv:11.0) like Gecko" "site.gwheellift.com"
45.59.66.130 - - [05/Sep/2022:16:08:53 -0700] "POST /blog/wp-trackback.php/trackback/ HTTP/1.1" 200 98 "http://site.gwheellift.com/blog/wp-trackback.php?p=12" "Mozilla/5.0 (Windows NT 6.1; Trident/7.0; rv:11.0) like Gecko" "site.gwheellift.com"
45.59.66.130 - - [05/Sep/2022:16:19:06 -0700] "GET /blog/?p=17 HTTP/1.1" 200 5523 "-" "Mozilla/5.0 (Windows NT 6.1; Trident/7.0; rv:11.0) like Gecko" "site.gwheellift.com"
45.59.66.130 - - [05/Sep/2022:16:19:07 -0700] "POST /blog/wp-trackback.php?p=17 HTTP/1.1" 200 98 "http://site.gwheellift.com/blog/?p=17" "Mozilla/5.0 (Windows NT 6.1; Trident/7.0; rv:11.0) like Gecko" "site.gwheellift.com"
45.59.66.130 - - [05/Sep/2022:16:19:08 -0700] "GET /blog/?p=17 HTTP/1.1" 200 5523 "-" "Mozilla/5.0 (Windows NT 6.1; Trident/7.0; rv:11.0) like Gecko" "site.gwheellift.com"
103.171.180.232 - - [05/Sep/2022:16:21:38 -0700] "GET /wp-content/uploads/wp-blockup.php?lt=503c138bd956ccbe9a63967ef1f22dac&a=ZWNobyA0MDk3MjMqMjA7 HTTP/1.1" 404 73 "-" "Mozilla/5.0 (Windows NT 10.0; Win64; x64) AppleWebKit/537.36 (KHTML, like Gecko) Chrome/87.0.4280.88 Safari/537.36" "site.gwheellift.com"
103.171.180.232 - - [05/Sep/2022:16:21:38 -0700] "GET /wp-content/uploads/wp-stream.php?lt=503c138bd956ccbe9a63967ef1f22dac&a=ZWNobyA0MDk3MjMqMjA7 HTTP/1.1" 404 73 "-" "Mozilla/5.0 (Linux; Android 10; SM-A125F) AppleWebKit/537.36 (KHTML, like Gecko) Chrome/89.0.4389.105 Mobile Safari/537.36 OPR/63.3.3216.58675" "site.gwheellift.com"
103.171.180.232 - - [05/Sep/2022:16:21:38 -0700] "GET /wp-blockup.php?lt=503c138bd956ccbe9a63967ef1f22dac&a=ZWNobyA0MDk3MjMqMjA7 HTTP/1.1" 404 73 "-" "Mozilla/5.0 (Linux; Android 7.1.2; Redmi 4X) AppleWebKit/537.36 (KHTML, like Gecko) Chrome/83.0.4103.106 Mobile Safari/537.36" "site.gwheellift.com"
103.171.180.232 - - [05/Sep/2022:16:21:38 -0700] "GET /wp-beckup.php?lt=503c138bd956ccbe9a63967ef1f22dac&a=ZWNobyA0MDk3MjMqMjA7 HTTP/1.1" 404 73 "-" "Mozilla/5.0 (Windows NT 5.1) AppleWebKit/537.36 (KHTML, like Gecko) Chrome/69.0.3497.81 Safari/537.36 Maxthon/5.3.8.2000" "site.gwheellift.com"
103.171.180.232 - - [05/Sep/2022:16:21:38 -0700] "GET /wp-content/uploads/wp-blockdown.php?lt=503c138bd956ccbe9a63967ef1f22dac&a=ZWNobyA0MDk3MjMqMjA7 HTTP/1.1" 404 73 "-" "Mozilla/5.0 (Macintosh; Intel Mac OS X 11.1; rv:84.0) Gecko/20100101 Firefox/84.0" "site.gwheellift.com"
103.171.180.232 - - [05/Sep/2022:16:21:38 -0700] "GET /wp-stream.php?lt=503c138bd956ccbe9a63967ef1f22dac&a=ZWNobyA0MDk3MjMqMjA7 HTTP/1.1" 404 73 "-" "Mozilla/5.0 (Windows NT 10.0; Win64; x64) AppleWebKit/537.36 (KHTML, like Gecko) Chrome/92.0.4515.131 Safari/537.36" "site.gwheellift.com"
103.171.180.232 - - [05/Sep/2022:16:21:38 -0700] "GET /wp-blockdown.php?lt=503c138bd956ccbe9a63967ef1f22dac&a=ZWNobyA0MDk3MjMqMjA7 HTTP/1.1" 404 73 "-" "Mozilla/5.0 (Linux; Android 11; SM-A125F) AppleWebKit/537.36 (KHTML, like Gecko) Chrome/89.0.4389.105 Mobile Safari/537.36 OPR/63.3.3216.58675" "site.gwheellift.com"
103.171.180.232 - - [05/Sep/2022:16:21:38 -0700] "GET /wp-blog-post.php?lt=503c138bd956ccbe9a63967ef1f22dac&a=ZWNobyA0MDk3MjMqMjA7 HTTP/1.1" 404 73 "-" "Mozilla/5.0 (Windows NT 10.0; Win64; x64) AppleWebKit/537.36 (KHTML, like Gecko) Chrome/88.0.4324.104 Safari/537.36" "site.gwheellift.com"
45.59.66.130 - - [05/Sep/2022:16:27:51 -0700] "GET /blog/wp-trackback.php?p=12 HTTP/1.1" 200 98 "-" "Mozilla/5.0 (Windows NT 6.1; Trident/7.0; rv:11.0) like Gecko" "site.gwheellift.com"
45.59.66.130 - - [05/Sep/2022:16:27:52 -0700] "POST /blog/wp-trackback.php/trackback/ HTTP/1.1" 200 98 "http://site.gwheellift.com/blog/wp-trackback.php?p=12" "Mozilla/5.0 (Windows NT 6.1; Trident/7.0; rv:11.0) like Gecko" "site.gwheellift.com"
45.59.66.130 - - [05/Sep/2022:16:27:53 -0700] "GET /blog/wp-trackback.php?p=12 HTTP/1.1" 200 98 "-" "Mozilla/5.0 (Windows NT 6.1; Trident/7.0; rv:11.0) like Gecko" "site.gwheellift.com"
45.59.66.130 - - [05/Sep/2022:16:40:46 -0700] "GET /blog/wp-trackback.php?p=12 HTTP/1.1" 200 98 "-" "Mozilla/5.0 (Windows NT 6.1; Trident/7.0; rv:11.0) like Gecko" "site.gwheellift.com"
45.59.66.130 - - [05/Sep/2022:16:40:48 -0700] "POST /blog/wp-trackback.php/trackback/ HTTP/1.1" 200 98 "http://site.gwheellift.com/blog/wp-trackback.php?p=12" "Mozilla/5.0 (Windows NT 6.1; Trident/7.0; rv:11.0) like Gecko" "site.gwheellift.com"
45.59.66.130 - - [05/Sep/2022:16:42:45 -0700] "GET /blog/wp-trackback.php?p=12 HTTP/1.1" 200 98 "-" "Mozilla/5.0 (Windows NT 6.1; Trident/7.0; rv:11.0) like Gecko" "site.gwheellift.com"
45.59.66.130 - - [05/Sep/2022:16:42:46 -0700] "POST /blog/wp-trackback.php/trackback/ HTTP/1.1" 200 98 "http://site.gwheellift.com/blog/wp-trackback.php?p=12" "Mozilla/5.0 (Windows NT 6.1; Trident/7.0; rv:11.0) like Gecko" "site.gwheellift.com"
45.59.66.130 - - [05/Sep/2022:16:47:19 -0700] "GET /blog/?p=17 HTTP/1.1" 200 5523 "-" "Mozilla/5.0 (Windows NT 6.1; Trident/7.0; rv:11.0) like Gecko" "site.gwheellift.com"
45.59.66.130 - - [05/Sep/2022:16:47:20 -0700] "POST /blog/wp-trackback.php?p=17 HTTP/1.1" 200 98 "http://site.gwheellift.com/blog/?p=17" "Mozilla/5.0 (Windows NT 6.1; Trident/7.0; rv:11.0) like Gecko" "site.gwheellift.com"
45.59.66.130 - - [05/Sep/2022:16:48:07 -0700] "GET /blog/?p=12 HTTP/1.1" 200 12097 "-" "Mozilla/5.0 (Windows NT 6.1; Trident/7.0; rv:11.0) like Gecko" "site.gwheellift.com"
45.59.66.130 - - [05/Sep/2022:16:48:08 -0700] "POST /blog/wp-trackback.php?p=12 HTTP/1.1" 200 98 "http://site.gwheellift.com/blog/?p=12" "Mozilla/5.0 (Windows NT 6.1; Trident/7.0; rv:11.0) like Gecko" "site.gwheellift.com"
45.59.66.130 - - [05/Sep/2022:16:57:29 -0700] "GET /blog/wp-trackback.php?p=12 HTTP/1.1" 200 98 "-" "Mozilla/5.0 (Windows NT 6.1; Trident/7.0; rv:11.0) like Gecko" "site.gwheellift.com"
45.59.66.130 - - [05/Sep/2022:16:57:30 -0700] "POST /blog/wp-trackback.php/trackback/ HTTP/1.1" 200 98 "http://site.gwheellift.com/blog/wp-trackback.php?p=12" "Mozilla/5.0 (Windows NT 6.1; Trident/7.0; rv:11.0) like Gecko" "site.gwheellift.com"
51.79.137.185 - - [05/Sep/2022:16:57:31 -0700] "GET /blog/?p=17 HTTP/1.1" 200 5523 "-" "Mozilla/5.0 (X11; Ubuntu; Linux x86_64; rv:102.0) Gecko/20100101 Firefox/102.0" "site.gwheellift.com"
62.210.215.100 - - [05/Sep/2022:17:12:58 -0700] "GET /blog/?feed=rss2 HTTP/1.1" 200 26878 "-" "Mozilla/5.0 (X11; Linux i686) AppleWebKit/537.36 (KHTML, like Gecko) Chrome/30.0.1599.66 Safari/537.36" "site.gwheellift.com"
198.235.24.36 - - [05/Sep/2022:17:35:07 -0700] "GET / HTTP/1.1" 200 835 "-" "Expanse, a Palo Alto Networks company, searches across the global IPv4 space multiple times per day to identify customers&#39; presences on the Internet. If you would like to be excluded from our scans, please send IP addresses/domains to: scaninfo@paloaltonetworks.com" "site.gwheellift.com"
51.79.137.185 - - [05/Sep/2022:17:38:40 -0700] "GET /blog/?p=17 HTTP/1.1" 200 5523 "-" "Mozilla/5.0 (X11; Ubuntu; Linux x86_64; rv:102.0) Gecko/20100101 Firefox/102.0" "site.gwheellift.com"
52.71.86.129 - - [05/Sep/2022:18:03:41 -0700] "GET /blog/?p=17 HTTP/1.1" 200 5523 "-" "Mozilla/5.0 (Macintosh; Intel Mac OS X 10_15_7) AppleWebKit/537.36 (KHTML, like Gecko) Chrome/105.0.0.0 Safari/537.36" "site.gwheellift.com"
52.71.86.129 - - [05/Sep/2022:18:03:56 -0700] "GET /blog/wp-content/themes/steam/style.css HTTP/1.1" 200 2389 "http://site.gwheellift.com/blog/?p=17" "Mozilla/5.0 (Macintosh; Intel Mac OS X 10_15_7) AppleWebKit/537.36 (KHTML, like Gecko) Chrome/105.0.0.0 Safari/537.36" "site.gwheellift.com"
52.71.86.129 - - [05/Sep/2022:18:03:55 -0700] "GET /blog/?m=200703 HTTP/1.1" 200 8321 "http://site.gwheellift.com/blog/?p=17" "Mozilla/5.0 (Macintosh; Intel Mac OS X 10_15_7) AppleWebKit/537.36 (KHTML, like Gecko) Chrome/105.0.0.0 Safari/537.36" "site.gwheellift.com"
52.71.86.129 - - [05/Sep/2022:18:03:57 -0700] "GET /blog/?p=12 HTTP/1.1" 200 12097 "http://site.gwheellift.com/blog/?p=17" "Mozilla/5.0 (Macintosh; Intel Mac OS X 10_15_7) AppleWebKit/537.36 (KHTML, like Gecko) Chrome/105.0.0.0 Safari/537.36" "site.gwheellift.com"
52.71.86.129 - - [05/Sep/2022:18:04:00 -0700] "GET /blog/?p=4 HTTP/1.1" 200 6965 "http://site.gwheellift.com/blog/?m=200703" "Mozilla/5.0 (Macintosh; Intel Mac OS X 10_15_7) AppleWebKit/537.36 (KHTML, like Gecko) Chrome/105.0.0.0 Safari/537.36" "site.gwheellift.com"
52.71.86.129 - - [05/Sep/2022:18:04:00 -0700] "GET /blog/?cat=1 HTTP/1.1" 200 11722 "http://site.gwheellift.com/blog/?p=17" "Mozilla/5.0 (Macintosh; Intel Mac OS X 10_15_7) AppleWebKit/537.36 (KHTML, like Gecko) Chrome/105.0.0.0 Safari/537.36" "site.gwheellift.com"
52.71.86.129 - - [05/Sep/2022:18:04:03 -0700] "GET /blog/?feed=rss2&p=17 HTTP/1.1" 200 504 "http://site.gwheellift.com/blog/?p=17" "Mozilla/5.0 (Macintosh; Intel Mac OS X 10_15_7) AppleWebKit/537.36 (KHTML, like Gecko) Chrome/105.0.0.0 Safari/537.36" "site.gwheellift.com"
52.71.86.129 - - [05/Sep/2022:18:04:05 -0700] "GET /blog/?m=200803 HTTP/1.1" 200 5570 "http://site.gwheellift.com/blog/?p=17" "Mozilla/5.0 (Macintosh; Intel Mac OS X 10_15_7) AppleWebKit/537.36 (KHTML, like Gecko) Chrome/105.0.0.0 Safari/537.36" "site.gwheellift.com"
52.71.86.129 - - [05/Sep/2022:18:04:09 -0700] "GET /blog/privacypolicy.html HTTP/1.1" 404 88 "http://site.gwheellift.com/blog/?p=12" "Mozilla/5.0 (Macintosh; Intel Mac OS X 10_15_7) AppleWebKit/537.36 (KHTML, like Gecko) Chrome/105.0.0.0 Safari/537.36" "site.gwheellift.com"
52.71.86.129 - - [05/Sep/2022:18:04:10 -0700] "GET /blog/heel-pads.html HTTP/1.1" 404 88 "http://site.gwheellift.com/blog/?p=12" "Mozilla/5.0 (Macintosh; Intel Mac OS X 10_15_7) AppleWebKit/537.36 (KHTML, like Gecko) Chrome/105.0.0.0 Safari/537.36" "site.gwheellift.com"
52.71.86.129 - - [05/Sep/2022:18:04:10 -0700] "GET /blog/heel-lift-shoe-lift.html HTTP/1.1" 404 88 "http://site.gwheellift.com/blog/?p=12" "Mozilla/5.0 (Macintosh; Intel Mac OS X 10_15_7) AppleWebKit/537.36 (KHTML, like Gecko) Chrome/105.0.0.0 Safari/537.36" "site.gwheellift.com"
52.71.86.129 - - [05/Sep/2022:18:04:14 -0700] "GET /blog/helianso.html HTTP/1.1" 404 88 "http://site.gwheellift.com/blog/?p=12" "Mozilla/5.0 (Macintosh; Intel Mac OS X 10_15_7) AppleWebKit/537.36 (KHTML, like Gecko) Chrome/105.0.0.0 Safari/537.36" "site.gwheellift.com"
52.71.86.129 - - [05/Sep/2022:18:04:15 -0700] "GET /blog/css-edits.css HTTP/1.1" 404 88 "http://site.gwheellift.com/blog/?p=12" "Mozilla/5.0 (Macintosh; Intel Mac OS X 10_15_7) AppleWebKit/537.36 (KHTML, like Gecko) Chrome/105.0.0.0 Safari/537.36" "site.gwheellift.com"
52.71.86.129 - - [05/Sep/2022:18:04:16 -0700] "GET /blog/css-element.css HTTP/1.1" 404 88 "http://site.gwheellift.com/blog/?p=12" "Mozilla/5.0 (Macintosh; Intel Mac OS X 10_15_7) AppleWebKit/537.36 (KHTML, like Gecko) Chrome/105.0.0.0 Safari/537.36" "site.gwheellift.com"
52.71.86.129 - - [05/Sep/2022:18:04:17 -0700] "GET /blog/other.html HTTP/1.1" 404 88 "http://site.gwheellift.com/blog/?p=12" "Mozilla/5.0 (Macintosh; Intel Mac OS X 10_15_7) AppleWebKit/537.36 (KHTML, like Gecko) Chrome/105.0.0.0 Safari/537.36" "site.gwheellift.com"
52.71.86.129 - - [05/Sep/2022:18:04:17 -0700] "GET /blog/?cat=5 HTTP/1.1" 200 5231 "http://site.gwheellift.com/blog/?m=200703" "Mozilla/5.0 (Macintosh; Intel Mac OS X 10_15_7) AppleWebKit/537.36 (KHTML, like Gecko) Chrome/105.0.0.0 Safari/537.36" "site.gwheellift.com"
52.71.86.129 - - [05/Sep/2022:18:04:18 -0700] "GET /blog/css-contents.css HTTP/1.1" 404 88 "http://site.gwheellift.com/blog/?p=12" "Mozilla/5.0 (Macintosh; Intel Mac OS X 10_15_7) AppleWebKit/537.36 (KHTML, like Gecko) Chrome/105.0.0.0 Safari/537.36" "site.gwheellift.com"
52.71.86.129 - - [05/Sep/2022:18:04:20 -0700] "GET /blog/?feed=rss HTTP/1.1" 200 2855 "http://site.gwheellift.com/blog/?p=17" "Mozilla/5.0 (Macintosh; Intel Mac OS X 10_15_7) AppleWebKit/537.36 (KHTML, like Gecko) Chrome/105.0.0.0 Safari/537.36" "site.gwheellift.com"
52.71.86.129 - - [05/Sep/2022:18:04:21 -0700] "GET /blog/varus-valgus-wedges.html HTTP/1.1" 404 88 "http://site.gwheellift.com/blog/?p=12" "Mozilla/5.0 (Macintosh; Intel Mac OS X 10_15_7) AppleWebKit/537.36 (KHTML, like Gecko) Chrome/105.0.0.0 Safari/537.36" "site.gwheellift.com"
52.71.86.129 - - [05/Sep/2022:18:04:22 -0700] "GET /blog/sizes.html HTTP/1.1" 404 88 "http://site.gwheellift.com/blog/?p=12" "Mozilla/5.0 (Macintosh; Intel Mac OS X 10_15_7) AppleWebKit/537.36 (KHTML, like Gecko) Chrome/105.0.0.0 Safari/537.36" "site.gwheellift.com"
52.71.86.129 - - [05/Sep/2022:18:04:22 -0700] "GET /blog/pqpremiumpad.html HTTP/1.1" 404 88 "http://site.gwheellift.com/blog/?p=12" "Mozilla/5.0 (Macintosh; Intel Mac OS X 10_15_7) AppleWebKit/537.36 (KHTML, like Gecko) Chrome/105.0.0.0 Safari/537.36" "site.gwheellift.com"
52.71.86.129 - - [05/Sep/2022:18:04:23 -0700] "GET /blog/info.html HTTP/1.1" 404 88 "http://site.gwheellift.com/blog/?p=12" "Mozilla/5.0 (Macintosh; Intel Mac OS X 10_15_7) AppleWebKit/537.36 (KHTML, like Gecko) Chrome/105.0.0.0 Safari/537.36" "site.gwheellift.com"
52.71.86.129 - - [05/Sep/2022:18:04:23 -0700] "GET /blog/physiolift.html HTTP/1.1" 404 88 "http://site.gwheellift.com/blog/?p=12" "Mozilla/5.0 (Macintosh; Intel Mac OS X 10_15_7) AppleWebKit/537.36 (KHTML, like Gecko) Chrome/105.0.0.0 Safari/537.36" "site.gwheellift.com"
52.71.86.129 - - [05/Sep/2022:18:04:27 -0700] "GET /blog/?feed=rss2 HTTP/1.1" 200 26878 "http://site.gwheellift.com/blog/?p=17" "Mozilla/5.0 (Macintosh; Intel Mac OS X 10_15_7) AppleWebKit/537.36 (KHTML, like Gecko) Chrome/105.0.0.0 Safari/537.36" "site.gwheellift.com"
52.71.86.129 - - [05/Sep/2022:18:04:28 -0700] "GET /blog/css-base.css HTTP/1.1" 404 88 "http://site.gwheellift.com/blog/?p=12" "Mozilla/5.0 (Macintosh; Intel Mac OS X 10_15_7) AppleWebKit/537.36 (KHTML, like Gecko) Chrome/105.0.0.0 Safari/537.36" "site.gwheellift.com"
52.71.86.129 - - [05/Sep/2022:18:04:31 -0700] "GET /blog/starspurpad.html HTTP/1.1" 404 88 "http://site.gwheellift.com/blog/?p=12" "Mozilla/5.0 (Macintosh; Intel Mac OS X 10_15_7) AppleWebKit/537.36 (KHTML, like Gecko) Chrome/105.0.0.0 Safari/537.36" "site.gwheellift.com"
52.71.86.129 - - [05/Sep/2022:18:04:31 -0700] "GET /blog/?p=3 HTTP/1.1" 200 9275 "http://site.gwheellift.com/blog/?m=200703" "Mozilla/5.0 (Macintosh; Intel Mac OS X 10_15_7) AppleWebKit/537.36 (KHTML, like Gecko) Chrome/105.0.0.0 Safari/537.36" "site.gwheellift.com"
52.71.86.129 - - [05/Sep/2022:18:04:32 -0700] "GET /blog/?p=2 HTTP/1.1" 200 5138 "http://site.gwheellift.com/blog/?m=200703" "Mozilla/5.0 (Macintosh; Intel Mac OS X 10_15_7) AppleWebKit/537.36 (KHTML, like Gecko) Chrome/105.0.0.0 Safari/537.36" "site.gwheellift.com"
52.71.86.129 - - [05/Sep/2022:18:04:32 -0700] "GET /blog/heel-lift-pad-products.html HTTP/1.1" 404 88 "http://site.gwheellift.com/blog/?p=12" "Mozilla/5.0 (Macintosh; Intel Mac OS X 10_15_7) AppleWebKit/537.36 (KHTML, like Gecko) Chrome/105.0.0.0 Safari/537.36" "site.gwheellift.com"
52.71.86.129 - - [05/Sep/2022:18:04:33 -0700] "GET /blog/gwheellift.com HTTP/1.1" 404 88 "http://site.gwheellift.com/blog/?p=12" "Mozilla/5.0 (Macintosh; Intel Mac OS X 10_15_7) AppleWebKit/537.36 (KHTML, like Gecko) Chrome/105.0.0.0 Safari/537.36" "site.gwheellift.com"
52.71.86.129 - - [05/Sep/2022:18:04:33 -0700] "GET /blog/xmlrpc.php HTTP/1.1" 200 42 "http://site.gwheellift.com/blog/?p=17" "Mozilla/5.0 (Macintosh; Intel Mac OS X 10_15_7) AppleWebKit/537.36 (KHTML, like Gecko) Chrome/105.0.0.0 Safari/537.36" "site.gwheellift.com"
45.59.66.130 - - [05/Sep/2022:18:27:22 -0700] "GET /blog/?p=17 HTTP/1.1" 200 5523 "-" "Mozilla/5.0 (Windows NT 6.1; Trident/7.0; rv:11.0) like Gecko" "site.gwheellift.com"
45.59.66.130 - - [05/Sep/2022:18:27:23 -0700] "POST /blog/wp-trackback.php?p=17 HTTP/1.1" 200 98 "http://site.gwheellift.com/blog/?p=17" "Mozilla/5.0 (Windows NT 6.1; Trident/7.0; rv:11.0) like Gecko" "site.gwheellift.com"
51.79.137.185 - - [05/Sep/2022:18:39:24 -0700] "GET /blog/?p=17 HTTP/1.1" 200 5523 "-" "Mozilla/5.0 (X11; Ubuntu; Linux x86_64; rv:102.0) Gecko/20100101 Firefox/102.0" "site.gwheellift.com"
45.59.66.130 - - [05/Sep/2022:18:39:31 -0700] "GET /blog/?p=17 HTTP/1.1" 200 5523 "-" "Mozilla/5.0 (Windows NT 6.1; Trident/7.0; rv:11.0) like Gecko" "site.gwheellift.com"
45.59.66.130 - - [05/Sep/2022:18:39:32 -0700] "POST /blog/wp-trackback.php?p=17 HTTP/1.1" 200 98 "http://site.gwheellift.com/blog/?p=17" "Mozilla/5.0 (Windows NT 6.1; Trident/7.0; rv:11.0) like Gecko" "site.gwheellift.com"
51.79.137.185 - - [05/Sep/2022:18:48:53 -0700] "GET /blog/?p=17 HTTP/1.1" 200 1175 "http://site.gwheellift.com/" "Mozilla/5.0 (Linux x86_64; rv:102.0) Gecko/20100101 Firefox/102.0" "site.gwheellift.com"
216.244.66.199 - - [05/Sep/2022:18:53:06 -0700] "GET /robots.txt HTTP/1.1" 404 73 "-" "Mozilla/5.0 (compatible; DotBot/1.2; +https://opensiteexplorer.org/dotbot; help@moz.com)" "site.gwheellift.com"
45.59.66.130 - - [05/Sep/2022:18:58:42 -0700] "GET /blog/?p=12 HTTP/1.1" 200 12097 "-" "Mozilla/5.0 (Windows NT 6.1; Trident/7.0; rv:11.0) like Gecko" "site.gwheellift.com"
45.59.66.130 - - [05/Sep/2022:18:58:43 -0700] "POST /blog/wp-trackback.php?p=12 HTTP/1.1" 200 98 "http://site.gwheellift.com/blog/?p=12" "Mozilla/5.0 (Windows NT 6.1; Trident/7.0; rv:11.0) like Gecko" "site.gwheellift.com"
45.59.66.130 - - [05/Sep/2022:19:01:04 -0700] "GET /blog/wp-trackback.php?p=12 HTTP/1.1" 200 98 "-" "Mozilla/5.0 (Windows NT 6.1; Trident/7.0; rv:11.0) like Gecko" "site.gwheellift.com"
45.59.66.130 - - [05/Sep/2022:19:01:05 -0700] "POST /blog/wp-trackback.php/trackback/ HTTP/1.1" 200 98 "http://site.gwheellift.com/blog/wp-trackback.php?p=12" "Mozilla/5.0 (Windows NT 6.1; Trident/7.0; rv:11.0) like Gecko" "site.gwheellift.com"
114.119.147.58 - - [05/Sep/2022:19:03:16 -0700] "GET /robots.txt HTTP/1.1" 404 88 "-" "Mozilla/5.0 (compatible;PetalBot;+https://webmaster.petalsearch.com/site/petalbot)" "site.gwheellift.com"
216.244.66.199 - - [05/Sep/2022:19:05:16 -0700] "GET /blog/?feed=atom HTTP/1.1" 200 27006 "-" "Mozilla/5.0 (compatible; DotBot/1.2; +https://opensiteexplorer.org/dotbot; help@moz.com)" "site.gwheellift.com"
123.183.224.86 - - [05/Sep/2022:19:14:34 -0700] "GET / HTTP/1.1" 200 370 "-" "Sogou web spider/4.0(+http://www.sogou.com/docs/help/webmasters.htm#07)" "site.gwheellift.com"
45.59.66.130 - - [05/Sep/2022:19:24:41 -0700] "GET /blog/?p=12 HTTP/1.1" 200 12097 "-" "Mozilla/5.0 (Windows NT 6.1; Trident/7.0; rv:11.0) like Gecko" "site.gwheellift.com"
45.59.66.130 - - [05/Sep/2022:19:24:49 -0700] "POST /blog/wp-trackback.php?p=12 HTTP/1.1" 200 98 "http://site.gwheellift.com/blog/?p=12" "Mozilla/5.0 (Windows NT 6.1; Trident/7.0; rv:11.0) like Gecko" "site.gwheellift.com"
45.59.66.130 - - [05/Sep/2022:19:47:54 -0700] "GET /blog/?p=17 HTTP/1.1" 200 5523 "-" "Mozilla/5.0 (Windows NT 6.1; Trident/7.0; rv:11.0) like Gecko" "site.gwheellift.com"
45.59.66.130 - - [05/Sep/2022:19:47:55 -0700] "POST /blog/wp-trackback.php?p=17 HTTP/1.1" 200 98 "http://site.gwheellift.com/blog/?p=17" "Mozilla/5.0 (Windows NT 6.1; Trident/7.0; rv:11.0) like Gecko" "site.gwheellift.com"
45.59.66.130 - - [05/Sep/2022:20:16:36 -0700] "GET /blog/?p=12 HTTP/1.1" 200 12097 "-" "Mozilla/5.0 (Windows NT 6.1; Trident/7.0; rv:11.0) like Gecko" "site.gwheellift.com"
45.59.66.130 - - [05/Sep/2022:20:16:37 -0700] "POST /blog/wp-trackback.php?p=12 HTTP/1.1" 200 98 "http://site.gwheellift.com/blog/?p=12" "Mozilla/5.0 (Windows NT 6.1; Trident/7.0; rv:11.0) like Gecko" "site.gwheellift.com"
45.59.66.130 - - [05/Sep/2022:20:32:22 -0700] "GET /blog/?p=17 HTTP/1.1" 200 5523 "-" "Mozilla/5.0 (Windows NT 6.1; Trident/7.0; rv:11.0) like Gecko" "site.gwheellift.com"
45.59.66.130 - - [05/Sep/2022:20:32:23 -0700] "POST /blog/wp-trackback.php?p=17 HTTP/1.1" 200 98 "http://site.gwheellift.com/blog/?p=17" "Mozilla/5.0 (Windows NT 6.1; Trident/7.0; rv:11.0) like Gecko" "site.gwheellift.com"
45.59.66.130 - - [05/Sep/2022:20:45:24 -0700] "GET /blog/wp-trackback.php?p=12 HTTP/1.1" 200 98 "-" "Mozilla/5.0 (Windows NT 6.1; Trident/7.0; rv:11.0) like Gecko" "site.gwheellift.com"
45.59.66.130 - - [05/Sep/2022:20:45:25 -0700] "POST /blog/wp-trackback.php/trackback/ HTTP/1.1" 200 98 "http://site.gwheellift.com/blog/wp-trackback.php?p=12" "Mozilla/5.0 (Windows NT 6.1; Trident/7.0; rv:11.0) like Gecko" "site.gwheellift.com"
45.59.66.130 - - [05/Sep/2022:20:54:06 -0700] "GET /blog/?p=17 HTTP/1.1" 200 5523 "-" "Mozilla/5.0 (Windows NT 6.1; Trident/7.0; rv:11.0) like Gecko" "site.gwheellift.com"
45.59.66.130 - - [05/Sep/2022:20:54:08 -0700] "POST /blog/wp-trackback.php?p=17 HTTP/1.1" 200 98 "http://site.gwheellift.com/blog/?p=17" "Mozilla/5.0 (Windows NT 6.1; Trident/7.0; rv:11.0) like Gecko" "site.gwheellift.com"
45.59.66.130 - - [05/Sep/2022:21:19:42 -0700] "GET /blog/?p=12 HTTP/1.1" 200 12097 "-" "Mozilla/5.0 (Windows NT 6.1; Trident/7.0; rv:11.0) like Gecko" "site.gwheellift.com"
45.59.66.130 - - [05/Sep/2022:21:19:44 -0700] "POST /blog/wp-trackback.php?p=12 HTTP/1.1" 200 98 "http://site.gwheellift.com/blog/?p=12" "Mozilla/5.0 (Windows NT 6.1; Trident/7.0; rv:11.0) like Gecko" "site.gwheellift.com"
45.59.66.130 - - [05/Sep/2022:21:48:17 -0700] "GET /blog/?p=12 HTTP/1.1" 200 12097 "-" "Mozilla/5.0 (Windows NT 6.1; Trident/7.0; rv:11.0) like Gecko" "site.gwheellift.com"
45.59.66.130 - - [05/Sep/2022:21:48:18 -0700] "POST /blog/wp-trackback.php?p=12 HTTP/1.1" 200 98 "http://site.gwheellift.com/blog/?p=12" "Mozilla/5.0 (Windows NT 6.1; Trident/7.0; rv:11.0) like Gecko" "site.gwheellift.com"
114.119.143.182 - - [05/Sep/2022:21:57:03 -0700] "GET /robots.txt HTTP/1.1" 404 88 "-" "Mozilla/5.0 (compatible;PetalBot;+https://webmaster.petalsearch.com/site/petalbot)" "site.gwheellift.com"
118.184.177.49 - - [05/Sep/2022:22:14:55 -0700] "GET / HTTP/1.1" 200 370 "-" "Sogou web spider/4.0(+http://www.sogou.com/docs/help/webmasters.htm#07)" "site.gwheellift.com"
45.59.66.130 - - [05/Sep/2022:22:58:13 -0700] "GET /blog/wp-trackback.php?p=12 HTTP/1.1" 200 98 "-" "Mozilla/5.0 (Windows NT 6.1; Trident/7.0; rv:11.0) like Gecko" "site.gwheellift.com"
45.59.66.130 - - [05/Sep/2022:22:58:15 -0700] "POST /blog/wp-trackback.php/trackback/ HTTP/1.1" 200 98 "http://site.gwheellift.com/blog/wp-trackback.php?p=12" "Mozilla/5.0 (Windows NT 6.1; Trident/7.0; rv:11.0) like Gecko" "site.gwheellift.com"
45.59.66.130 - - [05/Sep/2022:23:01:28 -0700] "GET /blog/wp-trackback.php?p=12 HTTP/1.1" 200 98 "-" "Mozilla/5.0 (Windows NT 6.1; Trident/7.0; rv:11.0) like Gecko" "site.gwheellift.com"
45.59.66.130 - - [05/Sep/2022:23:01:29 -0700] "POST /blog/wp-trackback.php/trackback/ HTTP/1.1" 200 98 "http://site.gwheellift.com/blog/wp-trackback.php?p=12" "Mozilla/5.0 (Windows NT 6.1; Trident/7.0; rv:11.0) like Gecko" "site.gwheellift.com"
45.59.66.130 - - [05/Sep/2022:23:02:32 -0700] "GET /blog/?p=12 HTTP/1.1" 200 12097 "-" "Mozilla/5.0 (Windows NT 6.1; Trident/7.0; rv:11.0) like Gecko" "site.gwheellift.com"
45.59.66.130 - - [05/Sep/2022:23:02:33 -0700] "POST /blog/wp-trackback.php?p=12 HTTP/1.1" 200 98 "http://site.gwheellift.com/blog/?p=12" "Mozilla/5.0 (Windows NT 6.1; Trident/7.0; rv:11.0) like Gecko" "site.gwheellift.com"
45.59.66.130 - - [05/Sep/2022:23:02:33 -0700] "GET /blog/?p=12 HTTP/1.1" 200 12097 "-" "Mozilla/5.0 (Windows NT 6.1; Trident/7.0; rv:11.0) like Gecko" "site.gwheellift.com"
45.59.66.130 - - [05/Sep/2022:23:12:58 -0700] "GET /blog/wp-trackback.php?p=12 HTTP/1.1" 200 98 "-" "Mozilla/5.0 (Windows NT 6.1; Trident/7.0; rv:11.0) like Gecko" "site.gwheellift.com"
45.59.66.130 - - [05/Sep/2022:23:12:59 -0700] "POST /blog/wp-trackback.php/trackback/ HTTP/1.1" 200 98 "http://site.gwheellift.com/blog/wp-trackback.php?p=12" "Mozilla/5.0 (Windows NT 6.1; Trident/7.0; rv:11.0) like Gecko" "site.gwheellift.com"
54.36.148.205 - - [05/Sep/2022:23:22:51 -0700] "GET /robots.txt HTTP/1.1" 404 88 "-" "Mozilla/5.0 (compatible; AhrefsBot/7.0; +http://ahrefs.com/robot/)" "site.gwheellift.com"
51.222.253.17 - - [05/Sep/2022:23:22:52 -0700] "GET /?C=D;O=A HTTP/1.1" 200 370 "-" "Mozilla/5.0 (compatible; AhrefsBot/7.0; +http://ahrefs.com/robot/)" "site.gwheellift.com"
45.59.66.130 - - [05/Sep/2022:23:31:35 -0700] "GET /blog/wp-trackback.php?p=12 HTTP/1.1" 200 98 "-" "Mozilla/5.0 (Windows NT 6.1; Trident/7.0; rv:11.0) like Gecko" "site.gwheellift.com"
45.59.66.130 - - [05/Sep/2022:23:31:37 -0700] "POST /blog/wp-trackback.php/trackback/ HTTP/1.1" 200 98 "http://site.gwheellift.com/blog/wp-trackback.php?p=12" "Mozilla/5.0 (Windows NT 6.1; Trident/7.0; rv:11.0) like Gecko" "site.gwheellift.com"
45.59.66.130 - - [05/Sep/2022:23:34:47 -0700] "GET /blog/?p=17 HTTP/1.1" 200 5523 "-" "Mozilla/5.0 (Windows NT 6.1; Trident/7.0; rv:11.0) like Gecko" "site.gwheellift.com"
45.59.66.130 - - [05/Sep/2022:23:34:48 -0700] "POST /blog/wp-trackback.php?p=17 HTTP/1.1" 200 98 "http://site.gwheellift.com/blog/?p=17" "Mozilla/5.0 (Windows NT 6.1; Trident/7.0; rv:11.0) like Gecko" "site.gwheellift.com"
45.59.66.130 - - [05/Sep/2022:23:36:56 -0700] "GET /blog/?p=12 HTTP/1.1" 200 12097 "-" "Mozilla/5.0 (Windows NT 6.1; Trident/7.0; rv:11.0) like Gecko" "site.gwheellift.com"
45.59.66.130 - - [05/Sep/2022:23:36:56 -0700] "POST /blog/wp-trackback.php?p=12 HTTP/1.1" 200 98 "http://site.gwheellift.com/blog/?p=12" "Mozilla/5.0 (Windows NT 6.1; Trident/7.0; rv:11.0) like Gecko" "site.gwheellift.com"
54.173.1.204 - - [06/Sep/2022:00:07:01 -0700] "GET /blog/?feed=rss HTTP/1.1" 304 - "https://www.google.com/" "Mozilla/5.0 (Windows NT 10.0; WOW64) AppleWebKit/537.36 (KHTML, like Gecko) Chrome/80.0.3987.132 Safari/537.36" "site.gwheellift.com"
45.59.66.130 - - [06/Sep/2022:00:09:49 -0700] "GET /blog/?p=17 HTTP/1.1" 200 5523 "-" "Mozilla/5.0 (Windows NT 6.1; Trident/7.0; rv:11.0) like Gecko" "site.gwheellift.com"
45.59.66.130 - - [06/Sep/2022:00:09:50 -0700] "POST /blog/wp-trackback.php?p=17 HTTP/1.1" 200 98 "http://site.gwheellift.com/blog/?p=17" "Mozilla/5.0 (Windows NT 6.1; Trident/7.0; rv:11.0) like Gecko" "site.gwheellift.com"
