45.59.66.130 - - [15/Sep/2022:20:14:13 -0700] "GET /blog/?p=12 HTTP/1.1" 200 12097 "-" "Mozilla/5.0 (Windows NT 6.1; Trident/7.0; rv:11.0) like Gecko" "site.gwheellift.com"
45.59.66.130 - - [15/Sep/2022:20:14:14 -0700] "POST /blog/wp-trackback.php?p=12 HTTP/1.1" 200 98 "http://site.gwheellift.com/blog/?p=12" "Mozilla/5.0 (Windows NT 6.1; Trident/7.0; rv:11.0) like Gecko" "site.gwheellift.com"
45.59.66.130 - - [15/Sep/2022:20:19:39 -0700] "GET /blog/?p=12 HTTP/1.1" 200 12097 "-" "Mozilla/5.0 (Windows NT 6.1; Trident/7.0; rv:11.0) like Gecko" "site.gwheellift.com"
45.59.66.130 - - [15/Sep/2022:20:19:41 -0700] "POST /blog/wp-trackback.php?p=12 HTTP/1.1" 200 98 "http://site.gwheellift.com/blog/?p=12" "Mozilla/5.0 (Windows NT 6.1; Trident/7.0; rv:11.0) like Gecko" "site.gwheellift.com"
45.59.66.130 - - [15/Sep/2022:20:24:24 -0700] "GET /blog/?p=12 HTTP/1.1" 200 12097 "-" "Mozilla/5.0 (Windows NT 6.1; Trident/7.0; rv:11.0) like Gecko" "site.gwheellift.com"
45.59.66.130 - - [15/Sep/2022:20:24:25 -0700] "POST /blog/wp-trackback.php?p=12 HTTP/1.1" 200 98 "http://site.gwheellift.com/blog/?p=12" "Mozilla/5.0 (Windows NT 6.1; Trident/7.0; rv:11.0) like Gecko" "site.gwheellift.com"
45.59.66.130 - - [15/Sep/2022:20:24:25 -0700] "GET /blog/?p=12 HTTP/1.1" 200 12097 "-" "Mozilla/5.0 (Windows NT 6.1; Trident/7.0; rv:11.0) like Gecko" "site.gwheellift.com"
45.59.66.130 - - [15/Sep/2022:20:30:55 -0700] "GET /blog/wp-trackback.php?p=12 HTTP/1.1" 200 98 "-" "Mozilla/5.0 (Windows NT 6.1; Trident/7.0; rv:11.0) like Gecko" "site.gwheellift.com"
45.59.66.130 - - [15/Sep/2022:20:30:56 -0700] "POST /blog/wp-trackback.php/trackback/ HTTP/1.1" 200 98 "http://site.gwheellift.com/blog/wp-trackback.php?p=12" "Mozilla/5.0 (Windows NT 6.1; Trident/7.0; rv:11.0) like Gecko" "site.gwheellift.com"
154.54.249.194 - - [15/Sep/2022:20:31:41 -0700] "GET /blog/?m=200803 HTTP/1.1" 200 5570 "-" "Mozilla/5.0 (compatible; Barkrowler/0.9; +https://babbar.tech/crawler)" "site.gwheellift.com"
66.249.79.53 - - [15/Sep/2022:20:40:45 -0700] "GET /robots.txt HTTP/1.1" 404 88 "-" "Mozilla/5.0 (compatible; Googlebot/2.1; +http://www.google.com/bot.html)" "site.gwheellift.com"
66.249.79.53 - - [15/Sep/2022:20:44:43 -0700] "GET /ads.txt HTTP/1.1" 404 88 "-" "Mozilla/5.0 (compatible; Googlebot/2.1; +http://www.google.com/bot.html)" "site.gwheellift.com"
66.249.79.53 - - [15/Sep/2022:20:44:45 -0700] "GET /ads.txt HTTP/1.1" 404 88 "-" "Mozilla/5.0 (compatible; Googlebot/2.1; +http://www.google.com/bot.html)" "site.gwheellift.com"
66.249.79.48 - - [15/Sep/2022:20:44:46 -0700] "GET /ads.txt HTTP/1.1" 404 88 "-" "Mozilla/5.0 (compatible; Googlebot/2.1; +http://www.google.com/bot.html)" "site.gwheellift.com"
40.77.167.103 - - [15/Sep/2022:21:18:28 -0700] "GET /robots.txt HTTP/1.1" 404 88 "-" "Mozilla/5.0 (compatible; bingbot/2.0; +http://www.bing.com/bingbot.htm)" "site.gwheellift.com"
157.55.39.126 - - [15/Sep/2022:21:18:37 -0700] "GET /tmp/2newbum.txt HTTP/1.1" 403 170 "-" "Mozilla/5.0 (compatible; bingbot/2.0; +http://www.bing.com/bingbot.htm)" "site.gwheellift.com"
45.59.66.130 - - [15/Sep/2022:21:44:16 -0700] "GET /blog/?p=12 HTTP/1.1" 200 12097 "-" "Mozilla/5.0 (Windows NT 6.1; Trident/7.0; rv:11.0) like Gecko" "site.gwheellift.com"
45.59.66.130 - - [15/Sep/2022:21:44:17 -0700] "POST /blog/wp-trackback.php?p=12 HTTP/1.1" 200 98 "http://site.gwheellift.com/blog/?p=12" "Mozilla/5.0 (Windows NT 6.1; Trident/7.0; rv:11.0) like Gecko" "site.gwheellift.com"
198.59.191.249 - - [15/Sep/2022:21:48:18 -0700] "GET /blog/?p=17 HTTP/1.1" 200 5523 "http://site.gwheellift.com/" "Mozilla/5.0 (Macintosh; Intel Mac OS X 12_5) AppleWebKit/537.36 (KHTML, like Gecko) Chrome/103.0.0.0 Safari/537.36 Vivaldi/5.3.2679.68" "site.gwheellift.com"
198.59.191.249 - - [15/Sep/2022:21:48:26 -0700] "GET /wp-login.php?action=register HTTP/1.1" 404 88 "http://site.gwheellift.com/" "Mozilla/5.0 (Windows NT 6.3; Win64; x64) AppleWebKit/537.36 (KHTML, like Gecko) Chrome/103.0.0.0 Safari/537.36" "site.gwheellift.com"
198.59.191.249 - - [15/Sep/2022:21:48:29 -0700] "GET /wp-login.php?action=register HTTP/1.1" 404 88 "http://site.gwheellift.com/wp-login.php?action=register" "Mozilla/5.0 (Windows NT 6.3; Win64; x64) AppleWebKit/537.36 (KHTML, like Gecko) Chrome/103.0.0.0 Safari/537.36" "site.gwheellift.com"
198.59.191.249 - - [15/Sep/2022:21:48:32 -0700] "GET /blog/?p=17 HTTP/1.1" 200 5523 "http://site.gwheellift.com/" "PHP/{5|6|7}.{3|2}.{1|2|3|4|5|6|7|8|9|0}{1|2|3|4|5|6|7|8|9|0}" "site.gwheellift.com"
198.59.191.249 - - [15/Sep/2022:21:48:37 -0700] "POST /blog/xmlrpc.php HTTP/1.1" 200 42 "http://site.gwheellift.com/" "PHP/5.2.92" "site.gwheellift.com"
198.59.191.249 - - [15/Sep/2022:21:48:39 -0700] "GET /blog/?p=17 HTTP/1.1" 200 5523 "-" "PHP/5.2.92" "site.gwheellift.com"
198.59.191.249 - - [15/Sep/2022:22:00:35 -0700] "GET /blog/?p=17 HTTP/1.1" 200 5523 "-" "Mozilla/5.0 (Windows NT 10.0; Win64; x64) AppleWebKit/537.36 (KHTML, like Gecko) Chrome/103.0.0.0 Safari/537.36 Edg/103.0.1264.71" "site.gwheellift.com"
45.59.66.130 - - [15/Sep/2022:22:20:38 -0700] "GET /blog/wp-trackback.php?p=12 HTTP/1.1" 200 98 "-" "Mozilla/5.0 (Windows NT 6.1; Trident/7.0; rv:11.0) like Gecko" "site.gwheellift.com"
45.59.66.130 - - [15/Sep/2022:22:20:39 -0700] "POST /blog/wp-trackback.php/trackback/ HTTP/1.1" 200 98 "http://site.gwheellift.com/blog/wp-trackback.php?p=12" "Mozilla/5.0 (Windows NT 6.1; Trident/7.0; rv:11.0) like Gecko" "site.gwheellift.com"
45.59.66.130 - - [15/Sep/2022:22:38:06 -0700] "GET /blog/?p=17 HTTP/1.1" 200 5523 "-" "Mozilla/5.0 (Windows NT 6.1; Trident/7.0; rv:11.0) like Gecko" "site.gwheellift.com"
45.59.66.130 - - [15/Sep/2022:22:38:07 -0700] "POST /blog/wp-trackback.php?p=17 HTTP/1.1" 200 98 "http://site.gwheellift.com/blog/?p=17" "Mozilla/5.0 (Windows NT 6.1; Trident/7.0; rv:11.0) like Gecko" "site.gwheellift.com"
135.181.79.106 - - [15/Sep/2022:22:53:36 -0700] "GET /robots.txt HTTP/1.1" 404 73 "-" "Mozilla/5.0 (compatible; MJ12bot/v1.4.8; http://mj12bot.com/)" "site.gwheellift.com"
135.181.79.106 - - [15/Sep/2022:22:53:38 -0700] "GET /blog/?s=hgdjhgjlarry%20page%20says%20muslims%20are%20gay%20/%20clit%20%20%20%20%20%C2%A311.42%20open%20box HTTP/1.1" 200 4060 "-" "Mozilla/5.0 (compatible; MJ12bot/v1.4.8; http://mj12bot.com/)" "site.gwheellift.com"
135.181.79.106 - - [15/Sep/2022:22:53:42 -0700] "GET /tmp/%3C?%3E HTTP/1.1" 403 170 "-" "Mozilla/5.0 (compatible; MJ12bot/v1.4.8; http://mj12bot.com/)" "site.gwheellift.com"
135.181.79.106 - - [15/Sep/2022:22:53:44 -0700] "GET /tmp//%22%22.$item[1].%22/%22 HTTP/1.1" 403 170 "-" "Mozilla/5.0 (compatible; MJ12bot/v1.4.8; http://mj12bot.com/)" "site.gwheellift.com"
135.181.79.106 - - [15/Sep/2022:22:53:46 -0700] "GET /tmp//%22ftp://%22.$login.%22:%22.$pass.%22@%22.$host.%22/%22 HTTP/1.1" 403 170 "-" "Mozilla/5.0 (compatible; MJ12bot/v1.4.8; http://mj12bot.com/)" "site.gwheellift.com"
135.181.79.106 - - [15/Sep/2022:22:53:48 -0700] "GET /tmp//%22http://securityprobe.net/%22 HTTP/1.1" 403 170 "-" "Mozilla/5.0 (compatible; MJ12bot/v1.4.8; http://mj12bot.com/)" "site.gwheellift.com"
118.184.177.51 - - [15/Sep/2022:23:00:37 -0700] "GET / HTTP/1.1" 200 370 "-" "Sogou web spider/4.0(+http://www.sogou.com/docs/help/webmasters.htm#07)" "site.gwheellift.com"
45.59.66.130 - - [15/Sep/2022:23:07:34 -0700] "GET /blog/?p=12 HTTP/1.1" 200 12097 "-" "Mozilla/5.0 (Windows NT 6.1; Trident/7.0; rv:11.0) like Gecko" "site.gwheellift.com"
45.59.66.130 - - [15/Sep/2022:23:07:36 -0700] "POST /blog/wp-trackback.php?p=12 HTTP/1.1" 200 98 "http://site.gwheellift.com/blog/?p=12" "Mozilla/5.0 (Windows NT 6.1; Trident/7.0; rv:11.0) like Gecko" "site.gwheellift.com"
114.119.154.237 - - [15/Sep/2022:23:18:55 -0700] "GET /blog/?s=hgdjhgjlarry%2Bpage%2Bsays%2Bthe%2Bprophet%2BMuhammad%2Bwas%2Ba%2Bgay%2Bpeado%20/%20video%20poker%20Tamaris%2026254,%20Women's%20Ankle%20Boots%20islam/muslims/Ways%20onerously%20bowelling%20sixth%20him%20catty%20whispering%20until%20the%20unimpeded%20%20'.video%20poker%20.'%20.%20/%20prophet%20%20video%20poker%20Tamaris%2026254,%20Women's%20Ankle%20Boots%20%20psoamp%20Muhammad%20quotes%20thoate%20Muhammad%20quotes%20etatch%20Muhammad%20quotes%20eebopt%20Muhammad%20quotes%20oordoo%20Muhammad%20quotes%20odilse%20Muhammad%20quotes%20cheeph%20Muhammad%20quotes%20whethu%20Muhammad%20quotes%20zooruv%20Muhammad%20quotes%20jeeshy%20Muhammad%20quotes%20ogrice%20Muhammad%20quotes%20ethath%20Muhammad%20quotes%20oothyt%20Muhammad%20quotes%20hobeeg%20Muhammad%20quotes%20rurgav%20Muhammad%20quotes%20lamees%20Muhammad%20quotes%20akyrsi%20Muhammad%20quotes%20acepse%20Muhammad%20quotes%20odekyp%20Muhammad%20quotes%20uhooks%20Muhammad%20quotes%20oosyrg%20Muhammad%20quotes%20tersoo%20Muhammad%20quotes%20mossuk%20Muhammad%20quotes%20eptigr%20Muhammad%20quotes%20pugras%20Muhammad%20quotes%20towhuc%20Muhammad%20quotes%20okissy%20porn%20video%20poker%20%20shocyx%20Muhammad%20quotes%20gutchy%20Muhammad%20quotes%20ymugho%20Muhammad%20quotes%20pacort%20Muhammad%20quotes%20ylachy%20Muhammad%20quotes%20bomsuz%20Muhammad%20quotes%20eensoo%20Muhammad%20quotes%20gleemp%20Muhammad%20quotes%20jynsuj%20Muhammad%20quotes%20iphavu%20Muhammad%20quotes%20ypsech%20Muhammad%20quotes%20ybynax%20porn%20video%20poker%20/uzymti HTTP/1.1" 200 7445 "-" "Mozilla/5.0 (Linux; Android 7.0;) AppleWebKit/537.36 (KHTML, like Gecko) Mobile Safari/537.36 (compatible; PetalBot;+https://webmaster.petalsearch.com/site/petalbot)" "site.gwheellift.com"
51.222.253.11 - - [15/Sep/2022:23:30:20 -0700] "GET /robots.txt HTTP/1.1" 404 88 "-" "Mozilla/5.0 (compatible; AhrefsBot/7.0; +http://ahrefs.com/robot/)" "site.gwheellift.com"
45.59.66.130 - - [15/Sep/2022:23:30:19 -0700] "GET /blog/?p=17 HTTP/1.1" 200 5523 "-" "Mozilla/5.0 (Windows NT 6.1; Trident/7.0; rv:11.0) like Gecko" "site.gwheellift.com"
45.59.66.130 - - [15/Sep/2022:23:30:21 -0700] "POST /blog/wp-trackback.php?p=17 HTTP/1.1" 200 98 "http://site.gwheellift.com/blog/?p=17" "Mozilla/5.0 (Windows NT 6.1; Trident/7.0; rv:11.0) like Gecko" "site.gwheellift.com"
51.222.253.7 - - [15/Sep/2022:23:30:21 -0700] "GET /blog/?feed=rss2 HTTP/1.1" 200 26878 "-" "Mozilla/5.0 (compatible; AhrefsBot/7.0; +http://ahrefs.com/robot/)" "site.gwheellift.com"
114.119.154.229 - - [15/Sep/2022:23:31:08 -0700] "GET /test/ HTTP/1.1" 200 310 "https://site.gwheellift.com/?C=N%3BO%3DD" "Mozilla/5.0 (Linux; Android 7.0;) AppleWebKit/537.36 (KHTML, like Gecko) Mobile Safari/537.36 (compatible; PetalBot;+https://webmaster.petalsearch.com/site/petalbot)" "site.gwheellift.com"
45.59.66.130 - - [15/Sep/2022:23:50:37 -0700] "GET /blog/wp-trackback.php?p=12 HTTP/1.1" 200 98 "-" "Mozilla/5.0 (Windows NT 6.1; Trident/7.0; rv:11.0) like Gecko" "site.gwheellift.com"
45.59.66.130 - - [15/Sep/2022:23:50:39 -0700] "POST /blog/wp-trackback.php/trackback/ HTTP/1.1" 200 98 "http://site.gwheellift.com/blog/wp-trackback.php?p=12" "Mozilla/5.0 (Windows NT 6.1; Trident/7.0; rv:11.0) like Gecko" "site.gwheellift.com"
46.241.57.29 - - [15/Sep/2022:23:53:27 -0700] "GET /blog/?p=17 HTTP/1.1" 200 5523 "-" "Mozilla/5.0 (Windows NT 10.0; Win64; x64) AppleWebKit/537.36 (KHTML, like Gecko) Chrome/103.0.0.0 Safari/537.36 Edg/103.0.1264.71" "site.gwheellift.com"
154.54.249.194 - - [16/Sep/2022:00:03:21 -0700] "GET /blog/?page_id=2 HTTP/1.1" 200 4490 "-" "Mozilla/5.0 (compatible; Barkrowler/0.9; +https://babbar.tech/crawler)" "site.gwheellift.com"
45.59.66.130 - - [16/Sep/2022:00:38:14 -0700] "GET /blog/?p=12 HTTP/1.1" 200 12097 "-" "Mozilla/5.0 (Windows NT 6.1; Trident/7.0; rv:11.0) like Gecko" "site.gwheellift.com"
45.59.66.130 - - [16/Sep/2022:00:38:16 -0700] "POST /blog/wp-trackback.php?p=12 HTTP/1.1" 200 98 "http://site.gwheellift.com/blog/?p=12" "Mozilla/5.0 (Windows NT 6.1; Trident/7.0; rv:11.0) like Gecko" "site.gwheellift.com"
154.6.18.64 - - [16/Sep/2022:00:42:40 -0700] "GET /blog/ HTTP/1.1" 200 32072 "http://site.gwheellift.com/blog/" "Mozilla/5.0 (Windows NT 6.2; Win64; x64) AppleWebKit/537.36 (KHTML, like Gecko) Chrome/90.0.4430.72 Safari/537.36" "site.gwheellift.com"
45.59.66.130 - - [16/Sep/2022:00:52:08 -0700] "GET /blog/wp-trackback.php?p=12 HTTP/1.1" 200 98 "-" "Mozilla/5.0 (Windows NT 6.1; Trident/7.0; rv:11.0) like Gecko" "site.gwheellift.com"
45.59.66.130 - - [16/Sep/2022:00:52:09 -0700] "POST /blog/wp-trackback.php/trackback/ HTTP/1.1" 200 98 "http://site.gwheellift.com/blog/wp-trackback.php?p=12" "Mozilla/5.0 (Windows NT 6.1; Trident/7.0; rv:11.0) like Gecko" "site.gwheellift.com"
49.7.21.112 - - [16/Sep/2022:00:58:28 -0700] "GET / HTTP/1.1" 200 370 "-" "Sogou web spider/4.0(+http://www.sogou.com/docs/help/webmasters.htm#07)" "site.gwheellift.com"
3.81.136.228 - - [16/Sep/2022:01:03:32 -0700] "GET /blog/?feed=rss HTTP/1.1" 304 - "https://www.google.com/" "Mozilla/5.0 (Windows NT 6.1; Win64; x64) AppleWebKit/537.36 (KHTML, like Gecko) Chrome/80.0.3987.122 Safari/537.36" "site.gwheellift.com"
184.94.240.88 - - [16/Sep/2022:01:08:04 -0700] "GET / HTTP/1.1" 200 835 "-" "Mozilla/5.0 (Windows NT 10.0; WOW64; rv:53.0) Gecko/20100101 Firefox/53.0" "site.gwheellift.com"
184.94.240.88 - - [16/Sep/2022:01:08:07 -0700] "GET /php/ HTTP/1.1" 200 12392 "-" "Mozilla/5.0 (Windows NT 10.0; WOW64; rv:53.0) Gecko/20100101 Firefox/53.0" "site.gwheellift.com"
184.94.240.88 - - [16/Sep/2022:01:08:14 -0700] "GET /test/ HTTP/1.1" 200 546 "-" "Mozilla/5.0 (Windows NT 10.0; WOW64; rv:53.0) Gecko/20100101 Firefox/53.0" "site.gwheellift.com"
184.94.240.88 - - [16/Sep/2022:01:08:18 -0700] "GET /blog/ HTTP/1.1" 200 32072 "-" "Mozilla/5.0 (Windows NT 10.0; WOW64; rv:53.0) Gecko/20100101 Firefox/53.0" "site.gwheellift.com"
154.54.249.194 - - [16/Sep/2022:01:15:22 -0700] "GET /blog/?cat=4 HTTP/1.1" 200 10313 "-" "Mozilla/5.0 (compatible; Barkrowler/0.9; +https://babbar.tech/crawler)" "site.gwheellift.com"
45.59.66.130 - - [16/Sep/2022:01:15:50 -0700] "GET /blog/?p=17 HTTP/1.1" 200 5523 "-" "Mozilla/5.0 (Windows NT 6.1; Trident/7.0; rv:11.0) like Gecko" "site.gwheellift.com"
45.59.66.130 - - [16/Sep/2022:01:15:51 -0700] "POST /blog/wp-trackback.php?p=17 HTTP/1.1" 200 98 "http://site.gwheellift.com/blog/?p=17" "Mozilla/5.0 (Windows NT 6.1; Trident/7.0; rv:11.0) like Gecko" "site.gwheellift.com"
45.59.66.130 - - [16/Sep/2022:01:21:54 -0700] "GET /blog/wp-trackback.php?p=12 HTTP/1.1" 200 98 "-" "Mozilla/5.0 (Windows NT 6.1; Trident/7.0; rv:11.0) like Gecko" "site.gwheellift.com"
45.59.66.130 - - [16/Sep/2022:01:21:55 -0700] "POST /blog/wp-trackback.php/trackback/ HTTP/1.1" 200 98 "http://site.gwheellift.com/blog/wp-trackback.php?p=12" "Mozilla/5.0 (Windows NT 6.1; Trident/7.0; rv:11.0) like Gecko" "site.gwheellift.com"
45.59.66.130 - - [16/Sep/2022:01:21:55 -0700] "GET /blog/wp-trackback.php?p=12 HTTP/1.1" 200 98 "-" "Mozilla/5.0 (Windows NT 6.1; Trident/7.0; rv:11.0) like Gecko" "site.gwheellift.com"
45.59.66.130 - - [16/Sep/2022:01:29:33 -0700] "GET /blog/wp-trackback.php?p=12 HTTP/1.1" 200 98 "-" "Mozilla/5.0 (Windows NT 6.1; Trident/7.0; rv:11.0) like Gecko" "site.gwheellift.com"
45.59.66.130 - - [16/Sep/2022:01:29:34 -0700] "POST /blog/wp-trackback.php/trackback/ HTTP/1.1" 200 98 "http://site.gwheellift.com/blog/wp-trackback.php?p=12" "Mozilla/5.0 (Windows NT 6.1; Trident/7.0; rv:11.0) like Gecko" "site.gwheellift.com"
45.59.66.130 - - [16/Sep/2022:01:40:05 -0700] "GET /blog/wp-trackback.php?p=12 HTTP/1.1" 200 98 "-" "Mozilla/5.0 (Windows NT 6.1; Trident/7.0; rv:11.0) like Gecko" "site.gwheellift.com"
45.59.66.130 - - [16/Sep/2022:01:40:06 -0700] "POST /blog/wp-trackback.php/trackback/ HTTP/1.1" 200 98 "http://site.gwheellift.com/blog/wp-trackback.php?p=12" "Mozilla/5.0 (Windows NT 6.1; Trident/7.0; rv:11.0) like Gecko" "site.gwheellift.com"
103.240.99.87 - - [16/Sep/2022:01:44:37 -0700] "GET /blog/?p=17 HTTP/1.1" 200 5523 "-" "Mozilla/5.0 (Windows NT 10.0; Win64; x64) AppleWebKit/537.36 (KHTML, like Gecko) Chrome/103.0.0.0 Safari/537.36 Edg/103.0.1264.71" "site.gwheellift.com"
154.54.249.194 - - [16/Sep/2022:02:25:06 -0700] "GET /blog/?cat=5 HTTP/1.1" 200 5231 "-" "Mozilla/5.0 (compatible; Barkrowler/0.9; +https://babbar.tech/crawler)" "site.gwheellift.com"
45.59.66.130 - - [16/Sep/2022:03:04:55 -0700] "GET /blog/?p=17 HTTP/1.1" 200 5523 "-" "Mozilla/5.0 (Windows NT 6.1; Trident/7.0; rv:11.0) like Gecko" "site.gwheellift.com"
45.59.66.130 - - [16/Sep/2022:03:04:57 -0700] "POST /blog/wp-trackback.php?p=17 HTTP/1.1" 200 98 "http://site.gwheellift.com/blog/?p=17" "Mozilla/5.0 (Windows NT 6.1; Trident/7.0; rv:11.0) like Gecko" "site.gwheellift.com"
45.59.66.130 - - [16/Sep/2022:03:36:48 -0700] "GET /blog/wp-trackback.php?p=12 HTTP/1.1" 200 98 "-" "Mozilla/5.0 (Windows NT 6.1; Trident/7.0; rv:11.0) like Gecko" "site.gwheellift.com"
45.59.66.130 - - [16/Sep/2022:03:36:49 -0700] "POST /blog/wp-trackback.php/trackback/ HTTP/1.1" 200 98 "http://site.gwheellift.com/blog/wp-trackback.php?p=12" "Mozilla/5.0 (Windows NT 6.1; Trident/7.0; rv:11.0) like Gecko" "site.gwheellift.com"
154.54.249.194 - - [16/Sep/2022:03:38:00 -0700] "GET /blog/?m=200703 HTTP/1.1" 200 8321 "-" "Mozilla/5.0 (compatible; Barkrowler/0.9; +https://babbar.tech/crawler)" "site.gwheellift.com"
45.59.66.130 - - [16/Sep/2022:03:40:36 -0700] "GET /blog/?p=17 HTTP/1.1" 200 5523 "-" "Mozilla/5.0 (Windows NT 6.1; Trident/7.0; rv:11.0) like Gecko" "site.gwheellift.com"
45.59.66.130 - - [16/Sep/2022:03:40:37 -0700] "POST /blog/wp-trackback.php?p=17 HTTP/1.1" 200 98 "http://site.gwheellift.com/blog/?p=17" "Mozilla/5.0 (Windows NT 6.1; Trident/7.0; rv:11.0) like Gecko" "site.gwheellift.com"
45.59.66.130 - - [16/Sep/2022:03:41:31 -0700] "GET /blog/?p=12 HTTP/1.1" 200 12097 "-" "Mozilla/5.0 (Windows NT 6.1; Trident/7.0; rv:11.0) like Gecko" "site.gwheellift.com"
45.59.66.130 - - [16/Sep/2022:03:41:32 -0700] "POST /blog/wp-trackback.php?p=12 HTTP/1.1" 200 98 "http://site.gwheellift.com/blog/?p=12" "Mozilla/5.0 (Windows NT 6.1; Trident/7.0; rv:11.0) like Gecko" "site.gwheellift.com"
45.59.66.130 - - [16/Sep/2022:03:57:23 -0700] "GET /blog/?p=12 HTTP/1.1" 200 12097 "-" "Mozilla/5.0 (Windows NT 6.1; Trident/7.0; rv:11.0) like Gecko" "site.gwheellift.com"
45.59.66.130 - - [16/Sep/2022:03:57:25 -0700] "POST /blog/wp-trackback.php?p=12 HTTP/1.1" 200 98 "http://site.gwheellift.com/blog/?p=12" "Mozilla/5.0 (Windows NT 6.1; Trident/7.0; rv:11.0) like Gecko" "site.gwheellift.com"
45.59.66.130 - - [16/Sep/2022:04:42:30 -0700] "GET /blog/?p=17 HTTP/1.1" 200 5523 "-" "Mozilla/5.0 (Windows NT 6.1; Trident/7.0; rv:11.0) like Gecko" "site.gwheellift.com"
45.59.66.130 - - [16/Sep/2022:04:42:32 -0700] "POST /blog/wp-trackback.php?p=17 HTTP/1.1" 200 98 "http://site.gwheellift.com/blog/?p=17" "Mozilla/5.0 (Windows NT 6.1; Trident/7.0; rv:11.0) like Gecko" "site.gwheellift.com"
45.59.66.130 - - [16/Sep/2022:04:42:32 -0700] "GET /blog/?p=17 HTTP/1.1" 200 5523 "-" "Mozilla/5.0 (Windows NT 6.1; Trident/7.0; rv:11.0) like Gecko" "site.gwheellift.com"
191.102.154.254 - - [16/Sep/2022:04:53:37 -0700] "GET /blog/?p=17 HTTP/1.1" 200 5523 "http://site.gwheellift.com/" "Mozilla/5.0 (Windows NT 10.0; WOW64) AppleWebKit/537.36 (KHTML, like Gecko) Chrome/60.0.3100.2 Safari/537.36" "site.gwheellift.com"
191.102.154.254 - - [16/Sep/2022:04:53:48 -0700] "GET /blog/?p=12 HTTP/1.1" 200 12097 "http://site.gwheellift.com/" "Mozilla/5.0 (Windows NT 10.0; WOW64) AppleWebKit/537.36 (KHTML, like Gecko) Chrome/60.0.3100.2 Safari/537.36" "site.gwheellift.com"
191.102.154.254 - - [16/Sep/2022:04:53:50 -0700] "GET /wp-login.php?action=register HTTP/1.1" 404 88 "http://site.gwheellift.com/" "Mozilla/5.0 (Windows NT 10.0; WOW64) AppleWebKit/537.36 (KHTML, like Gecko) Chrome/60.0.3100.2 Safari/537.36" "site.gwheellift.com"
191.102.154.254 - - [16/Sep/2022:04:53:51 -0700] "GET /wp-login.php?action=register HTTP/1.1" 404 88 "http://site.gwheellift.com/wp-login.php?action=register" "Mozilla/5.0 (Windows NT 10.0; WOW64) AppleWebKit/537.36 (KHTML, like Gecko) Chrome/60.0.3100.2 Safari/537.36" "site.gwheellift.com"
191.102.154.254 - - [16/Sep/2022:04:53:51 -0700] "GET /blog/?p=12 HTTP/1.1" 200 12097 "http://site.gwheellift.com/" "PHP/{5|6|7}.{3|2}.{1|2|3|4|5|6|7|8|9|0}{1|2|3|4|5|6|7|8|9|0}" "site.gwheellift.com"
191.102.154.254 - - [16/Sep/2022:04:53:52 -0700] "POST /blog/xmlrpc.php HTTP/1.1" 200 42 "http://site.gwheellift.com/" "PHP/6.2.98" "site.gwheellift.com"
191.102.154.254 - - [16/Sep/2022:04:53:54 -0700] "GET /blog/?p=12 HTTP/1.1" 200 12097 "-" "PHP/6.2.98" "site.gwheellift.com"
45.59.66.130 - - [16/Sep/2022:04:55:33 -0700] "GET /blog/?p=12 HTTP/1.1" 200 12097 "-" "Mozilla/5.0 (Windows NT 6.1; Trident/7.0; rv:11.0) like Gecko" "site.gwheellift.com"
45.59.66.130 - - [16/Sep/2022:04:55:33 -0700] "POST /blog/wp-trackback.php?p=12 HTTP/1.1" 200 98 "http://site.gwheellift.com/blog/?p=12" "Mozilla/5.0 (Windows NT 6.1; Trident/7.0; rv:11.0) like Gecko" "site.gwheellift.com"
154.54.249.194 - - [16/Sep/2022:04:56:54 -0700] "GET /test/?C=N;O=D HTTP/1.1" 200 308 "-" "Mozilla/5.0 (compatible; Barkrowler/0.9; +https://babbar.tech/crawler)" "site.gwheellift.com"
45.59.66.130 - - [16/Sep/2022:04:58:12 -0700] "GET /blog/?p=12 HTTP/1.1" 200 12097 "-" "Mozilla/5.0 (Windows NT 6.1; Trident/7.0; rv:11.0) like Gecko" "site.gwheellift.com"
45.59.66.130 - - [16/Sep/2022:04:58:14 -0700] "POST /blog/wp-trackback.php?p=12 HTTP/1.1" 200 98 "http://site.gwheellift.com/blog/?p=12" "Mozilla/5.0 (Windows NT 6.1; Trident/7.0; rv:11.0) like Gecko" "site.gwheellift.com"
45.59.66.130 - - [16/Sep/2022:04:58:14 -0700] "GET /blog/?p=12 HTTP/1.1" 200 12097 "-" "Mozilla/5.0 (Windows NT 6.1; Trident/7.0; rv:11.0) like Gecko" "site.gwheellift.com"
52.207.152.129 - - [16/Sep/2022:05:04:06 -0700] "GET /blog/?feed=atom HTTP/1.1" 304 - "https://www.google.com/" "Mozilla/5.0 (Windows NT 10.0; rv:68.0) Gecko/20100101 Firefox/68.0" "site.gwheellift.com"
45.59.66.130 - - [16/Sep/2022:05:05:09 -0700] "GET /blog/?p=12 HTTP/1.1" 200 12097 "-" "Mozilla/5.0 (Windows NT 6.1; Trident/7.0; rv:11.0) like Gecko" "site.gwheellift.com"
45.59.66.130 - - [16/Sep/2022:05:05:10 -0700] "POST /blog/wp-trackback.php?p=12 HTTP/1.1" 200 98 "http://site.gwheellift.com/blog/?p=12" "Mozilla/5.0 (Windows NT 6.1; Trident/7.0; rv:11.0) like Gecko" "site.gwheellift.com"
132.145.9.189 - - [16/Sep/2022:05:33:28 -0700] "GET /wp-class.php HTTP/1.1" 404 73 "-" "-" "site.gwheellift.com"
45.59.66.130 - - [16/Sep/2022:05:45:26 -0700] "GET /blog/?p=17 HTTP/1.1" 200 5523 "-" "Mozilla/5.0 (Windows NT 6.1; Trident/7.0; rv:11.0) like Gecko" "site.gwheellift.com"
45.59.66.130 - - [16/Sep/2022:05:45:28 -0700] "POST /blog/wp-trackback.php?p=17 HTTP/1.1" 200 98 "http://site.gwheellift.com/blog/?p=17" "Mozilla/5.0 (Windows NT 6.1; Trident/7.0; rv:11.0) like Gecko" "site.gwheellift.com"
196.199.122.181 - - [16/Sep/2022:05:48:08 -0700] "GET /blog/?p=12 HTTP/1.1" 200 12097 "-" "Mozilla/5.0 (Macintosh; Intel Mac OS X 10_13_4) AppleWebKit/537.36 (KHTML, like Gecko) Chrome/67.0.3396.79 Safari/537.36" "site.gwheellift.com"
45.59.66.130 - - [16/Sep/2022:06:08:31 -0700] "GET /blog/wp-trackback.php?p=12 HTTP/1.1" 200 98 "-" "Mozilla/5.0 (Windows NT 6.1; Trident/7.0; rv:11.0) like Gecko" "site.gwheellift.com"
45.59.66.130 - - [16/Sep/2022:06:08:32 -0700] "POST /blog/wp-trackback.php/trackback/ HTTP/1.1" 200 98 "http://site.gwheellift.com/blog/wp-trackback.php?p=12" "Mozilla/5.0 (Windows NT 6.1; Trident/7.0; rv:11.0) like Gecko" "site.gwheellift.com"
154.54.249.194 - - [16/Sep/2022:06:16:26 -0700] "GET /test/?C=N;O=A HTTP/1.1" 200 310 "-" "Mozilla/5.0 (compatible; Barkrowler/0.9; +https://babbar.tech/crawler)" "site.gwheellift.com"
45.59.66.130 - - [16/Sep/2022:06:27:44 -0700] "GET /blog/?p=17 HTTP/1.1" 200 5523 "-" "Mozilla/5.0 (Windows NT 6.1; Trident/7.0; rv:11.0) like Gecko" "site.gwheellift.com"
45.59.66.130 - - [16/Sep/2022:06:27:48 -0700] "POST /blog/wp-trackback.php?p=17 HTTP/1.1" 200 98 "http://site.gwheellift.com/blog/?p=17" "Mozilla/5.0 (Windows NT 6.1; Trident/7.0; rv:11.0) like Gecko" "site.gwheellift.com"
118.184.177.50 - - [16/Sep/2022:06:39:44 -0700] "GET / HTTP/1.1" 200 370 "-" "Sogou web spider/4.0(+http://www.sogou.com/docs/help/webmasters.htm#07)" "site.gwheellift.com"
51.222.253.9 - - [16/Sep/2022:06:42:55 -0700] "GET /test/?C=N;O=D HTTP/1.1" 200 308 "-" "Mozilla/5.0 (compatible; AhrefsBot/7.0; +http://ahrefs.com/robot/)" "site.gwheellift.com"
45.59.66.130 - - [16/Sep/2022:06:52:34 -0700] "GET /blog/?p=17 HTTP/1.1" 200 5523 "-" "Mozilla/5.0 (Windows NT 6.1; Trident/7.0; rv:11.0) like Gecko" "site.gwheellift.com"
45.59.66.130 - - [16/Sep/2022:06:52:35 -0700] "POST /blog/wp-trackback.php?p=17 HTTP/1.1" 200 98 "http://site.gwheellift.com/blog/?p=17" "Mozilla/5.0 (Windows NT 6.1; Trident/7.0; rv:11.0) like Gecko" "site.gwheellift.com"
45.59.66.130 - - [16/Sep/2022:07:13:03 -0700] "GET /blog/wp-trackback.php?p=12 HTTP/1.1" 200 98 "-" "Mozilla/5.0 (Windows NT 6.1; Trident/7.0; rv:11.0) like Gecko" "site.gwheellift.com"
45.59.66.130 - - [16/Sep/2022:07:13:04 -0700] "POST /blog/wp-trackback.php/trackback/ HTTP/1.1" 200 98 "http://site.gwheellift.com/blog/wp-trackback.php?p=12" "Mozilla/5.0 (Windows NT 6.1; Trident/7.0; rv:11.0) like Gecko" "site.gwheellift.com"
49.7.21.114 - - [16/Sep/2022:07:25:47 -0700] "GET / HTTP/1.1" 200 370 "-" "Sogou web spider/4.0(+http://www.sogou.com/docs/help/webmasters.htm#07)" "site.gwheellift.com"
123.183.224.88 - - [16/Sep/2022:07:34:21 -0700] "GET / HTTP/1.1" 200 370 "-" "Sogou web spider/4.0(+http://www.sogou.com/docs/help/webmasters.htm#07)" "site.gwheellift.com"
154.54.249.194 - - [16/Sep/2022:07:41:14 -0700] "GET /test/?C=D;O=A HTTP/1.1" 200 310 "-" "Mozilla/5.0 (compatible; Barkrowler/0.9; +https://babbar.tech/crawler)" "site.gwheellift.com"
45.59.66.130 - - [16/Sep/2022:07:45:27 -0700] "GET /blog/?p=12 HTTP/1.1" 200 12097 "-" "Mozilla/5.0 (Windows NT 6.1; Trident/7.0; rv:11.0) like Gecko" "site.gwheellift.com"
45.59.66.130 - - [16/Sep/2022:07:45:28 -0700] "POST /blog/wp-trackback.php?p=12 HTTP/1.1" 200 98 "http://site.gwheellift.com/blog/?p=12" "Mozilla/5.0 (Windows NT 6.1; Trident/7.0; rv:11.0) like Gecko" "site.gwheellift.com"
191.102.152.225 - - [16/Sep/2022:08:00:40 -0700] "GET /blog/?p=12 HTTP/1.1" 200 12097 "-" "Mozilla/5.0 (Macintosh; Intel Mac OS X 10_13_4) AppleWebKit/537.36 (KHTML, like Gecko) Chrome/67.0.3396.79 Safari/537.36" "site.gwheellift.com"
157.55.39.125 - - [16/Sep/2022:08:23:54 -0700] "GET /blog/?feed=atom HTTP/1.1" 200 27006 "-" "Mozilla/5.0 (compatible; bingbot/2.0; +http://www.bing.com/bingbot.htm)" "site.gwheellift.com"
45.59.66.130 - - [16/Sep/2022:08:26:17 -0700] "GET /blog/wp-trackback.php?p=12 HTTP/1.1" 200 98 "-" "Mozilla/5.0 (Windows NT 6.1; Trident/7.0; rv:11.0) like Gecko" "site.gwheellift.com"
45.59.66.130 - - [16/Sep/2022:08:26:18 -0700] "POST /blog/wp-trackback.php/trackback/ HTTP/1.1" 200 98 "http://site.gwheellift.com/blog/wp-trackback.php?p=12" "Mozilla/5.0 (Windows NT 6.1; Trident/7.0; rv:11.0) like Gecko" "site.gwheellift.com"
45.59.66.130 - - [16/Sep/2022:08:37:44 -0700] "GET /blog/?p=17 HTTP/1.1" 200 5523 "-" "Mozilla/5.0 (Windows NT 6.1; Trident/7.0; rv:11.0) like Gecko" "site.gwheellift.com"
45.59.66.130 - - [16/Sep/2022:08:37:45 -0700] "POST /blog/wp-trackback.php?p=17 HTTP/1.1" 200 98 "http://site.gwheellift.com/blog/?p=17" "Mozilla/5.0 (Windows NT 6.1; Trident/7.0; rv:11.0) like Gecko" "site.gwheellift.com"
45.59.66.130 - - [16/Sep/2022:09:02:00 -0700] "GET /blog/wp-trackback.php?p=12 HTTP/1.1" 200 98 "-" "Mozilla/5.0 (Windows NT 6.1; Trident/7.0; rv:11.0) like Gecko" "site.gwheellift.com"
45.59.66.130 - - [16/Sep/2022:09:02:01 -0700] "POST /blog/wp-trackback.php/trackback/ HTTP/1.1" 200 98 "http://site.gwheellift.com/blog/wp-trackback.php?p=12" "Mozilla/5.0 (Windows NT 6.1; Trident/7.0; rv:11.0) like Gecko" "site.gwheellift.com"
154.54.249.194 - - [16/Sep/2022:09:09:19 -0700] "GET /test/?C=M;O=D HTTP/1.1" 200 308 "-" "Mozilla/5.0 (compatible; Barkrowler/0.9; +https://babbar.tech/crawler)" "site.gwheellift.com"
45.59.66.130 - - [16/Sep/2022:09:17:51 -0700] "GET /blog/wp-trackback.php?p=12 HTTP/1.1" 200 98 "-" "Mozilla/5.0 (Windows NT 6.1; Trident/7.0; rv:11.0) like Gecko" "site.gwheellift.com"
45.59.66.130 - - [16/Sep/2022:09:17:52 -0700] "POST /blog/wp-trackback.php/trackback/ HTTP/1.1" 200 98 "http://site.gwheellift.com/blog/wp-trackback.php?p=12" "Mozilla/5.0 (Windows NT 6.1; Trident/7.0; rv:11.0) like Gecko" "site.gwheellift.com"
157.55.39.125 - - [16/Sep/2022:09:24:00 -0700] "GET /test/?C=S;O=D HTTP/1.1" 200 308 "-" "Mozilla/5.0 AppleWebKit/537.36 (KHTML, like Gecko; compatible; bingbot/2.0; +http://www.bing.com/bingbot.htm) Chrome/103.0.5060.134 Safari/537.36" "site.gwheellift.com"
51.222.253.16 - - [16/Sep/2022:09:25:30 -0700] "GET /test/?C=D;O=A HTTP/1.1" 200 310 "-" "Mozilla/5.0 (compatible; AhrefsBot/7.0; +http://ahrefs.com/robot/)" "site.gwheellift.com"
183.221.221.149 - - [16/Sep/2022:09:27:40 -0700] "GET /blog/ HTTP/1.1" 200 32072 "http://site.gwheellift.com/" "Mozilla/5.0 (X11; Linux i686; rv:102.0) Gecko/20100101 Firefox/102.0" "site.gwheellift.com"
183.221.221.149 - - [16/Sep/2022:09:27:44 -0700] "GET /blog/wp-login.php HTTP/1.1" 200 1890 "http://site.gwheellift.com/" "Mozilla/5.0 (Windows NT 6.3; Win64; x64) AppleWebKit/537.36 (KHTML, like Gecko) Chrome/103.0.0.0 Safari/537.36" "site.gwheellift.com"
183.221.221.149 - - [16/Sep/2022:09:27:46 -0700] "GET /blog/wp-login.php?action=lostpassword HTTP/1.1" 200 1806 "http://site.gwheellift.com/blog/wp-login.php" "Mozilla/5.0 (Windows NT 6.3; Win64; x64) AppleWebKit/537.36 (KHTML, like Gecko) Chrome/103.0.0.0 Safari/537.36" "site.gwheellift.com"
183.221.221.149 - - [16/Sep/2022:09:27:52 -0700] "POST /blog/wp-login.php?action=lostpassword HTTP/1.1" 200 1939 "http://site.gwheellift.com/blog/wp-login.php?action=lostpassword" "Mozilla/5.0 (Windows NT 6.3; Win64; x64) AppleWebKit/537.36 (KHTML, like Gecko) Chrome/103.0.0.0 Safari/537.36" "site.gwheellift.com"
181.215.178.225 - - [16/Sep/2022:09:35:59 -0700] "HEAD /adminer.php HTTP/1.1" 404 - "-" "curl/7.58.0" "site.gwheellift.com"
181.215.178.225 - - [16/Sep/2022:09:36:00 -0700] "GET /adminer.php HTTP/1.1" 404 73 "-" "curl/7.58.0" "site.gwheellift.com"
45.59.66.130 - - [16/Sep/2022:09:56:11 -0700] "GET /blog/wp-trackback.php?p=12 HTTP/1.1" 200 98 "-" "Mozilla/5.0 (Windows NT 6.1; Trident/7.0; rv:11.0) like Gecko" "site.gwheellift.com"
45.59.66.130 - - [16/Sep/2022:09:56:12 -0700] "POST /blog/wp-trackback.php/trackback/ HTTP/1.1" 200 98 "http://site.gwheellift.com/blog/wp-trackback.php?p=12" "Mozilla/5.0 (Windows NT 6.1; Trident/7.0; rv:11.0) like Gecko" "site.gwheellift.com"
45.59.66.130 - - [16/Sep/2022:09:56:13 -0700] "GET /blog/wp-trackback.php?p=12 HTTP/1.1" 200 98 "-" "Mozilla/5.0 (Windows NT 6.1; Trident/7.0; rv:11.0) like Gecko" "site.gwheellift.com"
112.54.41.177 - - [16/Sep/2022:10:06:17 -0700] "GET /blog/wp-login.php?action=lostpassword HTTP/1.1" 200 1806 "http://site.gwheellift.com/" "Mozilla/5.0 (X11; Linux i686) AppleWebKit/537.36 (KHTML, like Gecko) Chrome/103.0.0.0 Safari/537.36 Vivaldi/5.3.2679.68" "site.gwheellift.com"
112.54.41.177 - - [16/Sep/2022:10:06:19 -0700] "GET /blog/wp-login.php HTTP/1.1" 200 1890 "http://site.gwheellift.com/" "Mozilla/5.0 (Windows NT 6.3; Win64; x64) AppleWebKit/537.36 (KHTML, like Gecko) Chrome/103.0.0.0 Safari/537.36" "site.gwheellift.com"
104.28.211.105 - - [16/Sep/2022:10:11:17 -0700] "GET /blog/wp-login.php?action=lostpassword HTTP/1.1" 200 1806 "http://site.gwheellift.com/" "Mozilla/5.0 (Windows NT 6.3; Win64; x64) AppleWebKit/537.36 (KHTML, like Gecko) Chrome/103.0.0.0 Safari/537.36" "site.gwheellift.com"
104.28.211.105 - - [16/Sep/2022:10:11:18 -0700] "GET /blog/wp-login.php HTTP/1.1" 200 1890 "http://site.gwheellift.com/blog/wp-login.php?action=lostpassword" "Mozilla/5.0 (Windows NT 6.3; Win64; x64) AppleWebKit/537.36 (KHTML, like Gecko) Chrome/103.0.0.0 Safari/537.36" "site.gwheellift.com"
223.96.94.87 - - [16/Sep/2022:10:13:31 -0700] "GET /blog/wp-login.php?action=lostpassword HTTP/1.1" 200 1806 "http://site.gwheellift.com/" "Mozilla/5.0 (Windows NT 6.3; Win64; x64) AppleWebKit/537.36 (KHTML, like Gecko) Chrome/103.0.0.0 Safari/537.36" "site.gwheellift.com"
218.10.96.26 - - [16/Sep/2022:10:13:43 -0700] "GET /blog/wp-login.php HTTP/1.1" 200 1890 "http://site.gwheellift.com/blog/wp-login.php?action=lostpassword" "Mozilla/5.0 (Windows NT 6.3; Win64; x64) AppleWebKit/537.36 (KHTML, like Gecko) Chrome/103.0.0.0 Safari/537.36" "site.gwheellift.com"
24.109.252.48 - - [16/Sep/2022:10:14:05 -0700] "GET /blog/wp-login.php HTTP/1.1" 200 1890 "http://site.gwheellift.com/blog/wp-login.php?action=lostpassword" "Mozilla/5.0 (Windows NT 6.3; Win64; x64) AppleWebKit/537.36 (KHTML, like Gecko) Chrome/103.0.0.0 Safari/537.36" "site.gwheellift.com"
123.153.98.198 - - [16/Sep/2022:10:16:40 -0700] "GET /blog/wp-login.php?action=lostpassword HTTP/1.1" 200 1806 "http://site.gwheellift.com/" "Mozilla/5.0 (Macintosh; Intel Mac OS X 12_5) AppleWebKit/537.36 (KHTML, like Gecko) Chrome/103.0.0.0 YaBrowser/22.7.0 Yowser/2.5 Safari/537.36" "site.gwheellift.com"
47.74.152.29 - - [16/Sep/2022:10:17:11 -0700] "GET /blog/wp-login.php?action=lostpassword HTTP/1.1" 200 1806 "http://site.gwheellift.com/blog/wp-login.php?action=lostpassword" "Mozilla/5.0 (Windows NT 6.3; Win64; x64) AppleWebKit/537.36 (KHTML, like Gecko) Chrome/103.0.0.0 Safari/537.36" "site.gwheellift.com"
47.74.152.29 - - [16/Sep/2022:10:17:17 -0700] "POST /blog/wp-login.php?action=lostpassword HTTP/1.1" 200 1946 "http://site.gwheellift.com/blog/wp-login.php?action=lostpassword" "Mozilla/5.0 (Windows NT 6.3; Win64; x64) AppleWebKit/537.36 (KHTML, like Gecko) Chrome/103.0.0.0 Safari/537.36" "site.gwheellift.com"
191.102.152.225 - - [16/Sep/2022:10:20:58 -0700] "GET /blog/?p=12 HTTP/1.1" 200 12097 "-" "Mozilla/5.0 (Macintosh; Intel Mac OS X 10_13_4) AppleWebKit/537.36 (KHTML, like Gecko) Chrome/67.0.3396.79 Safari/537.36" "site.gwheellift.com"
154.54.249.194 - - [16/Sep/2022:10:32:34 -0700] "GET /test/?C=M;O=A HTTP/1.1" 200 310 "-" "Mozilla/5.0 (compatible; Barkrowler/0.9; +https://babbar.tech/crawler)" "site.gwheellift.com"
114.119.153.56 - - [16/Sep/2022:10:33:52 -0700] "GET /robots.txt HTTP/1.1" 404 88 "-" "Mozilla/5.0 (compatible;PetalBot;+https://webmaster.petalsearch.com/site/petalbot)" "site.gwheellift.com"
45.59.66.130 - - [16/Sep/2022:10:44:42 -0700] "GET /blog/wp-trackback.php?p=12 HTTP/1.1" 200 98 "-" "Mozilla/5.0 (Windows NT 6.1; Trident/7.0; rv:11.0) like Gecko" "site.gwheellift.com"
45.59.66.130 - - [16/Sep/2022:10:44:44 -0700] "POST /blog/wp-trackback.php/trackback/ HTTP/1.1" 200 98 "http://site.gwheellift.com/blog/wp-trackback.php?p=12" "Mozilla/5.0 (Windows NT 6.1; Trident/7.0; rv:11.0) like Gecko" "site.gwheellift.com"
51.222.253.16 - - [16/Sep/2022:10:53:20 -0700] "GET /?C=M;O=A HTTP/1.1" 200 370 "-" "Mozilla/5.0 (compatible; AhrefsBot/7.0; +http://ahrefs.com/robot/)" "site.gwheellift.com"
45.59.66.130 - - [16/Sep/2022:10:53:59 -0700] "GET /blog/?p=17 HTTP/1.1" 200 5523 "-" "Mozilla/5.0 (Windows NT 6.1; Trident/7.0; rv:11.0) like Gecko" "site.gwheellift.com"
45.59.66.130 - - [16/Sep/2022:10:54:01 -0700] "POST /blog/wp-trackback.php?p=17 HTTP/1.1" 200 98 "http://site.gwheellift.com/blog/?p=17" "Mozilla/5.0 (Windows NT 6.1; Trident/7.0; rv:11.0) like Gecko" "site.gwheellift.com"
123.157.233.138 - - [16/Sep/2022:10:55:05 -0700] "GET /blog/wp-login.php?action=lostpassword HTTP/1.1" 200 1806 "http://site.gwheellift.com/" "Mozilla/5.0 (X11; Ubuntu; Linux i686; rv:102.0) Gecko/20100101 Firefox/102.0" "site.gwheellift.com"
114.43.111.68 - - [16/Sep/2022:10:55:07 -0700] "GET /blog/wp-login.php?action=lostpassword HTTP/1.1" 200 1806 "http://site.gwheellift.com/" "Mozilla/5.0 (X11; Ubuntu; Linux i686; rv:102.0) Gecko/20100101 Firefox/102.0" "site.gwheellift.com"
114.43.123.175 - - [16/Sep/2022:10:55:09 -0700] "GET /blog/wp-login.php HTTP/1.1" 200 1890 "http://site.gwheellift.com/" "Mozilla/5.0 (Windows NT 6.3; Win64; x64) AppleWebKit/537.36 (KHTML, like Gecko) Chrome/103.0.0.0 Safari/537.36" "site.gwheellift.com"
114.43.146.140 - - [16/Sep/2022:10:55:10 -0700] "GET /blog/wp-login.php?action=lostpassword HTTP/1.1" 200 1806 "http://site.gwheellift.com/blog/wp-login.php" "Mozilla/5.0 (Windows NT 6.3; Win64; x64) AppleWebKit/537.36 (KHTML, like Gecko) Chrome/103.0.0.0 Safari/537.36" "site.gwheellift.com"
114.43.146.140 - - [16/Sep/2022:10:55:19 -0700] "POST /blog/wp-login.php?action=lostpassword HTTP/1.1" 200 1945 "http://site.gwheellift.com/blog/wp-login.php?action=lostpassword" "Mozilla/5.0 (Windows NT 6.3; Win64; x64) AppleWebKit/537.36 (KHTML, like Gecko) Chrome/103.0.0.0 Safari/537.36" "site.gwheellift.com"
47.74.152.29 - - [16/Sep/2022:11:28:47 -0700] "GET /blog/wp-login.php?action=lostpassword HTTP/1.1" 200 1806 "http://site.gwheellift.com/" "Mozilla/5.0 (Macintosh; Intel Mac OS X 12_5) AppleWebKit/605.1.15 (KHTML, like Gecko) Version/15.4 Safari/605.1.15" "site.gwheellift.com"
47.74.152.29 - - [16/Sep/2022:11:28:49 -0700] "GET /blog/wp-login.php HTTP/1.1" 200 1890 "http://site.gwheellift.com/" "Mozilla/5.0 (Windows NT 6.3; Win64; x64) AppleWebKit/537.36 (KHTML, like Gecko) Chrome/103.0.0.0 Safari/537.36" "site.gwheellift.com"
47.74.152.29 - - [16/Sep/2022:11:28:51 -0700] "GET /blog/wp-login.php HTTP/1.1" 200 1890 "http://site.gwheellift.com/blog/wp-login.php" "Mozilla/5.0 (Windows NT 6.3; Win64; x64) AppleWebKit/537.36 (KHTML, like Gecko) Chrome/103.0.0.0 Safari/537.36" "site.gwheellift.com"
47.74.152.29 - - [16/Sep/2022:11:28:52 -0700] "POST /blog/wp-login.php HTTP/1.1" 200 2026 "http://site.gwheellift.com/blog/wp-login.php" "Mozilla/5.0 (Windows NT 6.3; Win64; x64) AppleWebKit/537.36 (KHTML, like Gecko) Chrome/103.0.0.0 Safari/537.36" "site.gwheellift.com"
45.59.66.130 - - [16/Sep/2022:11:30:47 -0700] "GET /blog/?p=17 HTTP/1.1" 200 5523 "-" "Mozilla/5.0 (Windows NT 6.1; Trident/7.0; rv:11.0) like Gecko" "site.gwheellift.com"
45.59.66.130 - - [16/Sep/2022:11:30:47 -0700] "POST /blog/wp-trackback.php?p=17 HTTP/1.1" 200 98 "http://site.gwheellift.com/blog/?p=17" "Mozilla/5.0 (Windows NT 6.1; Trident/7.0; rv:11.0) like Gecko" "site.gwheellift.com"
110.52.103.74 - - [16/Sep/2022:11:33:29 -0700] "GET /blog/wp-login.php?action=lostpassword HTTP/1.1" 200 1806 "http://site.gwheellift.com/" "Mozilla/5.0 (Macintosh; Intel Mac OS X 12_5) AppleWebKit/537.36 (KHTML, like Gecko) Chrome/103.0.0.0 YaBrowser/22.7.0 Yowser/2.5 Safari/537.36" "site.gwheellift.com"
121.5.60.231 - - [16/Sep/2022:11:33:30 -0700] "GET /blog/wp-login.php?action=lostpassword HTTP/1.1" 200 1806 "http://site.gwheellift.com/" "Mozilla/5.0 (Macintosh; Intel Mac OS X 12_5) AppleWebKit/537.36 (KHTML, like Gecko) Chrome/103.0.0.0 YaBrowser/22.7.0 Yowser/2.5 Safari/537.36" "site.gwheellift.com"
121.5.60.231 - - [16/Sep/2022:11:33:32 -0700] "GET /blog/wp-login.php HTTP/1.1" 200 1890 "http://site.gwheellift.com/" "Mozilla/5.0 (Windows NT 6.3; Win64; x64) AppleWebKit/537.36 (KHTML, like Gecko) Chrome/103.0.0.0 Safari/537.36" "site.gwheellift.com"
121.5.60.231 - - [16/Sep/2022:11:33:33 -0700] "GET /blog/wp-login.php?action=lostpassword HTTP/1.1" 200 1806 "http://site.gwheellift.com/blog/wp-login.php" "Mozilla/5.0 (Windows NT 6.3; Win64; x64) AppleWebKit/537.36 (KHTML, like Gecko) Chrome/103.0.0.0 Safari/537.36" "site.gwheellift.com"
36.62.66.90 - - [16/Sep/2022:11:34:52 -0700] "POST /blog/wp-login.php?action=lostpassword HTTP/1.1" 200 1944 "http://site.gwheellift.com/blog/wp-login.php?action=lostpassword" "Mozilla/5.0 (Windows NT 6.3; Win64; x64) AppleWebKit/537.36 (KHTML, like Gecko) Chrome/103.0.0.0 Safari/537.36" "site.gwheellift.com"
62.210.215.100 - - [16/Sep/2022:11:55:19 -0700] "GET /blog/?feed=rss2 HTTP/1.1" 200 26878 "-" "Mozilla/5.0 (X11; Linux i686) AppleWebKit/537.36 (KHTML, like Gecko) Chrome/30.0.1599.66 Safari/537.36" "site.gwheellift.com"
154.54.249.194 - - [16/Sep/2022:11:58:32 -0700] "GET /test/?C=S;O=D HTTP/1.1" 200 308 "-" "Mozilla/5.0 (compatible; Barkrowler/0.9; +https://babbar.tech/crawler)" "site.gwheellift.com"
222.188.31.120 - - [16/Sep/2022:12:13:30 -0700] "GET /blog/wp-login.php?action=lostpassword HTTP/1.1" 200 1806 "http://site.gwheellift.com/" "Mozilla/5.0 (Windows NT 10.0; Win64; x64; rv:102.0) Gecko/20100101 Firefox/102.0" "site.gwheellift.com"
124.193.132.42 - - [16/Sep/2022:12:13:40 -0700] "GET /blog/wp-login.php HTTP/1.1" 200 1890 "http://site.gwheellift.com/blog/wp-login.php" "Mozilla/5.0 (Windows NT 6.3; Win64; x64) AppleWebKit/537.36 (KHTML, like Gecko) Chrome/103.0.0.0 Safari/537.36" "site.gwheellift.com"
165.154.235.76 - - [16/Sep/2022:12:13:41 -0700] "GET /blog/wp-login.php HTTP/1.1" 200 1890 "http://site.gwheellift.com/blog/wp-login.php" "Mozilla/5.0 (Windows NT 6.3; Win64; x64) AppleWebKit/537.36 (KHTML, like Gecko) Chrome/103.0.0.0 Safari/537.36" "site.gwheellift.com"
111.85.159.65 - - [16/Sep/2022:12:13:39 -0700] "GET /blog/wp-login.php HTTP/1.1" 200 1890 "http://site.gwheellift.com/" "Mozilla/5.0 (Windows NT 6.3; Win64; x64) AppleWebKit/537.36 (KHTML, like Gecko) Chrome/103.0.0.0 Safari/537.36" "site.gwheellift.com"
119.7.135.19 - - [16/Sep/2022:12:13:40 -0700] "GET /blog/wp-login.php HTTP/1.1" 200 1890 "http://site.gwheellift.com/" "Mozilla/5.0 (Windows NT 6.3; Win64; x64) AppleWebKit/537.36 (KHTML, like Gecko) Chrome/103.0.0.0 Safari/537.36" "site.gwheellift.com"
112.251.6.146 - - [16/Sep/2022:12:13:47 -0700] "GET /blog/wp-login.php HTTP/1.1" 200 1890 "http://site.gwheellift.com/" "Mozilla/5.0 (Windows NT 6.3; Win64; x64) AppleWebKit/537.36 (KHTML, like Gecko) Chrome/103.0.0.0 Safari/537.36" "site.gwheellift.com"
111.85.159.65 - - [16/Sep/2022:12:16:25 -0700] "GET /blog/wp-login.php?action=lostpassword HTTP/1.1" 200 1806 "http://site.gwheellift.com/" "Mozilla/5.0 (X11; Fedora; Linux x86_64; rv:102.0) Gecko/20100101 Firefox/102.0" "site.gwheellift.com"
111.85.159.65 - - [16/Sep/2022:12:16:27 -0700] "GET /blog/wp-login.php HTTP/1.1" 200 1890 "http://site.gwheellift.com/" "Mozilla/5.0 (Windows NT 6.3; Win64; x64) AppleWebKit/537.36 (KHTML, like Gecko) Chrome/103.0.0.0 Safari/537.36" "site.gwheellift.com"
111.85.159.65 - - [16/Sep/2022:12:16:28 -0700] "GET /blog/wp-login.php?action=lostpassword HTTP/1.1" 200 1806 "http://site.gwheellift.com/blog/wp-login.php" "Mozilla/5.0 (Windows NT 6.3; Win64; x64) AppleWebKit/537.36 (KHTML, like Gecko) Chrome/103.0.0.0 Safari/537.36" "site.gwheellift.com"
1.36.76.168 - - [16/Sep/2022:12:16:40 -0700] "POST /blog/wp-login.php?action=lostpassword HTTP/1.1" 200 1945 "http://site.gwheellift.com/blog/wp-login.php?action=lostpassword" "Mozilla/5.0 (Windows NT 6.3; Win64; x64) AppleWebKit/537.36 (KHTML, like Gecko) Chrome/103.0.0.0 Safari/537.36" "site.gwheellift.com"
114.43.124.139 - - [16/Sep/2022:12:24:45 -0700] "GET /blog/wp-login.php?action=lostpassword HTTP/1.1" 200 1806 "http://site.gwheellift.com/" "Mozilla/5.0 (X11; Ubuntu; Linux x86_64; rv:102.0) Gecko/20100101 Firefox/102.0" "site.gwheellift.com"
114.43.137.71 - - [16/Sep/2022:12:24:48 -0700] "GET /blog/wp-login.php HTTP/1.1" 200 1890 "http://site.gwheellift.com/" "Mozilla/5.0 (Windows NT 6.3; Win64; x64) AppleWebKit/537.36 (KHTML, like Gecko) Chrome/103.0.0.0 Safari/537.36" "site.gwheellift.com"
114.43.137.71 - - [16/Sep/2022:12:24:49 -0700] "GET /blog/wp-login.php HTTP/1.1" 200 1890 "http://site.gwheellift.com/blog/wp-login.php" "Mozilla/5.0 (Windows NT 6.3; Win64; x64) AppleWebKit/537.36 (KHTML, like Gecko) Chrome/103.0.0.0 Safari/537.36" "site.gwheellift.com"
114.43.124.139 - - [16/Sep/2022:12:24:50 -0700] "POST /blog/wp-login.php HTTP/1.1" 200 2025 "http://site.gwheellift.com/blog/wp-login.php" "Mozilla/5.0 (Windows NT 6.3; Win64; x64) AppleWebKit/537.36 (KHTML, like Gecko) Chrome/103.0.0.0 Safari/537.36" "site.gwheellift.com"
45.59.66.130 - - [16/Sep/2022:12:26:40 -0700] "GET /blog/?p=12 HTTP/1.1" 200 12097 "-" "Mozilla/5.0 (Windows NT 6.1; Trident/7.0; rv:11.0) like Gecko" "site.gwheellift.com"
45.59.66.130 - - [16/Sep/2022:12:26:41 -0700] "POST /blog/wp-trackback.php?p=12 HTTP/1.1" 200 98 "http://site.gwheellift.com/blog/?p=12" "Mozilla/5.0 (Windows NT 6.1; Trident/7.0; rv:11.0) like Gecko" "site.gwheellift.com"
185.5.249.9 - - [16/Sep/2022:12:40:00 -0700] "GET /blog/?p=17 HTTP/1.1" 200 5523 "http://site.gwheellift.com/" "Mozilla/5.0 (X11; Ubuntu; Linux x86_64; rv:102.0) Gecko/20100101 Firefox/102.0" "site.gwheellift.com"
46.8.22.50 - - [16/Sep/2022:12:40:04 -0700] "POST /blog/xmlrpc.php HTTP/1.1" 200 42 "http://site.gwheellift.com/" "PHP/5.2.93" "site.gwheellift.com"
46.8.22.50 - - [16/Sep/2022:12:40:06 -0700] "GET /blog/?p=17 HTTP/1.1" 200 5523 "-" "PHP/5.2.93" "site.gwheellift.com"
45.59.66.130 - - [16/Sep/2022:12:43:37 -0700] "GET /blog/?p=12 HTTP/1.1" 200 12097 "-" "Mozilla/5.0 (Windows NT 6.1; Trident/7.0; rv:11.0) like Gecko" "site.gwheellift.com"
45.59.66.130 - - [16/Sep/2022:12:43:38 -0700] "POST /blog/wp-trackback.php?p=12 HTTP/1.1" 200 98 "http://site.gwheellift.com/blog/?p=12" "Mozilla/5.0 (Windows NT 6.1; Trident/7.0; rv:11.0) like Gecko" "site.gwheellift.com"
45.59.66.130 - - [16/Sep/2022:12:52:14 -0700] "GET /blog/?p=17 HTTP/1.1" 200 5523 "-" "Mozilla/5.0 (Windows NT 6.1; Trident/7.0; rv:11.0) like Gecko" "site.gwheellift.com"
45.59.66.130 - - [16/Sep/2022:12:52:16 -0700] "POST /blog/wp-trackback.php?p=17 HTTP/1.1" 200 98 "http://site.gwheellift.com/blog/?p=17" "Mozilla/5.0 (Windows NT 6.1; Trident/7.0; rv:11.0) like Gecko" "site.gwheellift.com"
188.130.184.170 - - [16/Sep/2022:12:52:20 -0700] "GET /blog/?p=17 HTTP/1.1" 200 5523 "-" "Mozilla/5.0 (Windows NT 10.0; Win64; x64) AppleWebKit/537.36 (KHTML, like Gecko) Chrome/103.0.0.0 Safari/537.36 Edg/103.0.1264.71" "site.gwheellift.com"
120.197.219.82 - - [16/Sep/2022:12:57:39 -0700] "GET /blog/wp-login.php?action=lostpassword HTTP/1.1" 200 1806 "http://site.gwheellift.com/" "Mozilla/5.0 (Macintosh; Intel Mac OS X 12_5) AppleWebKit/537.36 (KHTML, like Gecko) Chrome/103.0.0.0 YaBrowser/22.7.0 Yowser/2.5 Safari/537.36" "site.gwheellift.com"
120.197.219.82 - - [16/Sep/2022:12:57:41 -0700] "GET /blog/wp-login.php HTTP/1.1" 200 1890 "http://site.gwheellift.com/" "Mozilla/5.0 (Windows NT 6.3; Win64; x64) AppleWebKit/537.36 (KHTML, like Gecko) Chrome/103.0.0.0 Safari/537.36" "site.gwheellift.com"
120.197.219.82 - - [16/Sep/2022:12:57:41 -0700] "GET /blog/wp-login.php HTTP/1.1" 200 1890 "http://site.gwheellift.com/blog/wp-login.php" "Mozilla/5.0 (Windows NT 6.3; Win64; x64) AppleWebKit/537.36 (KHTML, like Gecko) Chrome/103.0.0.0 Safari/537.36" "site.gwheellift.com"
120.197.219.82 - - [16/Sep/2022:12:58:44 -0700] "POST /blog/wp-login.php HTTP/1.1" 200 2027 "http://site.gwheellift.com/blog/wp-login.php" "Mozilla/5.0 (Windows NT 6.3; Win64; x64) AppleWebKit/537.36 (KHTML, like Gecko) Chrome/103.0.0.0 Safari/537.36" "site.gwheellift.com"
112.25.236.167 - - [16/Sep/2022:13:02:23 -0700] "GET /blog/wp-login.php?action=lostpassword HTTP/1.1" 200 1806 "http://site.gwheellift.com/" "Mozilla/5.0 (Macintosh; Intel Mac OS X 12_5) AppleWebKit/605.1.15 (KHTML, like Gecko) Version/15.4 Safari/605.1.15" "site.gwheellift.com"
221.176.216.226 - - [16/Sep/2022:13:03:27 -0700] "GET /blog/wp-login.php HTTP/1.1" 200 1890 "http://site.gwheellift.com/blog/wp-login.php" "Mozilla/5.0 (Windows NT 6.3; Win64; x64) AppleWebKit/537.36 (KHTML, like Gecko) Chrome/103.0.0.0 Safari/537.36" "site.gwheellift.com"
112.250.110.172 - - [16/Sep/2022:13:04:44 -0700] "GET /blog/wp-login.php?action=lostpassword HTTP/1.1" 200 1806 "http://site.gwheellift.com/" "Mozilla/5.0 (Macintosh; Intel Mac OS X 12_5) AppleWebKit/537.36 (KHTML, like Gecko) Chrome/103.0.0.0 Safari/537.36 Edg/103.0.1264.71" "site.gwheellift.com"
112.250.110.172 - - [16/Sep/2022:13:04:46 -0700] "GET /blog/wp-login.php HTTP/1.1" 200 1890 "http://site.gwheellift.com/" "Mozilla/5.0 (Windows NT 6.3; Win64; x64) AppleWebKit/537.36 (KHTML, like Gecko) Chrome/103.0.0.0 Safari/537.36" "site.gwheellift.com"
112.250.110.172 - - [16/Sep/2022:13:04:47 -0700] "GET /blog/wp-login.php?action=lostpassword HTTP/1.1" 200 1806 "http://site.gwheellift.com/blog/wp-login.php" "Mozilla/5.0 (Windows NT 6.3; Win64; x64) AppleWebKit/537.36 (KHTML, like Gecko) Chrome/103.0.0.0 Safari/537.36" "site.gwheellift.com"
112.250.110.172 - - [16/Sep/2022:13:04:58 -0700] "POST /blog/wp-login.php?action=lostpassword HTTP/1.1" 200 1955 "http://site.gwheellift.com/blog/wp-login.php?action=lostpassword" "Mozilla/5.0 (Windows NT 6.3; Win64; x64) AppleWebKit/537.36 (KHTML, like Gecko) Chrome/103.0.0.0 Safari/537.36" "site.gwheellift.com"
36.150.60.24 - - [16/Sep/2022:13:07:17 -0700] "GET / HTTP/1.1" 200 370 "-" "Mozilla/5.0 (Macintosh; Intel Mac OS X 10_11) AppleWebKit/601.1.27 (KHTML, like Gecko) Chrome/47.0.2526.106 Safari/601.1.27" "site.gwheellift.com"
36.150.60.24 - - [16/Sep/2022:13:07:18 -0700] "GET / HTTP/1.1" 200 370 "-" "Dalvik/2.1.0 (Linux; U; Android 9.0; ZTE BA520 Build/MRA58K)" "site.gwheellift.com"
36.150.60.24 - - [16/Sep/2022:13:07:22 -0700] "GET / HTTP/1.1" 200 370 "-" "Dalvik/2.1.0 (Linux; U; Android 9.0; ZTE BA520 Build/MRA58K)" "site.gwheellift.com"
36.150.60.24 - - [16/Sep/2022:13:07:30 -0700] "GET / HTTP/1.1" 200 370 "-" "Mozilla/5.0 (Macintosh; Intel Mac OS X 10_11) AppleWebKit/601.1.27 (KHTML, like Gecko) Chrome/47.0.2526.106 Safari/601.1.27" "site.gwheellift.com"
36.150.60.24 - - [16/Sep/2022:13:07:30 -0700] "GET / HTTP/1.1" 200 370 "-" "Mozilla/5.0 (Linux; Android 6.0; Redmi Note 4 Build/MRA58K; wv) AppleWebKit/537.36 (KHTML, like Gecko) Version/4.0 Chrome/57.0.2987.132 MQQBrowser/6.2 TBS/043910 Mobile Safari/537.36 V1_AND_SQ_7.5.0_794_YYB_D QQ/7.5.0.3430 NetType/3G WebP/0.3.0 Pixel/1080" "site.gwheellift.com"
36.150.60.24 - - [16/Sep/2022:13:07:35 -0700] "GET /favicon.ico HTTP/1.1" 404 88 "-" "Dalvik/2.1.0 (Linux; U; Android 9.0; ZTE BA520 Build/MRA58K)" "site.gwheellift.com"
36.150.60.24 - - [16/Sep/2022:13:07:36 -0700] "GET /favicon.ico HTTP/1.1" 404 88 "-" "Dalvik/2.1.0 (Linux; U; Android 9.0; ZTE BA520 Build/MRA58K)" "site.gwheellift.com"
45.59.66.130 - - [16/Sep/2022:13:14:22 -0700] "GET /blog/?p=17 HTTP/1.1" 200 5523 "-" "Mozilla/5.0 (Windows NT 6.1; Trident/7.0; rv:11.0) like Gecko" "site.gwheellift.com"
