45.59.66.130 - - [16/Sep/2022:13:14:24 -0700] "POST /blog/wp-trackback.php?p=17 HTTP/1.1" 200 98 "http://site.gwheellift.com/blog/?p=17" "Mozilla/5.0 (Windows NT 6.1; Trident/7.0; rv:11.0) like Gecko" "site.gwheellift.com"
45.59.66.130 - - [16/Sep/2022:13:14:25 -0700] "GET /blog/?p=17 HTTP/1.1" 200 5523 "-" "Mozilla/5.0 (Windows NT 6.1; Trident/7.0; rv:11.0) like Gecko" "site.gwheellift.com"
207.46.13.166 - - [16/Sep/2022:13:23:43 -0700] "GET /blog/?feed=rss2 HTTP/1.1" 200 26878 "-" "Mozilla/5.0 (compatible; bingbot/2.0; +http://www.bing.com/bingbot.htm)" "site.gwheellift.com"
154.54.249.194 - - [16/Sep/2022:13:24:10 -0700] "GET /test/?C=S;O=A HTTP/1.1" 200 310 "-" "Mozilla/5.0 (compatible; Barkrowler/0.9; +https://babbar.tech/crawler)" "site.gwheellift.com"
113.31.118.58 - - [16/Sep/2022:13:25:01 -0700] "GET / HTTP/1.1" 200 370 "-" "Dalvik/2.1.0 (Linux; U; Android 9.0; ZTE BA520 Build/MRA58K)" "site.gwheellift.com"
1.36.76.168 - - [16/Sep/2022:13:29:53 -0700] "GET /blog/wp-login.php?action=lostpassword HTTP/1.1" 200 1806 "http://site.gwheellift.com/" "Mozilla/5.0 (X11; Fedora; Linux x86_64; rv:102.0) Gecko/20100101 Firefox/102.0" "site.gwheellift.com"
1.36.76.168 - - [16/Sep/2022:13:29:57 -0700] "GET /blog/wp-login.php HTTP/1.1" 200 1890 "http://site.gwheellift.com/" "Mozilla/5.0 (Windows NT 6.3; Win64; x64) AppleWebKit/537.36 (KHTML, like Gecko) Chrome/103.0.0.0 Safari/537.36" "site.gwheellift.com"
1.36.76.168 - - [16/Sep/2022:13:30:13 -0700] "GET /blog/wp-login.php HTTP/1.1" 200 1890 "http://site.gwheellift.com/blog/wp-login.php" "Mozilla/5.0 (Windows NT 6.3; Win64; x64) AppleWebKit/537.36 (KHTML, like Gecko) Chrome/103.0.0.0 Safari/537.36" "site.gwheellift.com"
1.36.76.168 - - [16/Sep/2022:13:30:17 -0700] "POST /blog/wp-login.php HTTP/1.1" 200 2023 "http://site.gwheellift.com/blog/wp-login.php" "Mozilla/5.0 (Windows NT 6.3; Win64; x64) AppleWebKit/537.36 (KHTML, like Gecko) Chrome/103.0.0.0 Safari/537.36" "site.gwheellift.com"
45.59.66.130 - - [16/Sep/2022:13:30:18 -0700] "GET /blog/?p=12 HTTP/1.1" 200 12097 "-" "Mozilla/5.0 (Windows NT 6.1; Trident/7.0; rv:11.0) like Gecko" "site.gwheellift.com"
45.59.66.130 - - [16/Sep/2022:13:30:18 -0700] "POST /blog/wp-trackback.php?p=12 HTTP/1.1" 200 98 "http://site.gwheellift.com/blog/?p=12" "Mozilla/5.0 (Windows NT 6.1; Trident/7.0; rv:11.0) like Gecko" "site.gwheellift.com"
45.59.66.130 - - [16/Sep/2022:13:30:19 -0700] "GET /blog/?p=12 HTTP/1.1" 200 12097 "-" "Mozilla/5.0 (Windows NT 6.1; Trident/7.0; rv:11.0) like Gecko" "site.gwheellift.com"
113.31.118.58 - - [16/Sep/2022:13:30:37 -0700] "GET /favicon.ico HTTP/1.1" 404 88 "-" "Dalvik/2.1.0 (Linux; U; Android 9.0; ZTE BA520 Build/MRA58K)" "site.gwheellift.com"
114.119.142.208 - - [16/Sep/2022:13:37:17 -0700] "GET /robots.txt HTTP/1.1" 404 88 "-" "Mozilla/5.0 (compatible;PetalBot;+https://webmaster.petalsearch.com/site/petalbot)" "site.gwheellift.com"
113.31.118.58 - - [16/Sep/2022:13:41:13 -0700] "GET /favicon.ico HTTP/1.1" 404 88 "-" "Dalvik/2.1.0 (Linux; U; Android 9.0; ZTE BA520 Build/MRA58K)" "site.gwheellift.com"
223.29.229.2 - - [16/Sep/2022:13:42:38 -0700] "GET /blog/wp-login.php?action=lostpassword HTTP/1.1" 200 1806 "http://site.gwheellift.com/" "Mozilla/5.0 (X11; Linux i686) AppleWebKit/537.36 (KHTML, like Gecko) Chrome/103.0.0.0 Safari/537.36 Vivaldi/5.3.2679.68" "site.gwheellift.com"
114.43.137.71 - - [16/Sep/2022:13:43:28 -0700] "GET /blog/wp-login.php HTTP/1.1" 200 1890 "http://site.gwheellift.com/" "Mozilla/5.0 (Windows NT 6.3; Win64; x64) AppleWebKit/537.36 (KHTML, like Gecko) Chrome/103.0.0.0 Safari/537.36" "site.gwheellift.com"
114.43.137.71 - - [16/Sep/2022:13:43:31 -0700] "GET /blog/wp-login.php?action=lostpassword HTTP/1.1" 200 1806 "http://site.gwheellift.com/blog/wp-login.php" "Mozilla/5.0 (Windows NT 6.3; Win64; x64) AppleWebKit/537.36 (KHTML, like Gecko) Chrome/103.0.0.0 Safari/537.36" "site.gwheellift.com"
114.43.105.243 - - [16/Sep/2022:13:43:43 -0700] "POST /blog/wp-login.php?action=lostpassword HTTP/1.1" 200 1949 "http://site.gwheellift.com/blog/wp-login.php?action=lostpassword" "Mozilla/5.0 (Windows NT 6.3; Win64; x64) AppleWebKit/537.36 (KHTML, like Gecko) Chrome/103.0.0.0 Safari/537.36" "site.gwheellift.com"
113.31.118.58 - - [16/Sep/2022:13:49:21 -0700] "GET / HTTP/1.1" 200 370 "-" "Mozilla/5.0 (Macintosh; Intel Mac OS X 10_11) AppleWebKit/601.1.27 (KHTML, like Gecko) Chrome/47.0.2526.106 Safari/601.1.27" "site.gwheellift.com"
45.59.66.130 - - [16/Sep/2022:13:55:58 -0700] "GET /blog/?p=17 HTTP/1.1" 200 5523 "-" "Mozilla/5.0 (Windows NT 6.1; Trident/7.0; rv:11.0) like Gecko" "site.gwheellift.com"
45.59.66.130 - - [16/Sep/2022:13:55:59 -0700] "POST /blog/wp-trackback.php?p=17 HTTP/1.1" 200 98 "http://site.gwheellift.com/blog/?p=17" "Mozilla/5.0 (Windows NT 6.1; Trident/7.0; rv:11.0) like Gecko" "site.gwheellift.com"
45.59.66.130 - - [16/Sep/2022:13:56:53 -0700] "GET /blog/wp-trackback.php?p=12 HTTP/1.1" 200 98 "-" "Mozilla/5.0 (Windows NT 6.1; Trident/7.0; rv:11.0) like Gecko" "site.gwheellift.com"
45.59.66.130 - - [16/Sep/2022:13:56:54 -0700] "POST /blog/wp-trackback.php/trackback/ HTTP/1.1" 200 98 "http://site.gwheellift.com/blog/wp-trackback.php?p=12" "Mozilla/5.0 (Windows NT 6.1; Trident/7.0; rv:11.0) like Gecko" "site.gwheellift.com"
113.31.118.58 - - [16/Sep/2022:13:57:48 -0700] "GET / HTTP/1.1" 200 370 "-" "Dalvik/2.1.0 (Linux; U; Android 9.0; ZTE BA520 Build/MRA58K)" "site.gwheellift.com"
35.153.205.100 - - [16/Sep/2022:14:09:32 -0700] "GET /blog/?feed=rss HTTP/1.1" 304 - "https://www.google.com/" "Mozilla/5.0 (Macintosh; Intel Mac OS X 10.13; rv:73.0) Gecko/20100101 Firefox/73.0" "site.gwheellift.com"
45.59.66.130 - - [16/Sep/2022:14:14:31 -0700] "GET /blog/?p=17 HTTP/1.1" 200 5523 "-" "Mozilla/5.0 (Windows NT 6.1; Trident/7.0; rv:11.0) like Gecko" "site.gwheellift.com"
45.59.66.130 - - [16/Sep/2022:14:14:32 -0700] "POST /blog/wp-trackback.php?p=17 HTTP/1.1" 200 98 "http://site.gwheellift.com/blog/?p=17" "Mozilla/5.0 (Windows NT 6.1; Trident/7.0; rv:11.0) like Gecko" "site.gwheellift.com"
112.250.110.172 - - [16/Sep/2022:14:16:47 -0700] "GET /blog/wp-login.php?action=lostpassword HTTP/1.1" 200 1806 "http://site.gwheellift.com/" "Mozilla/5.0 (Macintosh; Intel Mac OS X 12_5) AppleWebKit/537.36 (KHTML, like Gecko) Chrome/103.0.0.0 Safari/537.36 Edg/103.0.1264.71" "site.gwheellift.com"
112.250.110.172 - - [16/Sep/2022:14:16:47 -0700] "GET /blog/wp-login.php?action=lostpassword HTTP/1.1" 200 1806 "http://site.gwheellift.com/" "Mozilla/5.0 (Macintosh; Intel Mac OS X 12_5) AppleWebKit/537.36 (KHTML, like Gecko) Chrome/103.0.0.0 Safari/537.36 Edg/103.0.1264.71" "site.gwheellift.com"
47.57.234.145 - - [16/Sep/2022:14:22:47 -0700] "GET /blog/wp-login.php?action=lostpassword HTTP/1.1" 200 1806 "http://site.gwheellift.com/" "Mozilla/5.0 (Windows NT 10.0; WOW64) AppleWebKit/537.36 (KHTML, like Gecko) Chrome/103.0.0.0 Safari/537.36" "site.gwheellift.com"
119.7.135.19 - - [16/Sep/2022:14:22:57 -0700] "GET /blog/wp-login.php HTTP/1.1" 200 1890 "http://site.gwheellift.com/" "Mozilla/5.0 (Windows NT 6.3; Win64; x64) AppleWebKit/537.36 (KHTML, like Gecko) Chrome/103.0.0.0 Safari/537.36" "site.gwheellift.com"
119.7.135.19 - - [16/Sep/2022:14:22:59 -0700] "GET /blog/wp-login.php?action=lostpassword HTTP/1.1" 200 1806 "http://site.gwheellift.com/blog/wp-login.php" "Mozilla/5.0 (Windows NT 6.3; Win64; x64) AppleWebKit/537.36 (KHTML, like Gecko) Chrome/103.0.0.0 Safari/537.36" "site.gwheellift.com"
45.42.177.34 - - [16/Sep/2022:14:23:10 -0700] "POST /blog/wp-login.php?action=lostpassword HTTP/1.1" 200 1954 "http://site.gwheellift.com/blog/wp-login.php?action=lostpassword" "Mozilla/5.0 (Windows NT 6.3; Win64; x64) AppleWebKit/537.36 (KHTML, like Gecko) Chrome/103.0.0.0 Safari/537.36" "site.gwheellift.com"
45.86.0.22 - - [16/Sep/2022:14:33:32 -0700] "GET /blog/?p=17 HTTP/1.1" 200 5523 "-" "Mozilla/5.0 (Windows NT 10.0; Win64; x64) AppleWebKit/537.36 (KHTML, like Gecko) Chrome/103.0.0.0 Safari/537.36 OPR/89.0.4447.51" "site.gwheellift.com"
45.59.66.130 - - [16/Sep/2022:14:34:55 -0700] "GET /blog/wp-trackback.php?p=12 HTTP/1.1" 200 98 "-" "Mozilla/5.0 (Windows NT 6.1; Trident/7.0; rv:11.0) like Gecko" "site.gwheellift.com"
45.59.66.130 - - [16/Sep/2022:14:34:56 -0700] "POST /blog/wp-trackback.php/trackback/ HTTP/1.1" 200 98 "http://site.gwheellift.com/blog/wp-trackback.php?p=12" "Mozilla/5.0 (Windows NT 6.1; Trident/7.0; rv:11.0) like Gecko" "site.gwheellift.com"
45.59.66.130 - - [16/Sep/2022:14:43:55 -0700] "GET /blog/?p=12 HTTP/1.1" 200 12097 "-" "Mozilla/5.0 (Windows NT 6.1; Trident/7.0; rv:11.0) like Gecko" "site.gwheellift.com"
45.59.66.130 - - [16/Sep/2022:14:43:57 -0700] "POST /blog/wp-trackback.php?p=12 HTTP/1.1" 200 98 "http://site.gwheellift.com/blog/?p=12" "Mozilla/5.0 (Windows NT 6.1; Trident/7.0; rv:11.0) like Gecko" "site.gwheellift.com"
45.59.66.130 - - [16/Sep/2022:14:52:12 -0700] "GET /blog/?p=12 HTTP/1.1" 200 12097 "-" "Mozilla/5.0 (Windows NT 6.1; Trident/7.0; rv:11.0) like Gecko" "site.gwheellift.com"
45.59.66.130 - - [16/Sep/2022:14:52:13 -0700] "POST /blog/wp-trackback.php?p=12 HTTP/1.1" 200 98 "http://site.gwheellift.com/blog/?p=12" "Mozilla/5.0 (Windows NT 6.1; Trident/7.0; rv:11.0) like Gecko" "site.gwheellift.com"
114.43.105.243 - - [16/Sep/2022:14:55:29 -0700] "GET /blog/wp-login.php?action=lostpassword HTTP/1.1" 200 1806 "http://site.gwheellift.com/" "Mozilla/5.0 (X11; Linux i686) AppleWebKit/537.36 (KHTML, like Gecko) Chrome/103.0.0.0 Safari/537.36 Vivaldi/5.3.2679.68" "site.gwheellift.com"
114.43.105.243 - - [16/Sep/2022:14:55:32 -0700] "GET /blog/wp-login.php HTTP/1.1" 200 1890 "http://site.gwheellift.com/" "Mozilla/5.0 (Windows NT 6.3; Win64; x64) AppleWebKit/537.36 (KHTML, like Gecko) Chrome/103.0.0.0 Safari/537.36" "site.gwheellift.com"
114.43.137.71 - - [16/Sep/2022:14:55:33 -0700] "GET /blog/wp-login.php HTTP/1.1" 200 1890 "http://site.gwheellift.com/blog/wp-login.php" "Mozilla/5.0 (Windows NT 6.3; Win64; x64) AppleWebKit/537.36 (KHTML, like Gecko) Chrome/103.0.0.0 Safari/537.36" "site.gwheellift.com"
114.43.124.139 - - [16/Sep/2022:14:55:40 -0700] "POST /blog/wp-login.php HTTP/1.1" 200 2027 "http://site.gwheellift.com/blog/wp-login.php" "Mozilla/5.0 (Windows NT 6.3; Win64; x64) AppleWebKit/537.36 (KHTML, like Gecko) Chrome/103.0.0.0 Safari/537.36" "site.gwheellift.com"
154.54.249.194 - - [16/Sep/2022:14:57:24 -0700] "GET /blog/?feed=rss2&p=2 HTTP/1.1" 304 - "-" "Mozilla/5.0 (compatible; Barkrowler/0.9; +https://babbar.tech/crawler)" "site.gwheellift.com"
149.28.141.64 - - [16/Sep/2022:15:03:05 -0700] "GET /blog/wp-login.php?action=lostpassword HTTP/1.1" 200 1806 "http://site.gwheellift.com/" "Mozilla/5.0 (Windows NT 6.3; Win64; x64) AppleWebKit/537.36 (KHTML, like Gecko) Chrome/103.0.0.0 Safari/537.36" "site.gwheellift.com"
149.28.141.64 - - [16/Sep/2022:15:03:07 -0700] "GET /blog/wp-login.php HTTP/1.1" 200 1890 "http://site.gwheellift.com/blog/wp-login.php?action=lostpassword" "Mozilla/5.0 (Windows NT 6.3; Win64; x64) AppleWebKit/537.36 (KHTML, like Gecko) Chrome/103.0.0.0 Safari/537.36" "site.gwheellift.com"
115.96.208.124 - - [16/Sep/2022:15:03:42 -0700] "GET /blog/wp-login.php?action=lostpassword HTTP/1.1" 200 1806 "http://site.gwheellift.com/" "Mozilla/5.0 (Windows NT 10.0) AppleWebKit/537.36 (KHTML, like Gecko) Chrome/103.0.0.0 Safari/537.36" "site.gwheellift.com"
115.96.208.124 - - [16/Sep/2022:15:03:43 -0700] "GET /blog/wp-login.php HTTP/1.1" 200 1890 "http://site.gwheellift.com/" "Mozilla/5.0 (Windows NT 6.3; Win64; x64) AppleWebKit/537.36 (KHTML, like Gecko) Chrome/103.0.0.0 Safari/537.36" "site.gwheellift.com"
61.53.66.116 - - [16/Sep/2022:15:04:15 -0700] "GET /blog/wp-login.php?action=lostpassword HTTP/1.1" 200 1806 "http://site.gwheellift.com/blog/wp-login.php" "Mozilla/5.0 (Windows NT 6.3; Win64; x64) AppleWebKit/537.36 (KHTML, like Gecko) Chrome/103.0.0.0 Safari/537.36" "site.gwheellift.com"
183.224.11.210 - - [16/Sep/2022:15:05:56 -0700] "GET /blog/wp-login.php?action=lostpassword HTTP/1.1" 200 1806 "http://site.gwheellift.com/" "Mozilla/5.0 (Windows NT 10.0; Win64; x64) AppleWebKit/537.36 (KHTML, like Gecko) Chrome/103.0.0.0 Safari/537.36" "site.gwheellift.com"
183.224.11.210 - - [16/Sep/2022:15:05:57 -0700] "GET /blog/wp-login.php HTTP/1.1" 200 1890 "http://site.gwheellift.com/" "Mozilla/5.0 (Windows NT 6.3; Win64; x64) AppleWebKit/537.36 (KHTML, like Gecko) Chrome/103.0.0.0 Safari/537.36" "site.gwheellift.com"
112.26.81.142 - - [16/Sep/2022:15:10:09 -0700] "GET /blog/wp-login.php?action=lostpassword HTTP/1.1" 200 1806 "http://site.gwheellift.com/" "Mozilla/5.0 (Windows NT 10.0; Win64; x64; Xbox; Xbox One) AppleWebKit/537.36 (KHTML, like Gecko) Chrome/103.0.0.0 Safari/537.36 Edge/44.18363.8131" "site.gwheellift.com"
112.26.81.142 - - [16/Sep/2022:15:10:10 -0700] "GET /blog/wp-login.php HTTP/1.1" 200 1890 "http://site.gwheellift.com/" "Mozilla/5.0 (Windows NT 6.3; Win64; x64) AppleWebKit/537.36 (KHTML, like Gecko) Chrome/103.0.0.0 Safari/537.36" "site.gwheellift.com"
112.26.81.142 - - [16/Sep/2022:15:10:12 -0700] "GET /blog/wp-login.php?action=lostpassword HTTP/1.1" 200 1806 "http://site.gwheellift.com/blog/wp-login.php" "Mozilla/5.0 (Windows NT 6.3; Win64; x64) AppleWebKit/537.36 (KHTML, like Gecko) Chrome/103.0.0.0 Safari/537.36" "site.gwheellift.com"
112.26.81.142 - - [16/Sep/2022:15:10:20 -0700] "POST /blog/wp-login.php?action=lostpassword HTTP/1.1" 200 1939 "http://site.gwheellift.com/blog/wp-login.php?action=lostpassword" "Mozilla/5.0 (Windows NT 6.3; Win64; x64) AppleWebKit/537.36 (KHTML, like Gecko) Chrome/103.0.0.0 Safari/537.36" "site.gwheellift.com"
45.42.177.34 - - [16/Sep/2022:15:28:17 -0700] "GET /blog/wp-login.php?action=lostpassword HTTP/1.1" 200 1806 "http://site.gwheellift.com/" "Mozilla/5.0 (Windows NT 10.0; WOW64) AppleWebKit/537.36 (KHTML, like Gecko) Chrome/103.0.0.0 Safari/537.36" "site.gwheellift.com"
45.42.177.34 - - [16/Sep/2022:15:28:19 -0700] "GET /blog/wp-login.php HTTP/1.1" 200 1890 "http://site.gwheellift.com/" "Mozilla/5.0 (Windows NT 6.3; Win64; x64) AppleWebKit/537.36 (KHTML, like Gecko) Chrome/103.0.0.0 Safari/537.36" "site.gwheellift.com"
45.42.177.34 - - [16/Sep/2022:15:28:20 -0700] "GET /blog/wp-login.php HTTP/1.1" 200 1890 "http://site.gwheellift.com/blog/wp-login.php" "Mozilla/5.0 (Windows NT 6.3; Win64; x64) AppleWebKit/537.36 (KHTML, like Gecko) Chrome/103.0.0.0 Safari/537.36" "site.gwheellift.com"
45.42.177.34 - - [16/Sep/2022:15:28:21 -0700] "POST /blog/wp-login.php HTTP/1.1" 200 2028 "http://site.gwheellift.com/blog/wp-login.php" "Mozilla/5.0 (Windows NT 6.3; Win64; x64) AppleWebKit/537.36 (KHTML, like Gecko) Chrome/103.0.0.0 Safari/537.36" "site.gwheellift.com"
118.195.210.130 - - [16/Sep/2022:15:44:39 -0700] "HEAD / HTTP/1.1" 200 - "-" "Mozilla/5.0 (Windows NT 10.0; Win64; x64) AppleWebKit/537.36 (KHTML, like Gecko) Chrome/80.0.3987.149 Safari/537.36" "site.gwheellift.com"
118.195.210.130 - - [16/Sep/2022:15:44:40 -0700] "GET / HTTP/1.1" 200 370 "-" "Mozilla/5.0 (Windows NT 10.0; Win64; x64) AppleWebKit/537.36 (KHTML, like Gecko) Chrome/70.0.3538.102 Safari/537.36 Edge/18.19041" "site.gwheellift.com"
111.59.117.17 - - [16/Sep/2022:15:47:15 -0700] "GET /blog/wp-login.php?action=lostpassword HTTP/1.1" 200 1806 "http://site.gwheellift.com/" "Mozilla/5.0 (Windows NT 6.3; Win64; x64) AppleWebKit/537.36 (KHTML, like Gecko) Chrome/103.0.0.0 Safari/537.36" "site.gwheellift.com"
164.92.83.106 - - [16/Sep/2022:15:49:23 -0700] "GET /blog/wp-login.php?action=lostpassword HTTP/1.1" 200 1806 "http://site.gwheellift.com/" "Mozilla/5.0 (X11; Ubuntu; Linux i686; rv:102.0) Gecko/20100101 Firefox/102.0" "site.gwheellift.com"
89.43.31.134 - - [16/Sep/2022:15:50:27 -0700] "GET /blog/wp-login.php HTTP/1.1" 200 1890 "http://site.gwheellift.com/blog/wp-login.php" "Mozilla/5.0 (Windows NT 6.3; Win64; x64) AppleWebKit/537.36 (KHTML, like Gecko) Chrome/103.0.0.0 Safari/537.36" "site.gwheellift.com"
45.42.177.34 - - [16/Sep/2022:15:53:38 -0700] "GET /blog/wp-login.php?action=lostpassword HTTP/1.1" 200 1806 "http://site.gwheellift.com/" "Mozilla/5.0 (X11; Linux x86_64) AppleWebKit/537.36 (KHTML, like Gecko) Chrome/103.0.0.0 Safari/537.36 OPR/89.0.4447.51" "site.gwheellift.com"
45.42.177.34 - - [16/Sep/2022:15:53:39 -0700] "GET /blog/wp-login.php HTTP/1.1" 200 1890 "http://site.gwheellift.com/" "Mozilla/5.0 (Windows NT 6.3; Win64; x64) AppleWebKit/537.36 (KHTML, like Gecko) Chrome/103.0.0.0 Safari/537.36" "site.gwheellift.com"
45.42.177.34 - - [16/Sep/2022:15:53:41 -0700] "GET /blog/wp-login.php?action=lostpassword HTTP/1.1" 200 1806 "http://site.gwheellift.com/blog/wp-login.php" "Mozilla/5.0 (Windows NT 6.3; Win64; x64) AppleWebKit/537.36 (KHTML, like Gecko) Chrome/103.0.0.0 Safari/537.36" "site.gwheellift.com"
45.42.177.34 - - [16/Sep/2022:15:53:52 -0700] "POST /blog/wp-login.php?action=lostpassword HTTP/1.1" 200 1950 "http://site.gwheellift.com/blog/wp-login.php?action=lostpassword" "Mozilla/5.0 (Windows NT 6.3; Win64; x64) AppleWebKit/537.36 (KHTML, like Gecko) Chrome/103.0.0.0 Safari/537.36" "site.gwheellift.com"
45.59.66.130 - - [16/Sep/2022:15:54:07 -0700] "GET /blog/wp-trackback.php?p=12 HTTP/1.1" 200 98 "-" "Mozilla/5.0 (Windows NT 6.1; Trident/7.0; rv:11.0) like Gecko" "site.gwheellift.com"
45.59.66.130 - - [16/Sep/2022:15:54:07 -0700] "POST /blog/wp-trackback.php/trackback/ HTTP/1.1" 200 98 "http://site.gwheellift.com/blog/wp-trackback.php?p=12" "Mozilla/5.0 (Windows NT 6.1; Trident/7.0; rv:11.0) like Gecko" "site.gwheellift.com"
45.59.66.130 - - [16/Sep/2022:15:58:14 -0700] "GET /blog/?p=17 HTTP/1.1" 200 5523 "-" "Mozilla/5.0 (Windows NT 6.1; Trident/7.0; rv:11.0) like Gecko" "site.gwheellift.com"
45.59.66.130 - - [16/Sep/2022:15:58:14 -0700] "POST /blog/wp-trackback.php?p=17 HTTP/1.1" 200 98 "http://site.gwheellift.com/blog/?p=17" "Mozilla/5.0 (Windows NT 6.1; Trident/7.0; rv:11.0) like Gecko" "site.gwheellift.com"
45.81.136.149 - - [16/Sep/2022:16:18:41 -0700] "GET /blog/?p=17 HTTP/1.1" 200 5523 "-" "Mozilla/5.0 (Windows NT 10.0; Win64; x64) AppleWebKit/537.36 (KHTML, like Gecko) Chrome/103.0.0.0 Safari/537.36 OPR/89.0.4447.51" "site.gwheellift.com"
45.59.66.130 - - [16/Sep/2022:16:22:11 -0700] "GET /blog/wp-trackback.php?p=12 HTTP/1.1" 200 98 "-" "Mozilla/5.0 (Windows NT 6.1; Trident/7.0; rv:11.0) like Gecko" "site.gwheellift.com"
45.59.66.130 - - [16/Sep/2022:16:22:12 -0700] "POST /blog/wp-trackback.php/trackback/ HTTP/1.1" 200 98 "http://site.gwheellift.com/blog/wp-trackback.php?p=12" "Mozilla/5.0 (Windows NT 6.1; Trident/7.0; rv:11.0) like Gecko" "site.gwheellift.com"
154.54.249.194 - - [16/Sep/2022:16:23:53 -0700] "GET /blog/?feed=rss2&p=4 HTTP/1.1" 304 - "-" "Mozilla/5.0 (compatible; Barkrowler/0.9; +https://babbar.tech/crawler)" "site.gwheellift.com"
183.224.11.210 - - [16/Sep/2022:16:32:20 -0700] "GET /blog/wp-login.php?action=lostpassword HTTP/1.1" 200 1806 "http://site.gwheellift.com/" "Mozilla/5.0 (Windows NT 10.0; WOW64; x64) AppleWebKit/537.36 (KHTML, like Gecko) Chrome/103.0.0.0 Safari/537.36 OPR/89.0.4447.51" "site.gwheellift.com"
183.224.11.210 - - [16/Sep/2022:16:32:22 -0700] "GET /blog/wp-login.php HTTP/1.1" 200 1890 "http://site.gwheellift.com/" "Mozilla/5.0 (Windows NT 6.3; Win64; x64) AppleWebKit/537.36 (KHTML, like Gecko) Chrome/103.0.0.0 Safari/537.36" "site.gwheellift.com"
183.224.11.210 - - [16/Sep/2022:16:32:23 -0700] "GET /blog/wp-login.php?action=lostpassword HTTP/1.1" 200 1806 "http://site.gwheellift.com/blog/wp-login.php" "Mozilla/5.0 (Windows NT 6.3; Win64; x64) AppleWebKit/537.36 (KHTML, like Gecko) Chrome/103.0.0.0 Safari/537.36" "site.gwheellift.com"
183.224.11.210 - - [16/Sep/2022:16:32:32 -0700] "POST /blog/wp-login.php?action=lostpassword HTTP/1.1" 200 1950 "http://site.gwheellift.com/blog/wp-login.php?action=lostpassword" "Mozilla/5.0 (Windows NT 6.3; Win64; x64) AppleWebKit/537.36 (KHTML, like Gecko) Chrome/103.0.0.0 Safari/537.36" "site.gwheellift.com"
45.59.66.130 - - [16/Sep/2022:17:04:10 -0700] "GET /blog/wp-trackback.php?p=12 HTTP/1.1" 200 98 "-" "Mozilla/5.0 (Windows NT 6.1; Trident/7.0; rv:11.0) like Gecko" "site.gwheellift.com"
45.59.66.130 - - [16/Sep/2022:17:04:12 -0700] "POST /blog/wp-trackback.php/trackback/ HTTP/1.1" 200 98 "http://site.gwheellift.com/blog/wp-trackback.php?p=12" "Mozilla/5.0 (Windows NT 6.1; Trident/7.0; rv:11.0) like Gecko" "site.gwheellift.com"
45.42.177.34 - - [16/Sep/2022:17:04:51 -0700] "GET /blog/wp-login.php?action=lostpassword HTTP/1.1" 200 1806 "http://site.gwheellift.com/" "Mozilla/5.0 (X11; Linux x86_64) AppleWebKit/537.36 (KHTML, like Gecko) Chrome/103.0.0.0 Safari/537.36 OPR/89.0.4447.51" "site.gwheellift.com"
45.42.177.34 - - [16/Sep/2022:17:04:52 -0700] "GET /blog/wp-login.php HTTP/1.1" 200 1890 "http://site.gwheellift.com/" "Mozilla/5.0 (Windows NT 6.3; Win64; x64) AppleWebKit/537.36 (KHTML, like Gecko) Chrome/103.0.0.0 Safari/537.36" "site.gwheellift.com"
45.42.177.34 - - [16/Sep/2022:17:04:54 -0700] "GET /blog/wp-login.php HTTP/1.1" 200 1890 "http://site.gwheellift.com/blog/wp-login.php" "Mozilla/5.0 (Windows NT 6.3; Win64; x64) AppleWebKit/537.36 (KHTML, like Gecko) Chrome/103.0.0.0 Safari/537.36" "site.gwheellift.com"
45.42.177.34 - - [16/Sep/2022:17:04:54 -0700] "POST /blog/wp-login.php HTTP/1.1" 200 2026 "http://site.gwheellift.com/blog/wp-login.php" "Mozilla/5.0 (Windows NT 6.3; Win64; x64) AppleWebKit/537.36 (KHTML, like Gecko) Chrome/103.0.0.0 Safari/537.36" "site.gwheellift.com"
218.7.171.91 - - [16/Sep/2022:17:09:55 -0700] "GET /blog/wp-login.php?action=lostpassword HTTP/1.1" 200 1806 "http://site.gwheellift.com/" "Mozilla/5.0 (Windows NT 10.0; WOW64; x64) AppleWebKit/537.36 (KHTML, like Gecko) Chrome/103.0.0.0 Safari/537.36 OPR/89.0.4447.51" "site.gwheellift.com"
218.7.171.91 - - [16/Sep/2022:17:09:58 -0700] "GET /blog/wp-login.php HTTP/1.1" 200 1890 "http://site.gwheellift.com/" "Mozilla/5.0 (Windows NT 6.3; Win64; x64) AppleWebKit/537.36 (KHTML, like Gecko) Chrome/103.0.0.0 Safari/537.36" "site.gwheellift.com"
218.7.171.91 - - [16/Sep/2022:17:09:59 -0700] "GET /blog/wp-login.php?action=lostpassword HTTP/1.1" 200 1806 "http://site.gwheellift.com/blog/wp-login.php" "Mozilla/5.0 (Windows NT 6.3; Win64; x64) AppleWebKit/537.36 (KHTML, like Gecko) Chrome/103.0.0.0 Safari/537.36" "site.gwheellift.com"
218.7.171.91 - - [16/Sep/2022:17:10:10 -0700] "POST /blog/wp-login.php?action=lostpassword HTTP/1.1" 200 1939 "http://site.gwheellift.com/blog/wp-login.php?action=lostpassword" "Mozilla/5.0 (Windows NT 6.3; Win64; x64) AppleWebKit/537.36 (KHTML, like Gecko) Chrome/103.0.0.0 Safari/537.36" "site.gwheellift.com"
45.59.66.130 - - [16/Sep/2022:17:47:53 -0700] "GET /blog/wp-trackback.php?p=12 HTTP/1.1" 200 98 "-" "Mozilla/5.0 (Windows NT 6.1; Trident/7.0; rv:11.0) like Gecko" "site.gwheellift.com"
45.59.66.130 - - [16/Sep/2022:17:47:56 -0700] "POST /blog/wp-trackback.php/trackback/ HTTP/1.1" 200 98 "http://site.gwheellift.com/blog/wp-trackback.php?p=12" "Mozilla/5.0 (Windows NT 6.1; Trident/7.0; rv:11.0) like Gecko" "site.gwheellift.com"
154.54.249.194 - - [16/Sep/2022:17:51:44 -0700] "GET /blog/?feed=rss2&p=17 HTTP/1.1" 304 - "-" "Mozilla/5.0 (compatible; Barkrowler/0.9; +https://babbar.tech/crawler)" "site.gwheellift.com"
183.224.11.210 - - [16/Sep/2022:17:51:45 -0700] "GET /blog/wp-login.php?action=lostpassword HTTP/1.1" 200 1806 "http://site.gwheellift.com/" "Mozilla/5.0 (Windows NT 10.0; WOW64; x64) AppleWebKit/537.36 (KHTML, like Gecko) Chrome/103.0.0.0 Safari/537.36 OPR/89.0.4447.51" "site.gwheellift.com"
183.224.11.210 - - [16/Sep/2022:17:51:47 -0700] "GET /blog/wp-login.php HTTP/1.1" 200 1890 "http://site.gwheellift.com/" "Mozilla/5.0 (Windows NT 6.3; Win64; x64) AppleWebKit/537.36 (KHTML, like Gecko) Chrome/103.0.0.0 Safari/537.36" "site.gwheellift.com"
183.224.11.210 - - [16/Sep/2022:17:51:49 -0700] "GET /blog/wp-login.php HTTP/1.1" 200 1890 "http://site.gwheellift.com/blog/wp-login.php" "Mozilla/5.0 (Windows NT 6.3; Win64; x64) AppleWebKit/537.36 (KHTML, like Gecko) Chrome/103.0.0.0 Safari/537.36" "site.gwheellift.com"
183.224.11.210 - - [16/Sep/2022:17:51:51 -0700] "POST /blog/wp-login.php HTTP/1.1" 200 2025 "http://site.gwheellift.com/blog/wp-login.php" "Mozilla/5.0 (Windows NT 6.3; Win64; x64) AppleWebKit/537.36 (KHTML, like Gecko) Chrome/103.0.0.0 Safari/537.36" "site.gwheellift.com"
218.28.98.229 - - [16/Sep/2022:17:56:01 -0700] "GET /blog/wp-login.php?action=lostpassword HTTP/1.1" 200 1806 "http://site.gwheellift.com/" "Mozilla/5.0 (Windows NT 10.0; Win64; x64) AppleWebKit/537.36 (KHTML, like Gecko) Chrome/103.0.0.0 Safari/537.36 Vivaldi/5.3.2679.68" "site.gwheellift.com"
218.28.98.229 - - [16/Sep/2022:17:56:03 -0700] "GET /blog/wp-login.php HTTP/1.1" 200 1890 "http://site.gwheellift.com/" "Mozilla/5.0 (Windows NT 6.3; Win64; x64) AppleWebKit/537.36 (KHTML, like Gecko) Chrome/103.0.0.0 Safari/537.36" "site.gwheellift.com"
1.36.76.10 - - [16/Sep/2022:17:58:58 -0700] "GET /blog/wp-login.php?action=lostpassword HTTP/1.1" 200 1806 "http://site.gwheellift.com/" "Mozilla/5.0 (Windows NT 10.0) AppleWebKit/537.36 (KHTML, like Gecko) Chrome/103.0.0.0 Safari/537.36" "site.gwheellift.com"
1.36.76.10 - - [16/Sep/2022:17:59:00 -0700] "GET /blog/wp-login.php HTTP/1.1" 200 1890 "http://site.gwheellift.com/" "Mozilla/5.0 (Windows NT 6.3; Win64; x64) AppleWebKit/537.36 (KHTML, like Gecko) Chrome/103.0.0.0 Safari/537.36" "site.gwheellift.com"
1.36.76.10 - - [16/Sep/2022:17:59:01 -0700] "GET /blog/wp-login.php?action=lostpassword HTTP/1.1" 200 1806 "http://site.gwheellift.com/blog/wp-login.php" "Mozilla/5.0 (Windows NT 6.3; Win64; x64) AppleWebKit/537.36 (KHTML, like Gecko) Chrome/103.0.0.0 Safari/537.36" "site.gwheellift.com"
1.36.76.10 - - [16/Sep/2022:17:59:15 -0700] "POST /blog/wp-login.php?action=lostpassword HTTP/1.1" 200 1947 "http://site.gwheellift.com/blog/wp-login.php?action=lostpassword" "Mozilla/5.0 (Windows NT 6.3; Win64; x64) AppleWebKit/537.36 (KHTML, like Gecko) Chrome/103.0.0.0 Safari/537.36" "site.gwheellift.com"
188.130.136.140 - - [16/Sep/2022:18:08:08 -0700] "GET /blog/?p=17 HTTP/1.1" 200 5523 "-" "Mozilla/5.0 (Windows NT 10.0; Win64; x64) AppleWebKit/537.36 (KHTML, like Gecko) Chrome/103.0.0.0 Safari/537.36 OPR/89.0.4447.51" "site.gwheellift.com"
45.59.66.130 - - [16/Sep/2022:18:21:25 -0700] "GET /blog/?p=12 HTTP/1.1" 200 12097 "-" "Mozilla/5.0 (Windows NT 6.1; Trident/7.0; rv:11.0) like Gecko" "site.gwheellift.com"
45.59.66.130 - - [16/Sep/2022:18:21:26 -0700] "POST /blog/wp-trackback.php?p=12 HTTP/1.1" 200 98 "http://site.gwheellift.com/blog/?p=12" "Mozilla/5.0 (Windows NT 6.1; Trident/7.0; rv:11.0) like Gecko" "site.gwheellift.com"
62.210.215.100 - - [16/Sep/2022:18:21:46 -0700] "GET /blog/?feed=atom HTTP/1.1" 200 27006 "-" "Mozilla/5.0 (X11; Linux i686) AppleWebKit/537.36 (KHTML, like Gecko) Chrome/30.0.1599.66 Safari/537.36" "site.gwheellift.com"
45.59.66.130 - - [16/Sep/2022:18:27:54 -0700] "GET /blog/wp-trackback.php?p=12 HTTP/1.1" 200 98 "-" "Mozilla/5.0 (Windows NT 6.1; Trident/7.0; rv:11.0) like Gecko" "site.gwheellift.com"
45.59.66.130 - - [16/Sep/2022:18:27:55 -0700] "POST /blog/wp-trackback.php/trackback/ HTTP/1.1" 200 98 "http://site.gwheellift.com/blog/wp-trackback.php?p=12" "Mozilla/5.0 (Windows NT 6.1; Trident/7.0; rv:11.0) like Gecko" "site.gwheellift.com"
45.59.66.130 - - [16/Sep/2022:18:27:55 -0700] "GET /blog/wp-trackback.php?p=12 HTTP/1.1" 200 98 "-" "Mozilla/5.0 (Windows NT 6.1; Trident/7.0; rv:11.0) like Gecko" "site.gwheellift.com"
50.3.86.234 - - [16/Sep/2022:18:32:22 -0700] "GET /blog/?p=17 HTTP/1.1" 200 5523 "http://site.gwheellift.com/" "Mozilla/5.0 (X11; Ubuntu; Linux i686; rv:102.0) Gecko/20100101 Firefox/102.0" "site.gwheellift.com"
50.3.86.234 - - [16/Sep/2022:18:32:29 -0700] "GET /wp-login.php?action=register HTTP/1.1" 404 88 "http://site.gwheellift.com/" "Mozilla/5.0 (Windows NT 6.3; Win64; x64) AppleWebKit/537.36 (KHTML, like Gecko) Chrome/103.0.0.0 Safari/537.36" "site.gwheellift.com"
50.3.86.234 - - [16/Sep/2022:18:32:32 -0700] "GET /wp-login.php?action=register HTTP/1.1" 404 88 "http://site.gwheellift.com/wp-login.php?action=register" "Mozilla/5.0 (Windows NT 6.3; Win64; x64) AppleWebKit/537.36 (KHTML, like Gecko) Chrome/103.0.0.0 Safari/537.36" "site.gwheellift.com"
50.3.86.234 - - [16/Sep/2022:18:32:32 -0700] "GET /blog/?p=17 HTTP/1.1" 200 5523 "http://site.gwheellift.com/" "PHP/{5|6|7}.{3|2}.{1|2|3|4|5|6|7|8|9|0}{1|2|3|4|5|6|7|8|9|0}" "site.gwheellift.com"
50.3.86.234 - - [16/Sep/2022:18:32:34 -0700] "POST /blog/xmlrpc.php HTTP/1.1" 200 42 "http://site.gwheellift.com/" "PHP/5.2.79" "site.gwheellift.com"
122.154.105.74 - - [16/Sep/2022:18:32:35 -0700] "GET /blog/?p=17 HTTP/1.1" 200 5523 "-" "PHP/5.2.79" "site.gwheellift.com"
45.59.66.130 - - [16/Sep/2022:18:38:49 -0700] "GET /blog/?p=17 HTTP/1.1" 200 5523 "-" "Mozilla/5.0 (Windows NT 6.1; Trident/7.0; rv:11.0) like Gecko" "site.gwheellift.com"
45.59.66.130 - - [16/Sep/2022:18:38:50 -0700] "POST /blog/wp-trackback.php?p=17 HTTP/1.1" 200 98 "http://site.gwheellift.com/blog/?p=17" "Mozilla/5.0 (Windows NT 6.1; Trident/7.0; rv:11.0) like Gecko" "site.gwheellift.com"
54.162.62.247 - - [16/Sep/2022:18:50:24 -0700] "GET /blog/?feed=atom HTTP/1.1" 304 - "https://www.google.com/" "Mozilla/5.0 (X11; Linux x86_64) AppleWebKit/537.36 (KHTML, like Gecko) Chrome/80.0.3987.116 Safari/537.36" "site.gwheellift.com"
45.59.66.130 - - [16/Sep/2022:18:53:30 -0700] "GET /blog/?p=12 HTTP/1.1" 200 12097 "-" "Mozilla/5.0 (Windows NT 6.1; Trident/7.0; rv:11.0) like Gecko" "site.gwheellift.com"
45.59.66.130 - - [16/Sep/2022:18:53:31 -0700] "POST /blog/wp-trackback.php?p=12 HTTP/1.1" 200 98 "http://site.gwheellift.com/blog/?p=12" "Mozilla/5.0 (Windows NT 6.1; Trident/7.0; rv:11.0) like Gecko" "site.gwheellift.com"
122.154.105.74 - - [16/Sep/2022:18:53:49 -0700] "GET /blog/?p=17 HTTP/1.1" 200 5523 "-" "Mozilla/5.0 (Windows NT 10.0; Win64; x64) AppleWebKit/537.36 (KHTML, like Gecko) Chrome/103.0.0.0 Safari/537.36 OPR/89.0.4447.51" "site.gwheellift.com"
45.59.66.130 - - [16/Sep/2022:19:13:35 -0700] "GET /blog/?p=17 HTTP/1.1" 200 5523 "-" "Mozilla/5.0 (Windows NT 6.1; Trident/7.0; rv:11.0) like Gecko" "site.gwheellift.com"
45.59.66.130 - - [16/Sep/2022:19:13:36 -0700] "POST /blog/wp-trackback.php?p=17 HTTP/1.1" 200 98 "http://site.gwheellift.com/blog/?p=17" "Mozilla/5.0 (Windows NT 6.1; Trident/7.0; rv:11.0) like Gecko" "site.gwheellift.com"
154.54.249.194 - - [16/Sep/2022:19:20:34 -0700] "GET /blog/?feed=rss2&p=12 HTTP/1.1" 304 - "-" "Mozilla/5.0 (compatible; Barkrowler/0.9; +https://babbar.tech/crawler)" "site.gwheellift.com"
116.113.68.130 - - [16/Sep/2022:19:39:24 -0700] "GET /blog/wp-login.php?action=lostpassword HTTP/1.1" 200 1806 "http://site.gwheellift.com/" "Mozilla/5.0 (Windows NT 10.0; Win64; x64; Xbox; Xbox One) AppleWebKit/537.36 (KHTML, like Gecko) Chrome/103.0.0.0 Safari/537.36 Edge/44.18363.8131" "site.gwheellift.com"
218.10.96.26 - - [16/Sep/2022:19:39:26 -0700] "GET /blog/wp-login.php?action=lostpassword HTTP/1.1" 200 1806 "http://site.gwheellift.com/" "Mozilla/5.0 (Windows NT 10.0; Win64; x64; Xbox; Xbox One) AppleWebKit/537.36 (KHTML, like Gecko) Chrome/103.0.0.0 Safari/537.36 Edge/44.18363.8131" "site.gwheellift.com"
218.10.96.26 - - [16/Sep/2022:19:39:28 -0700] "GET /blog/wp-login.php HTTP/1.1" 200 1890 "http://site.gwheellift.com/" "Mozilla/5.0 (Windows NT 6.3; Win64; x64) AppleWebKit/537.36 (KHTML, like Gecko) Chrome/103.0.0.0 Safari/537.36" "site.gwheellift.com"
104.28.227.187 - - [16/Sep/2022:19:42:03 -0700] "GET /blog/wp-login.php?action=lostpassword HTTP/1.1" 200 1806 "http://site.gwheellift.com/" "Mozilla/5.0 (Macintosh; Intel Mac OS X 12_5) AppleWebKit/537.36 (KHTML, like Gecko) Chrome/103.0.0.0 Safari/537.36 Edg/103.0.1264.71" "site.gwheellift.com"
165.154.235.76 - - [16/Sep/2022:19:42:05 -0700] "GET /blog/wp-login.php HTTP/1.1" 200 1890 "http://site.gwheellift.com/" "Mozilla/5.0 (Windows NT 6.3; Win64; x64) AppleWebKit/537.36 (KHTML, like Gecko) Chrome/103.0.0.0 Safari/537.36" "site.gwheellift.com"
104.28.227.187 - - [16/Sep/2022:19:42:07 -0700] "GET /blog/wp-login.php?action=lostpassword HTTP/1.1" 200 1806 "http://site.gwheellift.com/blog/wp-login.php" "Mozilla/5.0 (Windows NT 6.3; Win64; x64) AppleWebKit/537.36 (KHTML, like Gecko) Chrome/103.0.0.0 Safari/537.36" "site.gwheellift.com"
104.28.227.187 - - [16/Sep/2022:19:42:17 -0700] "POST /blog/wp-login.php?action=lostpassword HTTP/1.1" 200 1949 "http://site.gwheellift.com/blog/wp-login.php?action=lostpassword" "Mozilla/5.0 (Windows NT 6.3; Win64; x64) AppleWebKit/537.36 (KHTML, like Gecko) Chrome/103.0.0.0 Safari/537.36" "site.gwheellift.com"
45.59.66.130 - - [16/Sep/2022:19:45:50 -0700] "GET /blog/?p=12 HTTP/1.1" 200 12097 "-" "Mozilla/5.0 (Windows NT 6.1; Trident/7.0; rv:11.0) like Gecko" "site.gwheellift.com"
45.59.66.130 - - [16/Sep/2022:19:45:52 -0700] "POST /blog/wp-trackback.php?p=12 HTTP/1.1" 200 98 "http://site.gwheellift.com/blog/?p=12" "Mozilla/5.0 (Windows NT 6.1; Trident/7.0; rv:11.0) like Gecko" "site.gwheellift.com"
45.59.66.130 - - [16/Sep/2022:19:54:26 -0700] "GET /blog/?p=17 HTTP/1.1" 200 5523 "-" "Mozilla/5.0 (Windows NT 6.1; Trident/7.0; rv:11.0) like Gecko" "site.gwheellift.com"
45.59.66.130 - - [16/Sep/2022:19:54:28 -0700] "POST /blog/wp-trackback.php?p=17 HTTP/1.1" 200 98 "http://site.gwheellift.com/blog/?p=17" "Mozilla/5.0 (Windows NT 6.1; Trident/7.0; rv:11.0) like Gecko" "site.gwheellift.com"
1.36.76.10 - - [16/Sep/2022:19:54:54 -0700] "GET /blog/wp-login.php?action=lostpassword HTTP/1.1" 200 1806 "http://site.gwheellift.com/" "Mozilla/5.0 (Macintosh; Intel Mac OS X 12_5) AppleWebKit/537.36 (KHTML, like Gecko) Chrome/103.0.0.0 YaBrowser/22.7.0 Yowser/2.5 Safari/537.36" "site.gwheellift.com"
1.36.76.10 - - [16/Sep/2022:19:54:55 -0700] "GET /blog/wp-login.php HTTP/1.1" 200 1890 "http://site.gwheellift.com/" "Mozilla/5.0 (Windows NT 6.3; Win64; x64) AppleWebKit/537.36 (KHTML, like Gecko) Chrome/103.0.0.0 Safari/537.36" "site.gwheellift.com"
1.36.76.10 - - [16/Sep/2022:19:54:56 -0700] "GET /blog/wp-login.php?action=lostpassword HTTP/1.1" 200 1806 "http://site.gwheellift.com/blog/wp-login.php" "Mozilla/5.0 (Windows NT 6.3; Win64; x64) AppleWebKit/537.36 (KHTML, like Gecko) Chrome/103.0.0.0 Safari/537.36" "site.gwheellift.com"
1.36.76.10 - - [16/Sep/2022:19:55:02 -0700] "POST /blog/wp-login.php?action=lostpassword HTTP/1.1" 200 1959 "http://site.gwheellift.com/blog/wp-login.php?action=lostpassword" "Mozilla/5.0 (Windows NT 6.3; Win64; x64) AppleWebKit/537.36 (KHTML, like Gecko) Chrome/103.0.0.0 Safari/537.36" "site.gwheellift.com"
103.149.162.195 - - [16/Sep/2022:19:55:45 -0700] "GET /blog/wp-login.php?action=lostpassword HTTP/1.1" 200 1806 "http://site.gwheellift.com/" "Mozilla/5.0 (Windows NT 10.0; WOW64) AppleWebKit/537.36 (KHTML, like Gecko) Chrome/103.0.0.0 Safari/537.36" "site.gwheellift.com"
103.149.162.195 - - [16/Sep/2022:19:55:54 -0700] "GET /blog/wp-login.php HTTP/1.1" 200 1890 "http://site.gwheellift.com/" "Mozilla/5.0 (Windows NT 6.3; Win64; x64) AppleWebKit/537.36 (KHTML, like Gecko) Chrome/103.0.0.0 Safari/537.36" "site.gwheellift.com"
103.149.162.195 - - [16/Sep/2022:19:55:57 -0700] "GET /blog/wp-login.php?action=lostpassword HTTP/1.1" 200 1806 "http://site.gwheellift.com/blog/wp-login.php" "Mozilla/5.0 (Windows NT 6.3; Win64; x64) AppleWebKit/537.36 (KHTML, like Gecko) Chrome/103.0.0.0 Safari/537.36" "site.gwheellift.com"
103.149.162.195 - - [16/Sep/2022:19:56:07 -0700] "POST /blog/wp-login.php?action=lostpassword HTTP/1.1" 200 1942 "http://site.gwheellift.com/blog/wp-login.php?action=lostpassword" "Mozilla/5.0 (Windows NT 6.3; Win64; x64) AppleWebKit/537.36 (KHTML, like Gecko) Chrome/103.0.0.0 Safari/537.36" "site.gwheellift.com"
111.160.204.146 - - [16/Sep/2022:19:56:09 -0700] "GET /blog/wp-login.php?action=lostpassword HTTP/1.1" 200 1806 "http://site.gwheellift.com/" "Mozilla/5.0 (X11; Linux x86_64) AppleWebKit/537.36 (KHTML, like Gecko) Chrome/103.0.0.0 Safari/537.36" "site.gwheellift.com"
112.11.242.201 - - [16/Sep/2022:19:56:19 -0700] "GET /blog/wp-login.php?action=lostpassword HTTP/1.1" 200 1806 "http://site.gwheellift.com/" "Mozilla/5.0 (X11; Linux x86_64) AppleWebKit/537.36 (KHTML, like Gecko) Chrome/103.0.0.0 Safari/537.36" "site.gwheellift.com"
112.11.242.201 - - [16/Sep/2022:19:56:20 -0700] "GET /blog/wp-login.php HTTP/1.1" 200 1890 "http://site.gwheellift.com/" "Mozilla/5.0 (Windows NT 6.3; Win64; x64) AppleWebKit/537.36 (KHTML, like Gecko) Chrome/103.0.0.0 Safari/537.36" "site.gwheellift.com"
112.11.242.201 - - [16/Sep/2022:19:56:21 -0700] "GET /blog/wp-login.php?action=lostpassword HTTP/1.1" 200 1806 "http://site.gwheellift.com/blog/wp-login.php" "Mozilla/5.0 (Windows NT 6.3; Win64; x64) AppleWebKit/537.36 (KHTML, like Gecko) Chrome/103.0.0.0 Safari/537.36" "site.gwheellift.com"
112.11.242.201 - - [16/Sep/2022:19:56:38 -0700] "POST /blog/wp-login.php?action=lostpassword HTTP/1.1" 200 1953 "http://site.gwheellift.com/blog/wp-login.php?action=lostpassword" "Mozilla/5.0 (Windows NT 6.3; Win64; x64) AppleWebKit/537.36 (KHTML, like Gecko) Chrome/103.0.0.0 Safari/537.36" "site.gwheellift.com"
58.246.58.150 - - [16/Sep/2022:19:59:49 -0700] "GET /blog/wp-login.php?action=lostpassword HTTP/1.1" 200 1806 "http://site.gwheellift.com/" "Mozilla/5.0 (Windows NT 10.0) AppleWebKit/537.36 (KHTML, like Gecko) Chrome/103.0.0.0 Safari/537.36" "site.gwheellift.com"
111.160.204.146 - - [16/Sep/2022:19:59:49 -0700] "GET /blog/wp-login.php?action=lostpassword HTTP/1.1" 200 1806 "http://site.gwheellift.com/" "Mozilla/5.0 (Windows NT 10.0) AppleWebKit/537.36 (KHTML, like Gecko) Chrome/103.0.0.0 Safari/537.36" "site.gwheellift.com"
188.138.235.56 - - [16/Sep/2022:20:01:14 -0700] "GET /blog/wp-login.php?action=lostpassword HTTP/1.1" 200 1806 "http://site.gwheellift.com/" "Mozilla/5.0 (Windows NT 10.0; Win64; x64) AppleWebKit/537.36 (KHTML, like Gecko) Chrome/103.0.0.0 Safari/537.36 Vivaldi/5.3.2679.68" "site.gwheellift.com"
188.138.235.56 - - [16/Sep/2022:20:01:16 -0700] "GET /blog/wp-login.php HTTP/1.1" 200 1890 "http://site.gwheellift.com/" "Mozilla/5.0 (Windows NT 6.3; Win64; x64) AppleWebKit/537.36 (KHTML, like Gecko) Chrome/103.0.0.0 Safari/537.36" "site.gwheellift.com"
188.138.235.56 - - [16/Sep/2022:20:01:18 -0700] "GET /blog/wp-login.php?action=lostpassword HTTP/1.1" 200 1806 "http://site.gwheellift.com/blog/wp-login.php" "Mozilla/5.0 (Windows NT 6.3; Win64; x64) AppleWebKit/537.36 (KHTML, like Gecko) Chrome/103.0.0.0 Safari/537.36" "site.gwheellift.com"
188.138.235.56 - - [16/Sep/2022:20:01:28 -0700] "POST /blog/wp-login.php?action=lostpassword HTTP/1.1" 200 1948 "http://site.gwheellift.com/blog/wp-login.php?action=lostpassword" "Mozilla/5.0 (Windows NT 6.3; Win64; x64) AppleWebKit/537.36 (KHTML, like Gecko) Chrome/103.0.0.0 Safari/537.36" "site.gwheellift.com"
45.59.66.130 - - [16/Sep/2022:20:27:02 -0700] "GET /blog/?p=12 HTTP/1.1" 200 12097 "-" "Mozilla/5.0 (Windows NT 6.1; Trident/7.0; rv:11.0) like Gecko" "site.gwheellift.com"
45.59.66.130 - - [16/Sep/2022:20:27:03 -0700] "POST /blog/wp-trackback.php?p=12 HTTP/1.1" 200 98 "http://site.gwheellift.com/blog/?p=12" "Mozilla/5.0 (Windows NT 6.1; Trident/7.0; rv:11.0) like Gecko" "site.gwheellift.com"
122.154.105.74 - - [16/Sep/2022:20:36:15 -0700] "GET /blog/?p=17 HTTP/1.1" 200 5523 "-" "Mozilla/5.0 (Windows NT 10.0; Win64; x64) AppleWebKit/537.36 (KHTML, like Gecko) Chrome/103.0.0.0 Safari/537.36 OPR/89.0.4447.51" "site.gwheellift.com"
154.54.249.194 - - [16/Sep/2022:20:50:28 -0700] "GET /blog/?feed=rss2&p=3 HTTP/1.1" 304 - "-" "Mozilla/5.0 (compatible; Barkrowler/0.9; +https://babbar.tech/crawler)" "site.gwheellift.com"
123.125.109.45 - - [16/Sep/2022:21:11:37 -0700] "GET / HTTP/1.1" 200 370 "-" "Sogou web spider/4.0(+http://www.sogou.com/docs/help/webmasters.htm#07)" "site.gwheellift.com"
45.59.66.130 - - [16/Sep/2022:21:22:08 -0700] "GET /blog/?p=17 HTTP/1.1" 200 5523 "-" "Mozilla/5.0 (Windows NT 6.1; Trident/7.0; rv:11.0) like Gecko" "site.gwheellift.com"
45.59.66.130 - - [16/Sep/2022:21:22:09 -0700] "POST /blog/wp-trackback.php?p=17 HTTP/1.1" 200 98 "http://site.gwheellift.com/blog/?p=17" "Mozilla/5.0 (Windows NT 6.1; Trident/7.0; rv:11.0) like Gecko" "site.gwheellift.com"
45.59.66.130 - - [16/Sep/2022:21:34:11 -0700] "GET /blog/?p=17 HTTP/1.1" 200 5523 "-" "Mozilla/5.0 (Windows NT 6.1; Trident/7.0; rv:11.0) like Gecko" "site.gwheellift.com"
45.59.66.130 - - [16/Sep/2022:21:34:12 -0700] "POST /blog/wp-trackback.php?p=17 HTTP/1.1" 200 98 "http://site.gwheellift.com/blog/?p=17" "Mozilla/5.0 (Windows NT 6.1; Trident/7.0; rv:11.0) like Gecko" "site.gwheellift.com"
183.252.51.112 - - [16/Sep/2022:21:39:53 -0700] "GET /blog/wp-login.php?action=lostpassword HTTP/1.1" 200 1806 "http://site.gwheellift.com/" "Mozilla/5.0 (Windows NT 10.0; WOW64) AppleWebKit/537.36 (KHTML, like Gecko) Chrome/103.0.0.0 Safari/537.36" "site.gwheellift.com"
183.252.51.112 - - [16/Sep/2022:21:39:56 -0700] "GET /blog/wp-login.php HTTP/1.1" 200 1890 "http://site.gwheellift.com/" "Mozilla/5.0 (Windows NT 6.3; Win64; x64) AppleWebKit/537.36 (KHTML, like Gecko) Chrome/103.0.0.0 Safari/537.36" "site.gwheellift.com"
183.252.51.112 - - [16/Sep/2022:21:39:58 -0700] "GET /blog/wp-login.php HTTP/1.1" 200 1890 "http://site.gwheellift.com/blog/wp-login.php" "Mozilla/5.0 (Windows NT 6.3; Win64; x64) AppleWebKit/537.36 (KHTML, like Gecko) Chrome/103.0.0.0 Safari/537.36" "site.gwheellift.com"
183.252.51.112 - - [16/Sep/2022:21:39:59 -0700] "POST /blog/wp-login.php HTTP/1.1" 200 2026 "http://site.gwheellift.com/blog/wp-login.php" "Mozilla/5.0 (Windows NT 6.3; Win64; x64) AppleWebKit/537.36 (KHTML, like Gecko) Chrome/103.0.0.0 Safari/537.36" "site.gwheellift.com"
45.59.66.130 - - [16/Sep/2022:21:41:28 -0700] "GET /blog/wp-trackback.php?p=12 HTTP/1.1" 200 98 "-" "Mozilla/5.0 (Windows NT 6.1; Trident/7.0; rv:11.0) like Gecko" "site.gwheellift.com"
45.59.66.130 - - [16/Sep/2022:21:41:29 -0700] "POST /blog/wp-trackback.php/trackback/ HTTP/1.1" 200 98 "http://site.gwheellift.com/blog/wp-trackback.php?p=12" "Mozilla/5.0 (Windows NT 6.1; Trident/7.0; rv:11.0) like Gecko" "site.gwheellift.com"
45.59.66.130 - - [16/Sep/2022:21:44:41 -0700] "GET /blog/?p=17 HTTP/1.1" 200 5523 "-" "Mozilla/5.0 (Windows NT 6.1; Trident/7.0; rv:11.0) like Gecko" "site.gwheellift.com"
45.59.66.130 - - [16/Sep/2022:21:44:42 -0700] "POST /blog/wp-trackback.php?p=17 HTTP/1.1" 200 98 "http://site.gwheellift.com/blog/?p=17" "Mozilla/5.0 (Windows NT 6.1; Trident/7.0; rv:11.0) like Gecko" "site.gwheellift.com"
45.59.66.130 - - [16/Sep/2022:21:44:43 -0700] "GET /blog/?p=17 HTTP/1.1" 200 5523 "-" "Mozilla/5.0 (Windows NT 6.1; Trident/7.0; rv:11.0) like Gecko" "site.gwheellift.com"
45.59.66.130 - - [16/Sep/2022:21:54:32 -0700] "GET /blog/wp-trackback.php?p=12 HTTP/1.1" 200 98 "-" "Mozilla/5.0 (Windows NT 6.1; Trident/7.0; rv:11.0) like Gecko" "site.gwheellift.com"
45.59.66.130 - - [16/Sep/2022:21:54:33 -0700] "POST /blog/wp-trackback.php/trackback/ HTTP/1.1" 200 98 "http://site.gwheellift.com/blog/wp-trackback.php?p=12" "Mozilla/5.0 (Windows NT 6.1; Trident/7.0; rv:11.0) like Gecko" "site.gwheellift.com"
45.59.66.130 - - [16/Sep/2022:21:54:45 -0700] "GET /blog/?p=12 HTTP/1.1" 200 12097 "-" "Mozilla/5.0 (Windows NT 6.1; Trident/7.0; rv:11.0) like Gecko" "site.gwheellift.com"
45.59.66.130 - - [16/Sep/2022:21:54:45 -0700] "POST /blog/wp-trackback.php?p=12 HTTP/1.1" 200 98 "http://site.gwheellift.com/blog/?p=12" "Mozilla/5.0 (Windows NT 6.1; Trident/7.0; rv:11.0) like Gecko" "site.gwheellift.com"
45.59.66.130 - - [16/Sep/2022:22:00:34 -0700] "GET /blog/?p=12 HTTP/1.1" 200 12097 "-" "Mozilla/5.0 (Windows NT 6.1; Trident/7.0; rv:11.0) like Gecko" "site.gwheellift.com"
45.59.66.130 - - [16/Sep/2022:22:00:36 -0700] "POST /blog/wp-trackback.php?p=12 HTTP/1.1" 200 98 "http://site.gwheellift.com/blog/?p=12" "Mozilla/5.0 (Windows NT 6.1; Trident/7.0; rv:11.0) like Gecko" "site.gwheellift.com"
45.59.66.130 - - [16/Sep/2022:22:00:36 -0700] "GET /blog/?p=12 HTTP/1.1" 200 12097 "-" "Mozilla/5.0 (Windows NT 6.1; Trident/7.0; rv:11.0) like Gecko" "site.gwheellift.com"
147.78.47.233 - - [16/Sep/2022:22:01:08 -0700] "GET /wp-login.php HTTP/1.1" 404 88 "-" "Mozilla/5.0 (Windows NT 10.0; Win64; x64) AppleWebKit/537.36 (KHTML, like Gecko) Chrome/64.0.3282.140 Safari/537.36 Edge/18.17763" "site.gwheellift.com"
51.222.253.10 - - [16/Sep/2022:22:07:35 -0700] "GET /blog/?m=200803 HTTP/1.1" 200 5570 "-" "Mozilla/5.0 (compatible; AhrefsBot/7.0; +http://ahrefs.com/robot/)" "site.gwheellift.com"
154.54.249.194 - - [16/Sep/2022:22:13:56 -0700] "GET /blog/wp-trackback.php?p=17 HTTP/1.1" 200 98 "-" "Mozilla/5.0 (compatible; Barkrowler/0.9; +https://babbar.tech/crawler)" "site.gwheellift.com"
45.59.66.130 - - [16/Sep/2022:22:30:27 -0700] "GET /blog/?p=12 HTTP/1.1" 200 12097 "-" "Mozilla/5.0 (Windows NT 6.1; Trident/7.0; rv:11.0) like Gecko" "site.gwheellift.com"
45.59.66.130 - - [16/Sep/2022:22:30:28 -0700] "POST /blog/wp-trackback.php?p=12 HTTP/1.1" 200 98 "http://site.gwheellift.com/blog/?p=12" "Mozilla/5.0 (Windows NT 6.1; Trident/7.0; rv:11.0) like Gecko" "site.gwheellift.com"
51.222.253.8 - - [16/Sep/2022:22:41:54 -0700] "GET /php/ HTTP/1.1" 200 12392 "-" "Mozilla/5.0 (compatible; AhrefsBot/7.0; +http://ahrefs.com/robot/)" "site.gwheellift.com"
51.222.253.18 - - [16/Sep/2022:22:41:59 -0700] "GET /php/themes/original/img/logo_right.png HTTP/1.1" 200 5658 "-" "Mozilla/5.0 (compatible; AhrefsBot/7.0; +http://ahrefs.com/robot/)" "site.gwheellift.com"
51.222.253.5 - - [16/Sep/2022:22:42:00 -0700] "GET /php/css/phpmyadmin.css.php?lang=en&js_frame=right HTTP/1.1" 200 11204 "-" "Mozilla/5.0 (compatible; AhrefsBot/7.0; +http://ahrefs.com/robot/)" "site.gwheellift.com"
218.7.171.91 - - [16/Sep/2022:22:48:54 -0700] "GET /blog/wp-login.php?action=lostpassword HTTP/1.1" 200 1806 "http://site.gwheellift.com/" "Mozilla/5.0 (Windows NT 10.0; WOW64; x64) AppleWebKit/537.36 (KHTML, like Gecko) Chrome/103.0.0.0 Safari/537.36 OPR/89.0.4447.51" "site.gwheellift.com"
218.7.171.91 - - [16/Sep/2022:22:49:06 -0700] "GET /blog/wp-login.php HTTP/1.1" 200 1890 "http://site.gwheellift.com/" "Mozilla/5.0 (Windows NT 6.3; Win64; x64) AppleWebKit/537.36 (KHTML, like Gecko) Chrome/103.0.0.0 Safari/537.36" "site.gwheellift.com"
218.7.171.91 - - [16/Sep/2022:22:49:14 -0700] "GET /blog/wp-login.php HTTP/1.1" 200 1890 "http://site.gwheellift.com/blog/wp-login.php" "Mozilla/5.0 (Windows NT 6.3; Win64; x64) AppleWebKit/537.36 (KHTML, like Gecko) Chrome/103.0.0.0 Safari/537.36" "site.gwheellift.com"
218.7.171.91 - - [16/Sep/2022:22:49:51 -0700] "POST /blog/wp-login.php HTTP/1.1" 200 2025 "http://site.gwheellift.com/blog/wp-login.php" "Mozilla/5.0 (Windows NT 6.3; Win64; x64) AppleWebKit/537.36 (KHTML, like Gecko) Chrome/103.0.0.0 Safari/537.36" "site.gwheellift.com"
122.154.105.74 - - [16/Sep/2022:22:50:16 -0700] "GET /blog/?p=17 HTTP/1.1" 200 5523 "-" "Mozilla/5.0 (Windows NT 10.0; Win64; x64) AppleWebKit/537.36 (KHTML, like Gecko) Chrome/103.0.0.0 Safari/537.36 OPR/89.0.4447.51" "site.gwheellift.com"
51.68.207.81 - - [16/Sep/2022:22:52:39 -0700] "GET /blog/wp-login.php?action=lostpassword HTTP/1.1" 200 1806 "http://site.gwheellift.com/" "Mozilla/5.0 (Macintosh; Intel Mac OS X 12_5) AppleWebKit/537.36 (KHTML, like Gecko) Chrome/103.0.0.0 Safari/537.36 OPR/89.0.4447.51" "site.gwheellift.com"
45.59.66.130 - - [16/Sep/2022:23:16:52 -0700] "GET /blog/?p=17 HTTP/1.1" 200 5523 "-" "Mozilla/5.0 (Windows NT 6.1; Trident/7.0; rv:11.0) like Gecko" "site.gwheellift.com"
45.59.66.130 - - [16/Sep/2022:23:16:53 -0700] "POST /blog/wp-trackback.php?p=17 HTTP/1.1" 200 98 "http://site.gwheellift.com/blog/?p=17" "Mozilla/5.0 (Windows NT 6.1; Trident/7.0; rv:11.0) like Gecko" "site.gwheellift.com"
54.183.236.186 - - [16/Sep/2022:23:19:17 -0700] "GET /blog/wp-login.php?action=lostpassword HTTP/1.1" 200 1806 "http://site.gwheellift.com/" "Mozilla/5.0 (Windows NT 10.0; WOW64) AppleWebKit/537.36 (KHTML, like Gecko) Chrome/103.0.0.0 Safari/537.36" "site.gwheellift.com"
54.183.236.186 - - [16/Sep/2022:23:19:21 -0700] "GET /blog/wp-login.php HTTP/1.1" 200 1890 "http://site.gwheellift.com/" "Mozilla/5.0 (Windows NT 6.3; Win64; x64) AppleWebKit/537.36 (KHTML, like Gecko) Chrome/103.0.0.0 Safari/537.36" "site.gwheellift.com"
54.183.236.186 - - [16/Sep/2022:23:19:23 -0700] "GET /blog/wp-login.php?action=lostpassword HTTP/1.1" 200 1806 "http://site.gwheellift.com/blog/wp-login.php" "Mozilla/5.0 (Windows NT 6.3; Win64; x64) AppleWebKit/537.36 (KHTML, like Gecko) Chrome/103.0.0.0 Safari/537.36" "site.gwheellift.com"
45.59.66.130 - - [16/Sep/2022:23:21:15 -0700] "GET /blog/wp-trackback.php?p=12 HTTP/1.1" 200 98 "-" "Mozilla/5.0 (Windows NT 6.1; Trident/7.0; rv:11.0) like Gecko" "site.gwheellift.com"
45.59.66.130 - - [16/Sep/2022:23:21:15 -0700] "POST /blog/wp-trackback.php/trackback/ HTTP/1.1" 200 98 "http://site.gwheellift.com/blog/wp-trackback.php?p=12" "Mozilla/5.0 (Windows NT 6.1; Trident/7.0; rv:11.0) like Gecko" "site.gwheellift.com"
54.183.236.186 - - [16/Sep/2022:23:24:39 -0700] "GET /blog/wp-login.php?action=lostpassword HTTP/1.1" 200 1806 "http://site.gwheellift.com/" "Mozilla/5.0 (Macintosh; Intel Mac OS X 12_5) AppleWebKit/537.36 (KHTML, like Gecko) Chrome/103.0.0.0 Safari/537.36 Vivaldi/5.3.2679.68" "site.gwheellift.com"
54.183.236.186 - - [16/Sep/2022:23:24:45 -0700] "GET /blog/wp-login.php HTTP/1.1" 200 1890 "http://site.gwheellift.com/" "Mozilla/5.0 (Windows NT 6.3; Win64; x64) AppleWebKit/537.36 (KHTML, like Gecko) Chrome/103.0.0.0 Safari/537.36" "site.gwheellift.com"
54.183.236.186 - - [16/Sep/2022:23:24:53 -0700] "GET /blog/wp-login.php?action=lostpassword HTTP/1.1" 200 1806 "http://site.gwheellift.com/blog/wp-login.php" "Mozilla/5.0 (Windows NT 6.3; Win64; x64) AppleWebKit/537.36 (KHTML, like Gecko) Chrome/103.0.0.0 Safari/537.36" "site.gwheellift.com"
45.59.66.130 - - [16/Sep/2022:23:40:34 -0700] "GET /blog/wp-trackback.php?p=12 HTTP/1.1" 200 98 "-" "Mozilla/5.0 (Windows NT 6.1; Trident/7.0; rv:11.0) like Gecko" "site.gwheellift.com"
