135.181.213.219 - - [19/Sep/2022:02:23:16 -0700] "GET /tmp//%22ftp://%22.$login.%22:%22.$pass.%22@%22.$host.%22/%22 HTTP/1.1" 403 170 "-" "Mozilla/5.0 (compatible; MJ12bot/v1.4.8; http://mj12bot.com/)" "site.gwheellift.com"
135.181.213.219 - - [19/Sep/2022:02:23:18 -0700] "GET /tmp//%22http://securityprobe.net/%22 HTTP/1.1" 403 170 "-" "Mozilla/5.0 (compatible; MJ12bot/v1.4.8; http://mj12bot.com/)" "site.gwheellift.com"
91.207.114.22 - - [19/Sep/2022:02:37:57 -0700] "HEAD /blog/ HTTP/1.1" 200 - "-" "Mozilla/5.0 (Windows NT 10.0; Win64; x64) AppleWebKit/537.36 (KHTML, like Gecko) Chrome/74.0.3729.169 Safari/537.36" "site.gwheellift.com"
45.59.66.130 - - [19/Sep/2022:02:43:26 -0700] "GET /blog/?p=12 HTTP/1.1" 200 12097 "-" "Mozilla/5.0 (Windows NT 6.1; Trident/7.0; rv:11.0) like Gecko" "site.gwheellift.com"
45.59.66.130 - - [19/Sep/2022:02:43:28 -0700] "POST /blog/wp-trackback.php?p=12 HTTP/1.1" 200 98 "http://site.gwheellift.com/blog/?p=12" "Mozilla/5.0 (Windows NT 6.1; Trident/7.0; rv:11.0) like Gecko" "site.gwheellift.com"
45.59.66.130 - - [19/Sep/2022:03:07:12 -0700] "GET /blog/?p=17 HTTP/1.1" 200 5523 "-" "Mozilla/5.0 (Windows NT 6.1; Trident/7.0; rv:11.0) like Gecko" "site.gwheellift.com"
45.59.66.130 - - [19/Sep/2022:03:07:13 -0700] "POST /blog/wp-trackback.php?p=17 HTTP/1.1" 200 98 "http://site.gwheellift.com/blog/?p=17" "Mozilla/5.0 (Windows NT 6.1; Trident/7.0; rv:11.0) like Gecko" "site.gwheellift.com"
157.55.39.86 - - [19/Sep/2022:03:11:34 -0700] "GET /robots.txt HTTP/1.1" 404 88 "-" "Mozilla/5.0 (compatible; bingbot/2.0; +http://www.bing.com/bingbot.htm)" "site.gwheellift.com"
157.55.39.86 - - [19/Sep/2022:03:11:34 -0700] "GET /robots.txt HTTP/1.1" 404 88 "-" "Mozilla/5.0 (compatible; bingbot/2.0; +http://www.bing.com/bingbot.htm)" "site.gwheellift.com"
207.46.13.170 - - [19/Sep/2022:03:11:42 -0700] "GET /blog/ HTTP/1.1" 200 32072 "-" "Mozilla/5.0 (compatible; bingbot/2.0; +http://www.bing.com/bingbot.htm)" "site.gwheellift.com"
157.55.39.126 - - [19/Sep/2022:03:11:57 -0700] "GET /blog/wp-content/themes/steam/style.css HTTP/1.1" 200 2389 "-" "Mozilla/5.0 (compatible; bingbot/2.0; +http://www.bing.com/bingbot.htm)" "site.gwheellift.com"
157.55.39.124 - - [19/Sep/2022:03:13:24 -0700] "GET /blog/wp-login.php HTTP/1.1" 200 1890 "-" "Mozilla/5.0 (compatible; bingbot/2.0; +http://www.bing.com/bingbot.htm)" "site.gwheellift.com"
157.55.39.126 - - [19/Sep/2022:03:13:47 -0700] "GET /blog/wp-admin/wp-admin.css?version=2.1.2 HTTP/1.1" 200 4831 "-" "Mozilla/5.0 (compatible; bingbot/2.0; +http://www.bing.com/bingbot.htm)" "site.gwheellift.com"
118.184.177.50 - - [19/Sep/2022:03:16:42 -0700] "GET / HTTP/1.1" 200 370 "-" "Sogou web spider/4.0(+http://www.sogou.com/docs/help/webmasters.htm#07)" "site.gwheellift.com"
135.181.213.219 - - [19/Sep/2022:03:22:49 -0700] "GET /robots.txt HTTP/1.1" 404 73 "-" "Mozilla/5.0 (compatible; MJ12bot/v1.4.8; http://mj12bot.com/)" "site.gwheellift.com"
135.181.213.219 - - [19/Sep/2022:03:22:51 -0700] "GET /blog/?s=hgdjhgjlarry%20page%20says%20muslims%20are%20gay%20/%20clit%20%20%20%20%20%C2%A311.42%20open%20box HTTP/1.1" 200 4060 "-" "Mozilla/5.0 (compatible; MJ12bot/v1.4.8; http://mj12bot.com/)" "site.gwheellift.com"
135.181.213.219 - - [19/Sep/2022:03:22:55 -0700] "GET /tmp/%3C?%3E HTTP/1.1" 403 170 "-" "Mozilla/5.0 (compatible; MJ12bot/v1.4.8; http://mj12bot.com/)" "site.gwheellift.com"
135.181.213.219 - - [19/Sep/2022:03:22:56 -0700] "GET /tmp//%22%22.$item[1].%22/%22 HTTP/1.1" 403 170 "-" "Mozilla/5.0 (compatible; MJ12bot/v1.4.8; http://mj12bot.com/)" "site.gwheellift.com"
135.181.213.219 - - [19/Sep/2022:03:22:58 -0700] "GET /tmp//%22ftp://%22.$login.%22:%22.$pass.%22@%22.$host.%22/%22 HTTP/1.1" 403 170 "-" "Mozilla/5.0 (compatible; MJ12bot/v1.4.8; http://mj12bot.com/)" "site.gwheellift.com"
135.181.213.219 - - [19/Sep/2022:03:23:00 -0700] "GET /tmp//%22http://securityprobe.net/%22 HTTP/1.1" 403 170 "-" "Mozilla/5.0 (compatible; MJ12bot/v1.4.8; http://mj12bot.com/)" "site.gwheellift.com"
45.59.66.130 - - [19/Sep/2022:03:30:42 -0700] "GET /blog/wp-trackback.php?p=12 HTTP/1.1" 200 98 "-" "Mozilla/5.0 (Windows NT 6.1; Trident/7.0; rv:11.0) like Gecko" "site.gwheellift.com"
45.59.66.130 - - [19/Sep/2022:03:30:43 -0700] "POST /blog/wp-trackback.php/trackback/ HTTP/1.1" 200 98 "http://site.gwheellift.com/blog/wp-trackback.php?p=12" "Mozilla/5.0 (Windows NT 6.1; Trident/7.0; rv:11.0) like Gecko" "site.gwheellift.com"
45.59.66.130 - - [19/Sep/2022:03:52:57 -0700] "GET /blog/wp-trackback.php?p=12 HTTP/1.1" 200 98 "-" "Mozilla/5.0 (Windows NT 6.1; Trident/7.0; rv:11.0) like Gecko" "site.gwheellift.com"
45.59.66.130 - - [19/Sep/2022:03:52:59 -0700] "POST /blog/wp-trackback.php/trackback/ HTTP/1.1" 200 98 "http://site.gwheellift.com/blog/wp-trackback.php?p=12" "Mozilla/5.0 (Windows NT 6.1; Trident/7.0; rv:11.0) like Gecko" "site.gwheellift.com"
45.59.66.130 - - [19/Sep/2022:04:13:52 -0700] "GET /blog/wp-trackback.php?p=12 HTTP/1.1" 200 98 "-" "Mozilla/5.0 (Windows NT 6.1; Trident/7.0; rv:11.0) like Gecko" "site.gwheellift.com"
45.59.66.130 - - [19/Sep/2022:04:13:53 -0700] "POST /blog/wp-trackback.php/trackback/ HTTP/1.1" 200 98 "http://site.gwheellift.com/blog/wp-trackback.php?p=12" "Mozilla/5.0 (Windows NT 6.1; Trident/7.0; rv:11.0) like Gecko" "site.gwheellift.com"
45.59.66.130 - - [19/Sep/2022:04:23:23 -0700] "GET /blog/?p=12 HTTP/1.1" 200 12097 "-" "Mozilla/5.0 (Windows NT 6.1; Trident/7.0; rv:11.0) like Gecko" "site.gwheellift.com"
45.59.66.130 - - [19/Sep/2022:04:23:25 -0700] "POST /blog/wp-trackback.php?p=12 HTTP/1.1" 200 98 "http://site.gwheellift.com/blog/?p=12" "Mozilla/5.0 (Windows NT 6.1; Trident/7.0; rv:11.0) like Gecko" "site.gwheellift.com"
45.59.66.130 - - [19/Sep/2022:04:52:00 -0700] "GET /blog/?p=17 HTTP/1.1" 200 5523 "-" "Mozilla/5.0 (Windows NT 6.1; Trident/7.0; rv:11.0) like Gecko" "site.gwheellift.com"
45.59.66.130 - - [19/Sep/2022:04:52:02 -0700] "POST /blog/wp-trackback.php?p=17 HTTP/1.1" 200 98 "http://site.gwheellift.com/blog/?p=17" "Mozilla/5.0 (Windows NT 6.1; Trident/7.0; rv:11.0) like Gecko" "site.gwheellift.com"
45.59.66.130 - - [19/Sep/2022:05:27:59 -0700] "GET /blog/?p=12 HTTP/1.1" 200 12097 "-" "Mozilla/5.0 (Windows NT 6.1; Trident/7.0; rv:11.0) like Gecko" "site.gwheellift.com"
45.59.66.130 - - [19/Sep/2022:05:28:00 -0700] "POST /blog/wp-trackback.php?p=12 HTTP/1.1" 200 98 "http://site.gwheellift.com/blog/?p=12" "Mozilla/5.0 (Windows NT 6.1; Trident/7.0; rv:11.0) like Gecko" "site.gwheellift.com"
78.180.110.98 - - [19/Sep/2022:06:04:34 -0700] "GET /blog/?p=17 HTTP/1.1" 200 5523 "http://site.gwheellift.com/" "Mozilla/5.0 (Macintosh; Intel Mac OS X 12_5) AppleWebKit/537.36 (KHTML, like Gecko) Chrome/103.0.0.0 YaBrowser/22.7.0 Yowser/2.5 Safari/537.36" "site.gwheellift.com"
78.180.110.98 - - [19/Sep/2022:06:04:39 -0700] "GET /wp-login.php?action=register HTTP/1.1" 404 88 "http://site.gwheellift.com/" "Mozilla/5.0 (Windows NT 6.3; Win64; x64) AppleWebKit/537.36 (KHTML, like Gecko) Chrome/103.0.0.0 Safari/537.36" "site.gwheellift.com"
78.180.110.98 - - [19/Sep/2022:06:04:40 -0700] "GET /wp-login.php?action=register HTTP/1.1" 404 88 "http://site.gwheellift.com/wp-login.php?action=register" "Mozilla/5.0 (Windows NT 6.3; Win64; x64) AppleWebKit/537.36 (KHTML, like Gecko) Chrome/103.0.0.0 Safari/537.36" "site.gwheellift.com"
78.180.110.98 - - [19/Sep/2022:06:04:40 -0700] "GET /blog/?p=17 HTTP/1.1" 200 5523 "http://site.gwheellift.com/" "PHP/{5|6|7}.{3|2}.{1|2|3|4|5|6|7|8|9|0}{1|2|3|4|5|6|7|8|9|0}" "site.gwheellift.com"
78.180.110.98 - - [19/Sep/2022:06:04:41 -0700] "POST /blog/xmlrpc.php HTTP/1.1" 200 42 "http://site.gwheellift.com/" "PHP/5.3.26" "site.gwheellift.com"
78.180.110.98 - - [19/Sep/2022:06:04:42 -0700] "GET /blog/?p=17 HTTP/1.1" 200 5523 "-" "PHP/5.3.26" "site.gwheellift.com"
91.207.114.22 - - [19/Sep/2022:06:21:40 -0700] "HEAD /blog/%20%20%20%20%20%20%20%20%20%20%20%20%20%20%20%20%20%20%20%20%20%20%20%20%20%20%20%20%20%20%20%20%20%20%20%20%20%20%20%20%20%20%20%20%20%20%20%20%20Result:%20%20%20%20%20 HTTP/1.1" 404 - "-" "Mozilla/5.0 (Windows NT 10.0; Win64; x64) AppleWebKit/537.36 (KHTML, like Gecko) Chrome/74.0.3729.169 Safari/537.36" "site.gwheellift.com"
45.59.66.130 - - [19/Sep/2022:06:40:33 -0700] "GET /blog/wp-trackback.php?p=12 HTTP/1.1" 200 98 "-" "Mozilla/5.0 (Windows NT 6.1; Trident/7.0; rv:11.0) like Gecko" "site.gwheellift.com"
45.59.66.130 - - [19/Sep/2022:06:40:34 -0700] "POST /blog/wp-trackback.php/trackback/ HTTP/1.1" 200 98 "http://site.gwheellift.com/blog/wp-trackback.php?p=12" "Mozilla/5.0 (Windows NT 6.1; Trident/7.0; rv:11.0) like Gecko" "site.gwheellift.com"
45.59.66.130 - - [19/Sep/2022:06:40:44 -0700] "GET /blog/wp-trackback.php?p=12 HTTP/1.1" 200 98 "-" "Mozilla/5.0 (Windows NT 6.1; Trident/7.0; rv:11.0) like Gecko" "site.gwheellift.com"
45.59.66.130 - - [19/Sep/2022:06:40:44 -0700] "POST /blog/wp-trackback.php/trackback/ HTTP/1.1" 200 98 "http://site.gwheellift.com/blog/wp-trackback.php?p=12" "Mozilla/5.0 (Windows NT 6.1; Trident/7.0; rv:11.0) like Gecko" "site.gwheellift.com"
45.59.66.130 - - [19/Sep/2022:06:40:45 -0700] "GET /blog/wp-trackback.php?p=12 HTTP/1.1" 200 98 "-" "Mozilla/5.0 (Windows NT 6.1; Trident/7.0; rv:11.0) like Gecko" "site.gwheellift.com"
49.7.21.113 - - [19/Sep/2022:06:47:47 -0700] "GET / HTTP/1.1" 200 370 "-" "Sogou web spider/4.0(+http://www.sogou.com/docs/help/webmasters.htm#07)" "site.gwheellift.com"
45.59.66.130 - - [19/Sep/2022:06:51:17 -0700] "GET /blog/?p=12 HTTP/1.1" 200 12097 "-" "Mozilla/5.0 (Windows NT 6.1; Trident/7.0; rv:11.0) like Gecko" "site.gwheellift.com"
45.59.66.130 - - [19/Sep/2022:06:51:19 -0700] "POST /blog/wp-trackback.php?p=12 HTTP/1.1" 200 98 "http://site.gwheellift.com/blog/?p=12" "Mozilla/5.0 (Windows NT 6.1; Trident/7.0; rv:11.0) like Gecko" "site.gwheellift.com"
45.59.66.130 - - [19/Sep/2022:07:10:00 -0700] "GET /blog/?p=12 HTTP/1.1" 200 12097 "-" "Mozilla/5.0 (Windows NT 6.1; Trident/7.0; rv:11.0) like Gecko" "site.gwheellift.com"
45.59.66.130 - - [19/Sep/2022:07:10:02 -0700] "POST /blog/wp-trackback.php?p=12 HTTP/1.1" 200 98 "http://site.gwheellift.com/blog/?p=12" "Mozilla/5.0 (Windows NT 6.1; Trident/7.0; rv:11.0) like Gecko" "site.gwheellift.com"
45.59.66.130 - - [19/Sep/2022:07:12:34 -0700] "GET /blog/?p=12 HTTP/1.1" 200 12097 "-" "Mozilla/5.0 (Windows NT 6.1; Trident/7.0; rv:11.0) like Gecko" "site.gwheellift.com"
45.59.66.130 - - [19/Sep/2022:07:12:35 -0700] "POST /blog/wp-trackback.php?p=12 HTTP/1.1" 200 98 "http://site.gwheellift.com/blog/?p=12" "Mozilla/5.0 (Windows NT 6.1; Trident/7.0; rv:11.0) like Gecko" "site.gwheellift.com"
45.59.66.130 - - [19/Sep/2022:08:15:44 -0700] "GET /blog/?p=17 HTTP/1.1" 200 5523 "-" "Mozilla/5.0 (Windows NT 6.1; Trident/7.0; rv:11.0) like Gecko" "site.gwheellift.com"
45.59.66.130 - - [19/Sep/2022:08:15:46 -0700] "POST /blog/wp-trackback.php?p=17 HTTP/1.1" 200 98 "http://site.gwheellift.com/blog/?p=17" "Mozilla/5.0 (Windows NT 6.1; Trident/7.0; rv:11.0) like Gecko" "site.gwheellift.com"
91.207.114.22 - - [19/Sep/2022:08:44:28 -0700] "HEAD /blog/%20%20%20%20%20%20%20%20%20%20%20%20%20%20%20%20%20%20%20%20%20%20%20%20%20%20%20%20%20%20%20%20%20%20%20%20%20%20%20%20%20%20%20%20%20%20%20%20%20Result:%20%20%20%20%20 HTTP/1.1" 404 - "-" "Mozilla/5.0 (Windows NT 10.0; Win64; x64) AppleWebKit/537.36 (KHTML, like Gecko) Chrome/74.0.3729.169 Safari/537.36" "site.gwheellift.com"
185.191.171.18 - - [19/Sep/2022:08:47:37 -0700] "GET /robots.txt HTTP/1.1" 404 88 "-" "Mozilla/5.0 (compatible; SemrushBot/7~bl; +http://www.semrush.com/bot.html)" "site.gwheellift.com"
185.191.171.40 - - [19/Sep/2022:08:47:37 -0700] "GET /blog/wp-login.php?action=lostpassword HTTP/1.1" 200 1806 "-" "Mozilla/5.0 (compatible; SemrushBot/7~bl; +http://www.semrush.com/bot.html)" "site.gwheellift.com"
45.59.66.130 - - [19/Sep/2022:08:59:00 -0700] "GET /blog/?p=17 HTTP/1.1" 200 5523 "-" "Mozilla/5.0 (Windows NT 6.1; Trident/7.0; rv:11.0) like Gecko" "site.gwheellift.com"
45.59.66.130 - - [19/Sep/2022:08:59:02 -0700] "POST /blog/wp-trackback.php?p=17 HTTP/1.1" 200 98 "http://site.gwheellift.com/blog/?p=17" "Mozilla/5.0 (Windows NT 6.1; Trident/7.0; rv:11.0) like Gecko" "site.gwheellift.com"
45.59.66.130 - - [19/Sep/2022:09:02:42 -0700] "GET /blog/?p=17 HTTP/1.1" 200 5523 "-" "Mozilla/5.0 (Windows NT 6.1; Trident/7.0; rv:11.0) like Gecko" "site.gwheellift.com"
45.59.66.130 - - [19/Sep/2022:09:02:43 -0700] "POST /blog/wp-trackback.php?p=17 HTTP/1.1" 200 98 "http://site.gwheellift.com/blog/?p=17" "Mozilla/5.0 (Windows NT 6.1; Trident/7.0; rv:11.0) like Gecko" "site.gwheellift.com"
122.252.230.117 - - [19/Sep/2022:09:19:57 -0700] "GET /blog/wp-login.php?action=lostpassword HTTP/1.1" 200 1806 "http://site.gwheellift.com/" "Mozilla/5.0 (Windows NT 10.0; Win64; x64) AppleWebKit/537.36 (KHTML, like Gecko) Chrome/103.0.0.0 YaBrowser/22.7.0 Yowser/2.5 Safari/537.36" "site.gwheellift.com"
122.252.230.117 - - [19/Sep/2022:09:19:59 -0700] "GET /blog/wp-login.php HTTP/1.1" 200 1890 "http://site.gwheellift.com/" "Mozilla/5.0 (Windows NT 6.3; Win64; x64) AppleWebKit/537.36 (KHTML, like Gecko) Chrome/103.0.0.0 Safari/537.36" "site.gwheellift.com"
122.252.230.117 - - [19/Sep/2022:09:20:01 -0700] "GET /blog/wp-login.php?action=lostpassword HTTP/1.1" 200 1806 "http://site.gwheellift.com/blog/wp-login.php" "Mozilla/5.0 (Windows NT 6.3; Win64; x64) AppleWebKit/537.36 (KHTML, like Gecko) Chrome/103.0.0.0 Safari/537.36" "site.gwheellift.com"
122.252.230.117 - - [19/Sep/2022:09:20:08 -0700] "POST /blog/wp-login.php?action=lostpassword HTTP/1.1" 200 1944 "http://site.gwheellift.com/blog/wp-login.php?action=lostpassword" "Mozilla/5.0 (Windows NT 6.3; Win64; x64) AppleWebKit/537.36 (KHTML, like Gecko) Chrome/103.0.0.0 Safari/537.36" "site.gwheellift.com"
45.59.66.130 - - [19/Sep/2022:09:23:55 -0700] "GET /blog/wp-trackback.php?p=12 HTTP/1.1" 200 98 "-" "Mozilla/5.0 (Windows NT 6.1; Trident/7.0; rv:11.0) like Gecko" "site.gwheellift.com"
45.59.66.130 - - [19/Sep/2022:09:23:56 -0700] "POST /blog/wp-trackback.php/trackback/ HTTP/1.1" 200 98 "http://site.gwheellift.com/blog/wp-trackback.php?p=12" "Mozilla/5.0 (Windows NT 6.1; Trident/7.0; rv:11.0) like Gecko" "site.gwheellift.com"
45.59.66.130 - - [19/Sep/2022:09:42:23 -0700] "GET /blog/?p=17 HTTP/1.1" 200 5523 "-" "Mozilla/5.0 (Windows NT 6.1; Trident/7.0; rv:11.0) like Gecko" "site.gwheellift.com"
45.59.66.130 - - [19/Sep/2022:09:42:24 -0700] "POST /blog/wp-trackback.php?p=17 HTTP/1.1" 200 98 "http://site.gwheellift.com/blog/?p=17" "Mozilla/5.0 (Windows NT 6.1; Trident/7.0; rv:11.0) like Gecko" "site.gwheellift.com"
45.59.66.130 - - [19/Sep/2022:09:47:32 -0700] "GET /blog/wp-trackback.php?p=12 HTTP/1.1" 200 98 "-" "Mozilla/5.0 (Windows NT 6.1; Trident/7.0; rv:11.0) like Gecko" "site.gwheellift.com"
45.59.66.130 - - [19/Sep/2022:09:47:33 -0700] "POST /blog/wp-trackback.php/trackback/ HTTP/1.1" 200 98 "http://site.gwheellift.com/blog/wp-trackback.php?p=12" "Mozilla/5.0 (Windows NT 6.1; Trident/7.0; rv:11.0) like Gecko" "site.gwheellift.com"
91.207.114.22 - - [19/Sep/2022:09:53:35 -0700] "HEAD /blog/%20%20%20%20%20%20%20%20%20%20%20%20%20%20%20%20%20%20%20%20%20%20%20%20%20%20%20%20%20%20%20%20%20%20%20%20%20%20%20%20%20%20%20%20%20%20%20%20%20Result:%20%20%20%20%20 HTTP/1.1" 404 - "-" "Mozilla/5.0 (Windows NT 10.0; Win64; x64) AppleWebKit/537.36 (KHTML, like Gecko) Chrome/74.0.3729.169 Safari/537.36" "site.gwheellift.com"
3.80.166.98 - - [19/Sep/2022:09:57:50 -0700] "GET /blog/?feed=rss HTTP/1.1" 304 - "https://www.google.com/" "Mozilla/5.0 (Macintosh; Intel Mac OS X 10_15_2) AppleWebKit/537.36 (KHTML, like Gecko) Chrome/80.0.3987.122 Safari/537.36" "site.gwheellift.com"
45.59.66.130 - - [19/Sep/2022:10:00:00 -0700] "GET /blog/?p=17 HTTP/1.1" 200 5523 "-" "Mozilla/5.0 (Windows NT 6.1; Trident/7.0; rv:11.0) like Gecko" "site.gwheellift.com"
45.59.66.130 - - [19/Sep/2022:10:00:01 -0700] "POST /blog/wp-trackback.php?p=17 HTTP/1.1" 200 98 "http://site.gwheellift.com/blog/?p=17" "Mozilla/5.0 (Windows NT 6.1; Trident/7.0; rv:11.0) like Gecko" "site.gwheellift.com"
45.59.66.130 - - [19/Sep/2022:10:00:02 -0700] "GET /blog/?p=17 HTTP/1.1" 200 5523 "-" "Mozilla/5.0 (Windows NT 6.1; Trident/7.0; rv:11.0) like Gecko" "site.gwheellift.com"
45.59.66.130 - - [19/Sep/2022:10:10:00 -0700] "GET /blog/?p=12 HTTP/1.1" 200 12097 "-" "Mozilla/5.0 (Windows NT 6.1; Trident/7.0; rv:11.0) like Gecko" "site.gwheellift.com"
45.59.66.130 - - [19/Sep/2022:10:10:01 -0700] "POST /blog/wp-trackback.php?p=12 HTTP/1.1" 200 98 "http://site.gwheellift.com/blog/?p=12" "Mozilla/5.0 (Windows NT 6.1; Trident/7.0; rv:11.0) like Gecko" "site.gwheellift.com"
45.59.66.130 - - [19/Sep/2022:10:16:02 -0700] "GET /blog/?p=12 HTTP/1.1" 200 12097 "-" "Mozilla/5.0 (Windows NT 6.1; Trident/7.0; rv:11.0) like Gecko" "site.gwheellift.com"
45.59.66.130 - - [19/Sep/2022:10:16:04 -0700] "POST /blog/wp-trackback.php?p=12 HTTP/1.1" 200 98 "http://site.gwheellift.com/blog/?p=12" "Mozilla/5.0 (Windows NT 6.1; Trident/7.0; rv:11.0) like Gecko" "site.gwheellift.com"
45.59.66.130 - - [19/Sep/2022:10:16:04 -0700] "GET /blog/?p=12 HTTP/1.1" 200 12097 "-" "Mozilla/5.0 (Windows NT 6.1; Trident/7.0; rv:11.0) like Gecko" "site.gwheellift.com"
45.59.66.130 - - [19/Sep/2022:10:24:52 -0700] "GET /blog/?p=17 HTTP/1.1" 200 5523 "-" "Mozilla/5.0 (Windows NT 6.1; Trident/7.0; rv:11.0) like Gecko" "site.gwheellift.com"
45.59.66.130 - - [19/Sep/2022:10:24:54 -0700] "POST /blog/wp-trackback.php?p=17 HTTP/1.1" 200 98 "http://site.gwheellift.com/blog/?p=17" "Mozilla/5.0 (Windows NT 6.1; Trident/7.0; rv:11.0) like Gecko" "site.gwheellift.com"
179.42.142.0 - - [19/Sep/2022:10:29:32 -0700] "GET /blog/wp-login.php?action=lostpassword HTTP/1.1" 200 1806 "http://site.gwheellift.com/" "Mozilla/5.0 (X11; Fedora; Linux x86_64; rv:102.0) Gecko/20100101 Firefox/102.0" "site.gwheellift.com"
179.42.142.0 - - [19/Sep/2022:10:29:51 -0700] "GET /blog/wp-login.php HTTP/1.1" 200 1890 "http://site.gwheellift.com/" "Mozilla/5.0 (Windows NT 6.3; Win64; x64) AppleWebKit/537.36 (KHTML, like Gecko) Chrome/103.0.0.0 Safari/537.36" "site.gwheellift.com"
179.42.142.0 - - [19/Sep/2022:10:29:57 -0700] "GET /blog/wp-login.php?action=lostpassword HTTP/1.1" 200 1806 "http://site.gwheellift.com/blog/wp-login.php" "Mozilla/5.0 (Windows NT 6.3; Win64; x64) AppleWebKit/537.36 (KHTML, like Gecko) Chrome/103.0.0.0 Safari/537.36" "site.gwheellift.com"
45.59.66.130 - - [19/Sep/2022:10:49:01 -0700] "GET /blog/wp-trackback.php?p=12 HTTP/1.1" 200 98 "-" "Mozilla/5.0 (Windows NT 6.1; Trident/7.0; rv:11.0) like Gecko" "site.gwheellift.com"
45.59.66.130 - - [19/Sep/2022:10:49:02 -0700] "POST /blog/wp-trackback.php/trackback/ HTTP/1.1" 200 98 "http://site.gwheellift.com/blog/wp-trackback.php?p=12" "Mozilla/5.0 (Windows NT 6.1; Trident/7.0; rv:11.0) like Gecko" "site.gwheellift.com"
122.252.230.117 - - [19/Sep/2022:10:50:43 -0700] "GET /blog/wp-login.php?action=lostpassword HTTP/1.1" 200 1806 "http://site.gwheellift.com/" "Mozilla/5.0 (Windows NT 10.0; Win64; x64) AppleWebKit/537.36 (KHTML, like Gecko) Chrome/103.0.0.0 YaBrowser/22.7.0 Yowser/2.5 Safari/537.36" "site.gwheellift.com"
122.252.230.117 - - [19/Sep/2022:10:50:49 -0700] "GET /blog/wp-login.php HTTP/1.1" 200 1890 "http://site.gwheellift.com/" "Mozilla/5.0 (Windows NT 6.3; Win64; x64) AppleWebKit/537.36 (KHTML, like Gecko) Chrome/103.0.0.0 Safari/537.36" "site.gwheellift.com"
122.252.230.117 - - [19/Sep/2022:10:50:51 -0700] "GET /blog/wp-login.php HTTP/1.1" 200 1890 "http://site.gwheellift.com/blog/wp-login.php" "Mozilla/5.0 (Windows NT 6.3; Win64; x64) AppleWebKit/537.36 (KHTML, like Gecko) Chrome/103.0.0.0 Safari/537.36" "site.gwheellift.com"
122.252.230.117 - - [19/Sep/2022:10:50:54 -0700] "POST /blog/wp-login.php HTTP/1.1" 200 2026 "http://site.gwheellift.com/blog/wp-login.php" "Mozilla/5.0 (Windows NT 6.3; Win64; x64) AppleWebKit/537.36 (KHTML, like Gecko) Chrome/103.0.0.0 Safari/537.36" "site.gwheellift.com"
183.67.20.135 - - [19/Sep/2022:10:59:58 -0700] "GET / HTTP/1.1" 200 370 "-" "Mozilla/5.0 (Windows NT 10.0; Win64; x64) AppleWebKit/537.36 (KHTML, like Gecko) Chrome/74.0.3729.157 Safari/537.36" "site.gwheellift.com"
118.184.177.57 - - [19/Sep/2022:11:09:27 -0700] "GET /robots.txt HTTP/1.1" 404 88 "-" "Sogou web spider/4.0(+http://www.sogou.com/docs/help/webmasters.htm#07)" "site.gwheellift.com"
207.46.13.131 - - [19/Sep/2022:11:14:03 -0700] "GET /blog/wp-content/uploads/leg-deficiency-photo.jpg HTTP/1.1" 200 51318 "-" "Mozilla/5.0 (compatible; bingbot/2.0; +http://www.bing.com/bingbot.htm)" "site.gwheellift.com"
45.59.66.130 - - [19/Sep/2022:11:20:43 -0700] "GET /blog/wp-trackback.php?p=12 HTTP/1.1" 200 98 "-" "Mozilla/5.0 (Windows NT 6.1; Trident/7.0; rv:11.0) like Gecko" "site.gwheellift.com"
45.59.66.130 - - [19/Sep/2022:11:20:44 -0700] "POST /blog/wp-trackback.php/trackback/ HTTP/1.1" 200 98 "http://site.gwheellift.com/blog/wp-trackback.php?p=12" "Mozilla/5.0 (Windows NT 6.1; Trident/7.0; rv:11.0) like Gecko" "site.gwheellift.com"
45.59.66.130 - - [19/Sep/2022:11:43:06 -0700] "GET /blog/wp-trackback.php?p=12 HTTP/1.1" 200 98 "-" "Mozilla/5.0 (Windows NT 6.1; Trident/7.0; rv:11.0) like Gecko" "site.gwheellift.com"
45.59.66.130 - - [19/Sep/2022:11:43:07 -0700] "POST /blog/wp-trackback.php/trackback/ HTTP/1.1" 200 98 "http://site.gwheellift.com/blog/wp-trackback.php?p=12" "Mozilla/5.0 (Windows NT 6.1; Trident/7.0; rv:11.0) like Gecko" "site.gwheellift.com"
45.59.66.130 - - [19/Sep/2022:11:56:31 -0700] "GET /blog/?p=17 HTTP/1.1" 200 5523 "-" "Mozilla/5.0 (Windows NT 6.1; Trident/7.0; rv:11.0) like Gecko" "site.gwheellift.com"
45.59.66.130 - - [19/Sep/2022:11:56:33 -0700] "POST /blog/wp-trackback.php?p=17 HTTP/1.1" 200 98 "http://site.gwheellift.com/blog/?p=17" "Mozilla/5.0 (Windows NT 6.1; Trident/7.0; rv:11.0) like Gecko" "site.gwheellift.com"
45.59.66.130 - - [19/Sep/2022:12:08:39 -0700] "GET /blog/?p=12 HTTP/1.1" 200 12097 "-" "Mozilla/5.0 (Windows NT 6.1; Trident/7.0; rv:11.0) like Gecko" "site.gwheellift.com"
45.59.66.130 - - [19/Sep/2022:12:08:40 -0700] "POST /blog/wp-trackback.php?p=12 HTTP/1.1" 200 98 "http://site.gwheellift.com/blog/?p=12" "Mozilla/5.0 (Windows NT 6.1; Trident/7.0; rv:11.0) like Gecko" "site.gwheellift.com"
66.249.79.36 - - [19/Sep/2022:12:13:21 -0700] "GET /robots.txt HTTP/1.1" 404 88 "-" "Mozilla/5.0 (compatible; Googlebot/2.1; +http://www.google.com/bot.html)" "site.gwheellift.com"
66.249.79.59 - - [19/Sep/2022:12:17:10 -0700] "GET /ads.txt HTTP/1.1" 404 88 "-" "Mozilla/5.0 (compatible; Googlebot/2.1; +http://www.google.com/bot.html)" "site.gwheellift.com"
45.59.66.130 - - [19/Sep/2022:12:50:41 -0700] "GET /blog/?p=12 HTTP/1.1" 200 12097 "-" "Mozilla/5.0 (Windows NT 6.1; Trident/7.0; rv:11.0) like Gecko" "site.gwheellift.com"
45.59.66.130 - - [19/Sep/2022:12:50:42 -0700] "POST /blog/wp-trackback.php?p=12 HTTP/1.1" 200 98 "http://site.gwheellift.com/blog/?p=12" "Mozilla/5.0 (Windows NT 6.1; Trident/7.0; rv:11.0) like Gecko" "site.gwheellift.com"
45.80.105.183 - - [19/Sep/2022:13:04:53 -0700] "GET /blog/?p=17 HTTP/1.1" 200 5523 "http://site.gwheellift.com/" "Mozilla/5.0 (X11; Linux i686) AppleWebKit/537.36 (KHTML, like Gecko) Chrome/103.0.0.0 Safari/537.36 Vivaldi/5.3.2679.68" "site.gwheellift.com"
45.80.105.183 - - [19/Sep/2022:13:05:00 -0700] "GET /wp-login.php?action=register HTTP/1.1" 404 88 "http://site.gwheellift.com/" "Mozilla/5.0 (Windows NT 6.3; Win64; x64) AppleWebKit/537.36 (KHTML, like Gecko) Chrome/103.0.0.0 Safari/537.36" "site.gwheellift.com"
45.80.105.183 - - [19/Sep/2022:13:05:01 -0700] "GET /wp-login.php?action=register HTTP/1.1" 404 88 "http://site.gwheellift.com/wp-login.php?action=register" "Mozilla/5.0 (Windows NT 6.3; Win64; x64) AppleWebKit/537.36 (KHTML, like Gecko) Chrome/103.0.0.0 Safari/537.36" "site.gwheellift.com"
45.80.105.183 - - [19/Sep/2022:13:05:01 -0700] "GET /blog/?p=17 HTTP/1.1" 200 5523 "http://site.gwheellift.com/" "PHP/{5|6|7}.{3|2}.{1|2|3|4|5|6|7|8|9|0}{1|2|3|4|5|6|7|8|9|0}" "site.gwheellift.com"
45.80.105.183 - - [19/Sep/2022:13:05:02 -0700] "POST /blog/xmlrpc.php HTTP/1.1" 200 42 "http://site.gwheellift.com/" "PHP/6.2.08" "site.gwheellift.com"
45.80.105.183 - - [19/Sep/2022:13:05:03 -0700] "GET /blog/?p=17 HTTP/1.1" 200 5523 "-" "PHP/6.2.08" "site.gwheellift.com"
45.80.105.183 - - [19/Sep/2022:13:09:29 -0700] "GET /blog/?p=17 HTTP/1.1" 200 5523 "-" "Mozilla/5.0 (Windows NT 10.0; Win64; x64) AppleWebKit/537.36 (KHTML, like Gecko) Chrome/103.0.0.0 YaBrowser/22.7.0 Yowser/2.5 Safari/537.36" "site.gwheellift.com"
107.20.16.94 - - [19/Sep/2022:13:56:15 -0700] "GET /blog/?feed=atom HTTP/1.1" 304 - "https://www.google.com/" "Mozilla/5.0 (Windows NT 10.0; Win64; x64; rv:72.0) Gecko/20100101 Firefox/72.0" "site.gwheellift.com"
45.59.66.130 - - [19/Sep/2022:13:58:41 -0700] "GET /blog/?p=12 HTTP/1.1" 200 12097 "-" "Mozilla/5.0 (Windows NT 6.1; Trident/7.0; rv:11.0) like Gecko" "site.gwheellift.com"
45.59.66.130 - - [19/Sep/2022:13:58:43 -0700] "POST /blog/wp-trackback.php?p=12 HTTP/1.1" 200 98 "http://site.gwheellift.com/blog/?p=12" "Mozilla/5.0 (Windows NT 6.1; Trident/7.0; rv:11.0) like Gecko" "site.gwheellift.com"
45.59.66.130 - - [19/Sep/2022:14:33:15 -0700] "GET /blog/wp-trackback.php?p=12 HTTP/1.1" 200 98 "-" "Mozilla/5.0 (Windows NT 6.1; Trident/7.0; rv:11.0) like Gecko" "site.gwheellift.com"
45.59.66.130 - - [19/Sep/2022:14:33:17 -0700] "POST /blog/wp-trackback.php/trackback/ HTTP/1.1" 200 98 "http://site.gwheellift.com/blog/wp-trackback.php?p=12" "Mozilla/5.0 (Windows NT 6.1; Trident/7.0; rv:11.0) like Gecko" "site.gwheellift.com"
45.59.66.130 - - [19/Sep/2022:14:46:25 -0700] "GET /blog/?p=12 HTTP/1.1" 200 12097 "-" "Mozilla/5.0 (Windows NT 6.1; Trident/7.0; rv:11.0) like Gecko" "site.gwheellift.com"
45.59.66.130 - - [19/Sep/2022:14:46:27 -0700] "POST /blog/wp-trackback.php?p=12 HTTP/1.1" 200 98 "http://site.gwheellift.com/blog/?p=12" "Mozilla/5.0 (Windows NT 6.1; Trident/7.0; rv:11.0) like Gecko" "site.gwheellift.com"
45.59.66.130 - - [19/Sep/2022:14:49:57 -0700] "GET /blog/?p=12 HTTP/1.1" 200 12097 "-" "Mozilla/5.0 (Windows NT 6.1; Trident/7.0; rv:11.0) like Gecko" "site.gwheellift.com"
45.59.66.130 - - [19/Sep/2022:14:49:58 -0700] "POST /blog/wp-trackback.php?p=12 HTTP/1.1" 200 98 "http://site.gwheellift.com/blog/?p=12" "Mozilla/5.0 (Windows NT 6.1; Trident/7.0; rv:11.0) like Gecko" "site.gwheellift.com"
45.59.66.130 - - [19/Sep/2022:15:17:39 -0700] "GET /blog/wp-trackback.php?p=12 HTTP/1.1" 200 98 "-" "Mozilla/5.0 (Windows NT 6.1; Trident/7.0; rv:11.0) like Gecko" "site.gwheellift.com"
45.59.66.130 - - [19/Sep/2022:15:17:40 -0700] "POST /blog/wp-trackback.php/trackback/ HTTP/1.1" 200 98 "http://site.gwheellift.com/blog/wp-trackback.php?p=12" "Mozilla/5.0 (Windows NT 6.1; Trident/7.0; rv:11.0) like Gecko" "site.gwheellift.com"
45.59.66.130 - - [19/Sep/2022:15:17:41 -0700] "GET /blog/wp-trackback.php?p=12 HTTP/1.1" 200 98 "-" "Mozilla/5.0 (Windows NT 6.1; Trident/7.0; rv:11.0) like Gecko" "site.gwheellift.com"
91.207.114.22 - - [19/Sep/2022:15:46:50 -0700] "HEAD /blog/%20%20%20%20%20%20%20%20%20%20%20%20%20%20%20%20%20%20%20%20%20%20%20%20%20%20%20%20%20%20%20%20%20%20%20%20%20%20%20%20%20%20%20%20%20%20%20%20%20Result:%20%20%20%20%20 HTTP/1.1" 404 - "-" "Mozilla/5.0 (Windows NT 10.0; Win64; x64) AppleWebKit/537.36 (KHTML, like Gecko) Chrome/74.0.3729.169 Safari/537.36" "site.gwheellift.com"
45.59.66.130 - - [19/Sep/2022:16:11:41 -0700] "GET /blog/?p=17 HTTP/1.1" 200 5523 "-" "Mozilla/5.0 (Windows NT 6.1; Trident/7.0; rv:11.0) like Gecko" "site.gwheellift.com"
45.59.66.130 - - [19/Sep/2022:16:11:44 -0700] "POST /blog/wp-trackback.php?p=17 HTTP/1.1" 200 98 "http://site.gwheellift.com/blog/?p=17" "Mozilla/5.0 (Windows NT 6.1; Trident/7.0; rv:11.0) like Gecko" "site.gwheellift.com"
45.59.66.130 - - [19/Sep/2022:16:31:05 -0700] "GET /blog/?p=17 HTTP/1.1" 200 5523 "-" "Mozilla/5.0 (Windows NT 6.1; Trident/7.0; rv:11.0) like Gecko" "site.gwheellift.com"
45.59.66.130 - - [19/Sep/2022:16:31:06 -0700] "POST /blog/wp-trackback.php?p=17 HTTP/1.1" 200 98 "http://site.gwheellift.com/blog/?p=17" "Mozilla/5.0 (Windows NT 6.1; Trident/7.0; rv:11.0) like Gecko" "site.gwheellift.com"
45.59.66.130 - - [19/Sep/2022:16:42:41 -0700] "GET /blog/?p=17 HTTP/1.1" 200 5523 "-" "Mozilla/5.0 (Windows NT 6.1; Trident/7.0; rv:11.0) like Gecko" "site.gwheellift.com"
45.59.66.130 - - [19/Sep/2022:16:42:42 -0700] "POST /blog/wp-trackback.php?p=17 HTTP/1.1" 200 98 "http://site.gwheellift.com/blog/?p=17" "Mozilla/5.0 (Windows NT 6.1; Trident/7.0; rv:11.0) like Gecko" "site.gwheellift.com"
45.59.66.130 - - [19/Sep/2022:16:54:39 -0700] "GET /blog/wp-trackback.php?p=12 HTTP/1.1" 200 98 "-" "Mozilla/5.0 (Windows NT 6.1; Trident/7.0; rv:11.0) like Gecko" "site.gwheellift.com"
45.59.66.130 - - [19/Sep/2022:16:54:40 -0700] "POST /blog/wp-trackback.php/trackback/ HTTP/1.1" 200 98 "http://site.gwheellift.com/blog/wp-trackback.php?p=12" "Mozilla/5.0 (Windows NT 6.1; Trident/7.0; rv:11.0) like Gecko" "site.gwheellift.com"
91.207.114.22 - - [19/Sep/2022:16:57:54 -0700] "HEAD /blog/%20%20%20%20%20%20%20%20%20%20%20%20%20%20%20%20%20%20%20%20%20%20%20%20%20%20%20%20%20%20%20%20%20%20%20%20%20%20%20%20%20%20%20%20%20%20%20%20%20Result:%20%20%20%20%20 HTTP/1.1" 404 - "-" "Mozilla/5.0 (Windows NT 10.0; Win64; x64) AppleWebKit/537.36 (KHTML, like Gecko) Chrome/74.0.3729.169 Safari/537.36" "site.gwheellift.com"
45.59.66.130 - - [19/Sep/2022:17:04:20 -0700] "GET /blog/wp-trackback.php?p=12 HTTP/1.1" 200 98 "-" "Mozilla/5.0 (Windows NT 6.1; Trident/7.0; rv:11.0) like Gecko" "site.gwheellift.com"
45.59.66.130 - - [19/Sep/2022:17:04:21 -0700] "POST /blog/wp-trackback.php/trackback/ HTTP/1.1" 200 98 "http://site.gwheellift.com/blog/wp-trackback.php?p=12" "Mozilla/5.0 (Windows NT 6.1; Trident/7.0; rv:11.0) like Gecko" "site.gwheellift.com"
91.207.114.22 - - [19/Sep/2022:17:05:03 -0700] "HEAD /blog/%20%20%20%20%20%20%20%20%20%20%20%20%20%20%20%20%20%20%20%20%20%20%20%20%20%20%20%20%20%20%20%20%20%20%20%20%20%20%20%20%20%20%20%20%20%20%20%20%20Result:%20%20%20%20%20 HTTP/1.1" 404 - "-" "Mozilla/5.0 (Windows NT 10.0; Win64; x64) AppleWebKit/537.36 (KHTML, like Gecko) Chrome/74.0.3729.169 Safari/537.36" "site.gwheellift.com"
45.59.66.130 - - [19/Sep/2022:17:15:37 -0700] "GET /blog/?p=17 HTTP/1.1" 200 5523 "-" "Mozilla/5.0 (Windows NT 6.1; Trident/7.0; rv:11.0) like Gecko" "site.gwheellift.com"
45.59.66.130 - - [19/Sep/2022:17:15:38 -0700] "POST /blog/wp-trackback.php?p=17 HTTP/1.1" 200 98 "http://site.gwheellift.com/blog/?p=17" "Mozilla/5.0 (Windows NT 6.1; Trident/7.0; rv:11.0) like Gecko" "site.gwheellift.com"
154.6.18.167 - - [19/Sep/2022:17:26:43 -0700] "GET /blog/ HTTP/1.1" 200 32072 "http://site.gwheellift.com/blog/" "Mozilla/5.0 (Windows NT 6.1; Win64; x64) AppleWebKit/537.36 (KHTML, like Gecko) Chrome/90.0.4430.72 Safari/537.36" "site.gwheellift.com"
88.99.27.170 - - [19/Sep/2022:17:32:03 -0700] "GET /blog/?p=17 HTTP/1.1" 200 5523 "http://site.gwheellift.com/" "Mozilla/5.0 (Windows NT 10.0; Win64; x64) AppleWebKit/537.36 (KHTML, like Gecko) Chrome/103.0.0.0 Safari/537.36 Vivaldi/5.3.2679.68" "site.gwheellift.com"
88.99.27.170 - - [19/Sep/2022:17:32:09 -0700] "GET /wp-login.php?action=register HTTP/1.1" 404 88 "http://site.gwheellift.com/" "Mozilla/5.0 (Windows NT 6.3; Win64; x64) AppleWebKit/537.36 (KHTML, like Gecko) Chrome/103.0.0.0 Safari/537.36" "site.gwheellift.com"
88.99.27.170 - - [19/Sep/2022:17:32:09 -0700] "GET /wp-login.php?action=register HTTP/1.1" 404 88 "http://site.gwheellift.com/wp-login.php?action=register" "Mozilla/5.0 (Windows NT 6.3; Win64; x64) AppleWebKit/537.36 (KHTML, like Gecko) Chrome/103.0.0.0 Safari/537.36" "site.gwheellift.com"
88.99.27.170 - - [19/Sep/2022:17:32:10 -0700] "GET /blog/?p=17 HTTP/1.1" 200 5523 "http://site.gwheellift.com/" "PHP/{5|6|7}.{3|2}.{1|2|3|4|5|6|7|8|9|0}{1|2|3|4|5|6|7|8|9|0}" "site.gwheellift.com"
88.99.27.170 - - [19/Sep/2022:17:32:10 -0700] "POST /blog/xmlrpc.php HTTP/1.1" 200 42 "http://site.gwheellift.com/" "PHP/7.3.11" "site.gwheellift.com"
88.99.27.170 - - [19/Sep/2022:17:32:11 -0700] "GET /blog/?p=17 HTTP/1.1" 200 5523 "-" "PHP/7.3.11" "site.gwheellift.com"
88.99.27.170 - - [19/Sep/2022:17:39:50 -0700] "GET /blog/?p=17 HTTP/1.1" 200 5523 "-" "Mozilla/5.0 (Windows NT 10.0; Win64; x64) AppleWebKit/537.36 (KHTML, like Gecko) Chrome/103.0.0.0 YaBrowser/22.7.0 Yowser/2.5 Safari/537.36" "site.gwheellift.com"
45.59.66.130 - - [19/Sep/2022:17:40:57 -0700] "GET /blog/?p=12 HTTP/1.1" 200 12097 "-" "Mozilla/5.0 (Windows NT 6.1; Trident/7.0; rv:11.0) like Gecko" "site.gwheellift.com"
45.59.66.130 - - [19/Sep/2022:17:40:58 -0700] "POST /blog/wp-trackback.php?p=12 HTTP/1.1" 200 98 "http://site.gwheellift.com/blog/?p=12" "Mozilla/5.0 (Windows NT 6.1; Trident/7.0; rv:11.0) like Gecko" "site.gwheellift.com"
141.98.6.191 - - [19/Sep/2022:17:44:40 -0700] "GET / HTTP/1.1" 200 370 "-" "python-requests/2.27.1" "site.gwheellift.com"
45.59.66.130 - - [19/Sep/2022:17:47:19 -0700] "GET /blog/?p=17 HTTP/1.1" 200 5523 "-" "Mozilla/5.0 (Windows NT 6.1; Trident/7.0; rv:11.0) like Gecko" "site.gwheellift.com"
45.59.66.130 - - [19/Sep/2022:17:47:20 -0700] "POST /blog/wp-trackback.php?p=17 HTTP/1.1" 200 98 "http://site.gwheellift.com/blog/?p=17" "Mozilla/5.0 (Windows NT 6.1; Trident/7.0; rv:11.0) like Gecko" "site.gwheellift.com"
91.207.114.22 - - [19/Sep/2022:18:01:51 -0700] "HEAD /blog/%20%20%20%20%20%20%20%20%20%20%20%20%20%20%20%20%20%20%20%20%20%20%20%20%20%20%20%20%20%20%20%20%20%20%20%20%20%20%20%20%20%20%20%20%20%20%20%20%20Result:%20%20%20%20%20 HTTP/1.1" 404 - "-" "Mozilla/5.0 (Windows NT 10.0; Win64; x64) AppleWebKit/537.36 (KHTML, like Gecko) Chrome/74.0.3729.169 Safari/537.36" "site.gwheellift.com"
45.59.66.130 - - [19/Sep/2022:18:11:26 -0700] "GET /blog/wp-trackback.php?p=12 HTTP/1.1" 200 98 "-" "Mozilla/5.0 (Windows NT 6.1; Trident/7.0; rv:11.0) like Gecko" "site.gwheellift.com"
45.59.66.130 - - [19/Sep/2022:18:11:27 -0700] "POST /blog/wp-trackback.php/trackback/ HTTP/1.1" 200 98 "http://site.gwheellift.com/blog/wp-trackback.php?p=12" "Mozilla/5.0 (Windows NT 6.1; Trident/7.0; rv:11.0) like Gecko" "site.gwheellift.com"
45.59.66.130 - - [19/Sep/2022:18:35:52 -0700] "GET /blog/?p=17 HTTP/1.1" 200 5523 "-" "Mozilla/5.0 (Windows NT 6.1; Trident/7.0; rv:11.0) like Gecko" "site.gwheellift.com"
45.59.66.130 - - [19/Sep/2022:18:35:53 -0700] "POST /blog/wp-trackback.php?p=17 HTTP/1.1" 200 98 "http://site.gwheellift.com/blog/?p=17" "Mozilla/5.0 (Windows NT 6.1; Trident/7.0; rv:11.0) like Gecko" "site.gwheellift.com"
45.59.66.130 - - [19/Sep/2022:18:35:54 -0700] "GET /blog/?p=17 HTTP/1.1" 200 5523 "-" "Mozilla/5.0 (Windows NT 6.1; Trident/7.0; rv:11.0) like Gecko" "site.gwheellift.com"
45.59.66.130 - - [19/Sep/2022:19:02:19 -0700] "GET /blog/?p=17 HTTP/1.1" 200 5523 "-" "Mozilla/5.0 (Windows NT 6.1; Trident/7.0; rv:11.0) like Gecko" "site.gwheellift.com"
45.59.66.130 - - [19/Sep/2022:19:02:21 -0700] "POST /blog/wp-trackback.php?p=17 HTTP/1.1" 200 98 "http://site.gwheellift.com/blog/?p=17" "Mozilla/5.0 (Windows NT 6.1; Trident/7.0; rv:11.0) like Gecko" "site.gwheellift.com"
88.99.27.170 - - [19/Sep/2022:19:22:40 -0700] "GET /blog/?p=17 HTTP/1.1" 200 5523 "-" "Mozilla/5.0 (Windows NT 10.0; Win64; x64) AppleWebKit/537.36 (KHTML, like Gecko) Chrome/103.0.0.0 YaBrowser/22.7.0 Yowser/2.5 Safari/537.36" "site.gwheellift.com"
5.45.207.149 - - [19/Sep/2022:19:29:23 -0700] "GET /robots.txt HTTP/1.1" 404 73 "-" "Mozilla/5.0 (compatible; YandexBot/3.0; +http://yandex.com/bots)" "site.gwheellift.com"
87.250.224.21 - - [19/Sep/2022:19:29:31 -0700] "GET /blog/wp-content/uploads/2007/03/greyfoot.GIF HTTP/1.1" 304 - "-" "Mozilla/5.0 (compatible; YandexImages/3.0; +http://yandex.com/bots)" "site.gwheellift.com"
45.59.66.130 - - [19/Sep/2022:20:04:30 -0700] "GET /blog/?p=12 HTTP/1.1" 200 12097 "-" "Mozilla/5.0 (Windows NT 6.1; Trident/7.0; rv:11.0) like Gecko" "site.gwheellift.com"
45.59.66.130 - - [19/Sep/2022:20:04:32 -0700] "POST /blog/wp-trackback.php?p=12 HTTP/1.1" 200 98 "http://site.gwheellift.com/blog/?p=12" "Mozilla/5.0 (Windows NT 6.1; Trident/7.0; rv:11.0) like Gecko" "site.gwheellift.com"
45.59.66.130 - - [19/Sep/2022:20:11:02 -0700] "GET /blog/?p=12 HTTP/1.1" 200 12097 "-" "Mozilla/5.0 (Windows NT 6.1; Trident/7.0; rv:11.0) like Gecko" "site.gwheellift.com"
45.59.66.130 - - [19/Sep/2022:20:11:04 -0700] "POST /blog/wp-trackback.php?p=12 HTTP/1.1" 200 98 "http://site.gwheellift.com/blog/?p=12" "Mozilla/5.0 (Windows NT 6.1; Trident/7.0; rv:11.0) like Gecko" "site.gwheellift.com"
114.119.154.215 - - [19/Sep/2022:20:32:25 -0700] "GET /?C=S%3BO%3DA HTTP/1.1" 200 370 "http://site.gwheellift.com?C=N%3BO%3DD" "Mozilla/5.0 (Linux; Android 7.0;) AppleWebKit/537.36 (KHTML, like Gecko) Mobile Safari/537.36 (compatible; PetalBot;+https://webmaster.petalsearch.com/site/petalbot)" "site.gwheellift.com"
188.247.75.56 - - [19/Sep/2022:21:02:50 -0700] "GET /blog/?p=17 HTTP/1.1" 200 5523 "http://site.gwheellift.com/" "Mozilla/5.0 (X11; Linux x86_64) AppleWebKit/537.36 (KHTML, like Gecko) Chrome/103.0.0.0 Safari/537.36 Vivaldi/5.3.2679.68" "site.gwheellift.com"
188.247.75.56 - - [19/Sep/2022:21:03:26 -0700] "GET /wp-login.php?action=register HTTP/1.1" 404 88 "http://site.gwheellift.com/" "Mozilla/5.0 (Windows NT 6.3; Win64; x64) AppleWebKit/537.36 (KHTML, like Gecko) Chrome/103.0.0.0 Safari/537.36" "site.gwheellift.com"
188.247.75.56 - - [19/Sep/2022:21:03:27 -0700] "GET /wp-login.php?action=register HTTP/1.1" 404 88 "http://site.gwheellift.com/wp-login.php?action=register" "Mozilla/5.0 (Windows NT 6.3; Win64; x64) AppleWebKit/537.36 (KHTML, like Gecko) Chrome/103.0.0.0 Safari/537.36" "site.gwheellift.com"
45.59.66.130 - - [19/Sep/2022:21:04:07 -0700] "GET /blog/?p=12 HTTP/1.1" 200 12097 "-" "Mozilla/5.0 (Windows NT 6.1; Trident/7.0; rv:11.0) like Gecko" "site.gwheellift.com"
45.59.66.130 - - [19/Sep/2022:21:04:08 -0700] "POST /blog/wp-trackback.php?p=12 HTTP/1.1" 200 98 "http://site.gwheellift.com/blog/?p=12" "Mozilla/5.0 (Windows NT 6.1; Trident/7.0; rv:11.0) like Gecko" "site.gwheellift.com"
118.184.177.51 - - [19/Sep/2022:21:46:28 -0700] "GET / HTTP/1.1" 200 370 "-" "Sogou web spider/4.0(+http://www.sogou.com/docs/help/webmasters.htm#07)" "site.gwheellift.com"
62.210.215.100 - - [19/Sep/2022:21:56:25 -0700] "GET /blog/?feed=rss2 HTTP/1.1" 200 26878 "-" "Mozilla/5.0 (X11; Linux i686) AppleWebKit/537.36 (KHTML, like Gecko) Chrome/30.0.1599.66 Safari/537.36" "site.gwheellift.com"
45.59.66.130 - - [19/Sep/2022:22:19:03 -0700] "GET /blog/?p=12 HTTP/1.1" 200 12097 "-" "Mozilla/5.0 (Windows NT 6.1; Trident/7.0; rv:11.0) like Gecko" "site.gwheellift.com"
45.59.66.130 - - [19/Sep/2022:22:19:04 -0700] "POST /blog/wp-trackback.php?p=12 HTTP/1.1" 200 98 "http://site.gwheellift.com/blog/?p=12" "Mozilla/5.0 (Windows NT 6.1; Trident/7.0; rv:11.0) like Gecko" "site.gwheellift.com"
45.59.66.130 - - [19/Sep/2022:22:28:19 -0700] "GET /blog/wp-trackback.php?p=12 HTTP/1.1" 200 98 "-" "Mozilla/5.0 (Windows NT 6.1; Trident/7.0; rv:11.0) like Gecko" "site.gwheellift.com"
45.59.66.130 - - [19/Sep/2022:22:28:20 -0700] "POST /blog/wp-trackback.php/trackback/ HTTP/1.1" 200 98 "http://site.gwheellift.com/blog/wp-trackback.php?p=12" "Mozilla/5.0 (Windows NT 6.1; Trident/7.0; rv:11.0) like Gecko" "site.gwheellift.com"
88.99.27.170 - - [19/Sep/2022:22:59:22 -0700] "GET /blog/?p=17 HTTP/1.1" 200 5523 "-" "Mozilla/5.0 (Windows NT 10.0; Win64; x64) AppleWebKit/537.36 (KHTML, like Gecko) Chrome/103.0.0.0 YaBrowser/22.7.0 Yowser/2.5 Safari/537.36" "site.gwheellift.com"
3.95.253.39 - - [19/Sep/2022:23:17:53 -0700] "GET /blog/?feed=rss HTTP/1.1" 304 - "https://www.google.com/" "Mozilla/5.0 (Macintosh; Intel Mac OS X 10_14_6) AppleWebKit/537.36 (KHTML, like Gecko) Chrome/79.0.3945.130 Safari/537.36" "site.gwheellift.com"
66.249.79.53 - - [19/Sep/2022:23:42:48 -0700] "GET /robots.txt HTTP/1.1" 404 88 "-" "Mozilla/5.0 (compatible; Googlebot/2.1; +http://www.google.com/bot.html)" "site.gwheellift.com"
66.249.79.58 - - [19/Sep/2022:23:45:51 -0700] "GET /ads.txt HTTP/1.1" 404 88 "-" "Mozilla/5.0 (compatible; Googlebot/2.1; +http://www.google.com/bot.html)" "site.gwheellift.com"
45.59.66.130 - - [19/Sep/2022:23:52:02 -0700] "GET /blog/wp-trackback.php?p=12 HTTP/1.1" 200 98 "-" "Mozilla/5.0 (Windows NT 6.1; Trident/7.0; rv:11.0) like Gecko" "site.gwheellift.com"
45.59.66.130 - - [19/Sep/2022:23:52:04 -0700] "POST /blog/wp-trackback.php/trackback/ HTTP/1.1" 200 98 "http://site.gwheellift.com/blog/wp-trackback.php?p=12" "Mozilla/5.0 (Windows NT 6.1; Trident/7.0; rv:11.0) like Gecko" "site.gwheellift.com"
45.59.66.130 - - [19/Sep/2022:23:52:05 -0700] "GET /blog/wp-trackback.php?p=12 HTTP/1.1" 200 98 "-" "Mozilla/5.0 (Windows NT 6.1; Trident/7.0; rv:11.0) like Gecko" "site.gwheellift.com"
45.59.66.130 - - [20/Sep/2022:00:00:00 -0700] "GET /blog/?p=17 HTTP/1.1" 200 5523 "-" "Mozilla/5.0 (Windows NT 6.1; Trident/7.0; rv:11.0) like Gecko" "site.gwheellift.com"
45.59.66.130 - - [20/Sep/2022:00:00:02 -0700] "POST /blog/wp-trackback.php?p=17 HTTP/1.1" 200 98 "http://site.gwheellift.com/blog/?p=17" "Mozilla/5.0 (Windows NT 6.1; Trident/7.0; rv:11.0) like Gecko" "site.gwheellift.com"
45.59.66.130 - - [20/Sep/2022:00:01:18 -0700] "GET /blog/wp-trackback.php?p=12 HTTP/1.1" 200 98 "-" "Mozilla/5.0 (Windows NT 6.1; Trident/7.0; rv:11.0) like Gecko" "site.gwheellift.com"
45.59.66.130 - - [20/Sep/2022:00:01:18 -0700] "POST /blog/wp-trackback.php/trackback/ HTTP/1.1" 200 98 "http://site.gwheellift.com/blog/wp-trackback.php?p=12" "Mozilla/5.0 (Windows NT 6.1; Trident/7.0; rv:11.0) like Gecko" "site.gwheellift.com"
45.59.66.130 - - [20/Sep/2022:00:02:32 -0700] "GET /blog/?p=17 HTTP/1.1" 200 5523 "-" "Mozilla/5.0 (Windows NT 6.1; Trident/7.0; rv:11.0) like Gecko" "site.gwheellift.com"
45.59.66.130 - - [20/Sep/2022:00:02:33 -0700] "POST /blog/wp-trackback.php?p=17 HTTP/1.1" 200 98 "http://site.gwheellift.com/blog/?p=17" "Mozilla/5.0 (Windows NT 6.1; Trident/7.0; rv:11.0) like Gecko" "site.gwheellift.com"
45.59.66.130 - - [20/Sep/2022:00:20:08 -0700] "GET /blog/?p=17 HTTP/1.1" 200 5523 "-" "Mozilla/5.0 (Windows NT 6.1; Trident/7.0; rv:11.0) like Gecko" "site.gwheellift.com"
45.59.66.130 - - [20/Sep/2022:00:20:09 -0700] "POST /blog/wp-trackback.php?p=17 HTTP/1.1" 200 98 "http://site.gwheellift.com/blog/?p=17" "Mozilla/5.0 (Windows NT 6.1; Trident/7.0; rv:11.0) like Gecko" "site.gwheellift.com"
45.59.66.130 - - [20/Sep/2022:00:41:52 -0700] "GET /blog/wp-trackback.php?p=12 HTTP/1.1" 200 98 "-" "Mozilla/5.0 (Windows NT 6.1; Trident/7.0; rv:11.0) like Gecko" "site.gwheellift.com"
45.59.66.130 - - [20/Sep/2022:00:41:55 -0700] "POST /blog/wp-trackback.php/trackback/ HTTP/1.1" 200 98 "http://site.gwheellift.com/blog/wp-trackback.php?p=12" "Mozilla/5.0 (Windows NT 6.1; Trident/7.0; rv:11.0) like Gecko" "site.gwheellift.com"
114.119.128.19 - - [20/Sep/2022:00:45:53 -0700] "GET /robots.txt HTTP/1.1" 404 88 "-" "Mozilla/5.0 (compatible;PetalBot;+https://webmaster.petalsearch.com/site/petalbot)" "site.gwheellift.com"
45.59.66.130 - - [20/Sep/2022:00:48:46 -0700] "GET /blog/?p=17 HTTP/1.1" 200 5523 "-" "Mozilla/5.0 (Windows NT 6.1; Trident/7.0; rv:11.0) like Gecko" "site.gwheellift.com"
45.59.66.130 - - [20/Sep/2022:00:48:47 -0700] "POST /blog/wp-trackback.php?p=17 HTTP/1.1" 200 98 "http://site.gwheellift.com/blog/?p=17" "Mozilla/5.0 (Windows NT 6.1; Trident/7.0; rv:11.0) like Gecko" "site.gwheellift.com"
2.85.113.14 - - [20/Sep/2022:00:53:59 -0700] "GET / HTTP/1.1" 200 835 "-" "Mozilla/5.0 (Windows NT 6.3; Win64; x64) AppleWebKit/537.36 (KHTML, like Gecko) Chrome/102.0.0.0 Safari/537.36" "site.gwheellift.com"
45.59.66.130 - - [20/Sep/2022:01:08:56 -0700] "GET /blog/?p=17 HTTP/1.1" 200 5523 "-" "Mozilla/5.0 (Windows NT 6.1; Trident/7.0; rv:11.0) like Gecko" "site.gwheellift.com"
45.59.66.130 - - [20/Sep/2022:01:08:58 -0700] "POST /blog/wp-trackback.php?p=17 HTTP/1.1" 200 98 "http://site.gwheellift.com/blog/?p=17" "Mozilla/5.0 (Windows NT 6.1; Trident/7.0; rv:11.0) like Gecko" "site.gwheellift.com"
45.59.66.130 - - [20/Sep/2022:01:11:48 -0700] "GET /blog/?p=12 HTTP/1.1" 200 12097 "-" "Mozilla/5.0 (Windows NT 6.1; Trident/7.0; rv:11.0) like Gecko" "site.gwheellift.com"
45.59.66.130 - - [20/Sep/2022:01:11:49 -0700] "POST /blog/wp-trackback.php?p=12 HTTP/1.1" 200 98 "http://site.gwheellift.com/blog/?p=12" "Mozilla/5.0 (Windows NT 6.1; Trident/7.0; rv:11.0) like Gecko" "site.gwheellift.com"
45.59.66.130 - - [20/Sep/2022:01:33:42 -0700] "GET /blog/wp-trackback.php?p=12 HTTP/1.1" 200 98 "-" "Mozilla/5.0 (Windows NT 6.1; Trident/7.0; rv:11.0) like Gecko" "site.gwheellift.com"
45.59.66.130 - - [20/Sep/2022:01:33:43 -0700] "POST /blog/wp-trackback.php/trackback/ HTTP/1.1" 200 98 "http://site.gwheellift.com/blog/wp-trackback.php?p=12" "Mozilla/5.0 (Windows NT 6.1; Trident/7.0; rv:11.0) like Gecko" "site.gwheellift.com"
114.119.154.229 - - [20/Sep/2022:01:36:55 -0700] "GET /test/?C=D%3BO%3DA HTTP/1.1" 200 310 "http://site.gwheellift.com/test?C=M%3BO%3DA" "Mozilla/5.0 (Linux; Android 7.0;) AppleWebKit/537.36 (KHTML, like Gecko) Mobile Safari/537.36 (compatible; PetalBot;+https://webmaster.petalsearch.com/site/petalbot)" "site.gwheellift.com"
114.119.154.229 - - [20/Sep/2022:01:41:38 -0700] "GET /blog/?s=hgdjhgj%20heel%20lifts%20%20/%20playboy%20AuthenticRDX%20Neoprene%20race%20Knee%20Support%20MMA%20Pad%20Guard%20Protector%20Gel%20Sport%20Work%20Cap%20UFC%20Blue%20(SINGLE%20ITEM)%20playboy%20/Lark%20criminally%20reappear%20nay%20him%20footsore%20heroism%20past%20the%20embryonal%20%20'.playboy%20.'%20%20/%20insoles%20playboy%20AuthenticRDX%20Neoprene%20race%20Knee%20Support%20MMA%20Pad%20Guard%20Protector%20Gel%20Sport%20Work%20Cap%20UFC%20Blue%20(SINGLE%20ITEM)%20%20oxossy%20heel%20lifts%20uthemy%20heel%20lifts%20yshast%20heel%20lifts%20imodoo%20heel%20lifts%20joawox%20heel%20lifts%20ygaxic%20heel%20lifts%20xikeed%20heel%20lifts%20jichoa%20heel%20lifts%20grolaw%20heel%20lifts%20zuglij%20heel%20lifts%20hetikr%20heel%20lifts%20yvywhi%20heel%20lifts%20cikruw%20heel%20lifts%20tiltee%20heel%20lifts%20exokri%20heel%20lifts%20oocmee%20heel%20lifts%20ykoxoa%20heel%20lifts%20shessa%20heel%20lifts%20ryzypa%20heel%20lifts%20pteloa%20heel%20lifts%20geftee%20heel%20lifts%20owoagu%20heel%20lifts%20abooph%20heel%20lifts%20grathy%20heel%20lifts%20goavoa%20heel%20lifts%20oansyn%20heel%20lifts%20feefur%20porn%20playboy%20%20kuptoa%20heel%20lifts%20koalud%20heel%20lifts%20peecoo%20heel%20lifts%20stozaz%20heel%20lifts%20eetops%20heel%20lifts%20whetho%20heel%20lifts%20ajoads%20heel%20lifts%20kegnee%20heel%20lifts%20oaglyk%20heel%20lifts%20eedsol%20heel%20lifts%20topsoo%20heel%20lifts%20daleph%20porn%20playboy%20/phooje HTTP/1.1" 200 7086 "-" "Mozilla/5.0 (Linux; Android 7.0;) AppleWebKit/537.36 (KHTML, like Gecko) Mobile Safari/537.36 (compatible; PetalBot;+https://webmaster.petalsearch.com/site/petalbot)" "site.gwheellift.com"
45.59.66.130 - - [20/Sep/2022:02:13:07 -0700] "GET /blog/?p=17 HTTP/1.1" 200 5523 "-" "Mozilla/5.0 (Windows NT 6.1; Trident/7.0; rv:11.0) like Gecko" "site.gwheellift.com"
45.59.66.130 - - [20/Sep/2022:02:13:09 -0700] "POST /blog/wp-trackback.php?p=17 HTTP/1.1" 200 98 "http://site.gwheellift.com/blog/?p=17" "Mozilla/5.0 (Windows NT 6.1; Trident/7.0; rv:11.0) like Gecko" "site.gwheellift.com"
45.59.66.130 - - [20/Sep/2022:02:26:30 -0700] "GET /blog/wp-trackback.php?p=12 HTTP/1.1" 200 98 "-" "Mozilla/5.0 (Windows NT 6.1; Trident/7.0; rv:11.0) like Gecko" "site.gwheellift.com"
45.59.66.130 - - [20/Sep/2022:02:26:31 -0700] "POST /blog/wp-trackback.php/trackback/ HTTP/1.1" 200 98 "http://site.gwheellift.com/blog/wp-trackback.php?p=12" "Mozilla/5.0 (Windows NT 6.1; Trident/7.0; rv:11.0) like Gecko" "site.gwheellift.com"
45.59.66.130 - - [20/Sep/2022:02:52:58 -0700] "GET /blog/wp-trackback.php?p=12 HTTP/1.1" 200 98 "-" "Mozilla/5.0 (Windows NT 6.1; Trident/7.0; rv:11.0) like Gecko" "site.gwheellift.com"
45.59.66.130 - - [20/Sep/2022:02:52:59 -0700] "POST /blog/wp-trackback.php/trackback/ HTTP/1.1" 200 98 "http://site.gwheellift.com/blog/wp-trackback.php?p=12" "Mozilla/5.0 (Windows NT 6.1; Trident/7.0; rv:11.0) like Gecko" "site.gwheellift.com"
107.23.229.17 - - [20/Sep/2022:03:07:10 -0700] "GET /blog/?feed=atom HTTP/1.1" 304 - "https://www.google.com/" "Mozilla/5.0 (Macintosh; Intel Mac OS X 10_15_2) AppleWebKit/537.36 (KHTML, like Gecko) Chrome/80.0.3987.122 Safari/537.36" "site.gwheellift.com"
49.7.21.113 - - [20/Sep/2022:03:08:01 -0700] "GET / HTTP/1.1" 200 370 "-" "Sogou web spider/4.0(+http://www.sogou.com/docs/help/webmasters.htm#07)" "site.gwheellift.com"
45.59.66.130 - - [20/Sep/2022:03:15:27 -0700] "GET /blog/?p=17 HTTP/1.1" 200 5523 "-" "Mozilla/5.0 (Windows NT 6.1; Trident/7.0; rv:11.0) like Gecko" "site.gwheellift.com"
45.59.66.130 - - [20/Sep/2022:03:15:29 -0700] "POST /blog/wp-trackback.php?p=17 HTTP/1.1" 200 98 "http://site.gwheellift.com/blog/?p=17" "Mozilla/5.0 (Windows NT 6.1; Trident/7.0; rv:11.0) like Gecko" "site.gwheellift.com"
114.119.136.251 - - [20/Sep/2022:03:20:29 -0700] "GET /robots.txt HTTP/1.1" 404 88 "-" "Mozilla/5.0 (compatible;PetalBot;+https://webmaster.petalsearch.com/site/petalbot)" "site.gwheellift.com"
45.59.66.130 - - [20/Sep/2022:03:32:22 -0700] "GET /blog/?p=12 HTTP/1.1" 200 12097 "-" "Mozilla/5.0 (Windows NT 6.1; Trident/7.0; rv:11.0) like Gecko" "site.gwheellift.com"
45.59.66.130 - - [20/Sep/2022:03:32:23 -0700] "POST /blog/wp-trackback.php?p=12 HTTP/1.1" 200 98 "http://site.gwheellift.com/blog/?p=12" "Mozilla/5.0 (Windows NT 6.1; Trident/7.0; rv:11.0) like Gecko" "site.gwheellift.com"
45.59.66.130 - - [20/Sep/2022:03:32:24 -0700] "GET /blog/?p=12 HTTP/1.1" 200 12097 "-" "Mozilla/5.0 (Windows NT 6.1; Trident/7.0; rv:11.0) like Gecko" "site.gwheellift.com"
45.59.66.130 - - [20/Sep/2022:03:38:21 -0700] "GET /blog/?p=12 HTTP/1.1" 200 12097 "-" "Mozilla/5.0 (Windows NT 6.1; Trident/7.0; rv:11.0) like Gecko" "site.gwheellift.com"
45.59.66.130 - - [20/Sep/2022:03:38:22 -0700] "POST /blog/wp-trackback.php?p=12 HTTP/1.1" 200 98 "http://site.gwheellift.com/blog/?p=12" "Mozilla/5.0 (Windows NT 6.1; Trident/7.0; rv:11.0) like Gecko" "site.gwheellift.com"
